{"id":116,"date":"2020-02-18T02:24:11","date_gmt":"2020-02-18T01:24:11","guid":{"rendered":"http:\/\/semmelweis.hu\/otthonilelegeztetes\/?page_id=116"},"modified":"2025-11-27T12:40:07","modified_gmt":"2025-11-27T11:40:07","slug":"publikaciok","status":"publish","type":"page","link":"https:\/\/semmelweis.hu\/otthonilelegeztetes\/megjelenesek\/publikaciok\/","title":{"rendered":"Publik\u00e1ci\u00f3k"},"content":{"rendered":"<div><a href=\"https:\/\/m2.mtmt.hu\/gui2\/?type=authors&amp;mode=browse&amp;sel=10026586\" target=\"_blank\" rel=\"noopener\">Lorx Andr\u00e1s publik\u00e1ci\u00f3i<\/a><\/div>\n<div>\u00a0<\/div>\n<div><a href=\"https:\/\/m2.mtmt.hu\/gui2\/?type=authors&amp;mode=browse&amp;sel=10027062\" target=\"_blank\" rel=\"noopener\">Valk\u00f3 Luca publik\u00e1ci\u00f3i<\/a><\/div>\n<div>\u00a0<\/div>\n<div><a href=\"https:\/\/m2.mtmt.hu\/gui2\/?type=authors&amp;mode=browse&amp;sel=10060714\" target=\"_blank\" rel=\"noopener\">M\u00f3r\u00f3 Vivien publik\u00e1ci\u00f3i<\/a><\/div>\n<div>\u00a0<\/div>\n<div><a href=\"https:\/\/m2.mtmt.hu\/gui2\/?type=authors&amp;mode=browse&amp;sel=10092849\" target=\"_blank\" rel=\"noopener\">Skult\u00e9ti Dalma publik\u00e1ci\u00f3i<\/a><\/div>\n<div>\u00a0<\/div>\n<div><a href=\"https:\/\/m2.mtmt.hu\/gui2\/?type=authors&amp;mode=browse&amp;sel=10024047\" target=\"_blank\" rel=\"noopener\">Podmaniczky Eszter publik\u00e1ci\u00f3i<\/a><\/div>\n<div>\u00a0<\/div>\n<div><a href=\"https:\/\/m2.mtmt.hu\/gui2\/?type=authors&amp;mode=browse&amp;sel=10026999\" target=\"_blank\" rel=\"noopener\">Baglyas Szabolcs publik\u00e1ci\u00f3i<\/a><\/div>\n<div>\u00a0<\/div>\n","protected":false},"excerpt":{"rendered":"<p><a href=\"https:\/\/m2.mtmt.hu\/gui2\/?type=authors&amp;mode=browse&amp;sel=10026586\" target=\"_blank\" rel=\"noopener\">Lorx Andr\u00e1s publik\u00e1ci\u00f3i<\/a><br \/>\n\u00a0<br \/>\n<a href=\"https:\/\/m2.mtmt.hu\/gui2\/?type=authors&amp;mode=browse&amp;sel=10027062\" target=\"_blank\" rel=\"noopener\">Valk\u00f3 Luca publik\u00e1ci\u00f3i<\/a><br \/>\n\u00a0<br \/>\n<a href=\"https:\/\/m2.mtmt.hu\/gui2\/?type=authors&amp;mode=browse&amp;sel=10060714\" target=\"_blank\" rel=\"noopener\">M\u00f3r\u00f3 Vivien publik\u00e1ci\u00f3i<\/a><br \/>\n\u00a0<br \/>\n<a href=\"https:\/\/m2.mtmt.hu\/gui2\/?type=authors&amp;mode=browse&amp;sel=10092849\" target=\"_blank\" rel=\"noopener\">Skult\u00e9ti Dalma publik\u00e1ci\u00f3i<\/a><br \/>\n\u00a0<br \/>\n<a href=\"https:\/\/m2.mtmt.hu\/gui2\/?type=authors&amp;mode=browse&amp;sel=10024047\" target=\"_blank\" rel=\"noopener\">Podmaniczky Eszter publik\u00e1ci\u00f3i<\/a><br \/>\n\u00a0<br \/>\n<a href=\"https:\/\/m2.mtmt.hu\/gui2\/?type=authors&amp;mode=browse&amp;sel=10026999\" target=\"_blank\" rel=\"noopener\">Baglyas Szabolcs publik\u00e1ci\u00f3i<\/a><br \/>\n\u00a0<\/p>\n","protected":false},"author":101484,"featured_media":0,"parent":10,"menu_order":1,"comment_status":"closed","ping_status":"closed","template":"","meta":{"_acf_changed":false,"footnotes":""},"categories":[],"tags":[],"class_list":["post-116","page","type-page","status-publish","hentry"],"acf":[],"_links":{"self":[{"href":"https:\/\/semmelweis.hu\/otthonilelegeztetes\/wp-json\/wp\/v2\/pages\/116","targetHints":{"allow":["GET"]}}],"collection":[{"href":"https:\/\/semmelweis.hu\/otthonilelegeztetes\/wp-json\/wp\/v2\/pages"}],"about":[{"href":"https:\/\/semmelweis.hu\/otthonilelegeztetes\/wp-json\/wp\/v2\/types\/page"}],"author":[{"embeddable":true,"href":"https:\/\/semmelweis.hu\/otthonilelegeztetes\/wp-json\/wp\/v2\/users\/101484"}],"replies":[{"embeddable":true,"href":"https:\/\/semmelweis.hu\/otthonilelegeztetes\/wp-json\/wp\/v2\/comments?post=116"}],"version-history":[{"count":10,"href":"https:\/\/semmelweis.hu\/otthonilelegeztetes\/wp-json\/wp\/v2\/pages\/116\/revisions"}],"predecessor-version":[{"id":476,"href":"https:\/\/semmelweis.hu\/otthonilelegeztetes\/wp-json\/wp\/v2\/pages\/116\/revisions\/476"}],"up":[{"embeddable":true,"href":"https:\/\/semmelweis.hu\/otthonilelegeztetes\/wp-json\/wp\/v2\/pages\/10"}],"wp:attachment":[{"href":"https:\/\/semmelweis.hu\/otthonilelegeztetes\/wp-json\/wp\/v2\/media?parent=116"}],"wp:term":[{"taxonomy":"category","embeddable":true,"href":"https:\/\/semmelweis.hu\/otthonilelegeztetes\/wp-json\/wp\/v2\/categories?post=116"},{"taxonomy":"post_tag","embeddable":true,"href":"https:\/\/semmelweis.hu\/otthonilelegeztetes\/wp-json\/wp\/v2\/tags?post=116"}],"curies":[{"name":"wp","href":"https:\/\/api.w.org\/{rel}","templated":true}]}}