{"id":107,"date":"2020-02-18T02:17:55","date_gmt":"2020-02-18T01:17:55","guid":{"rendered":"http:\/\/semmelweis.hu\/otthonilelegeztetes\/?page_id=107"},"modified":"2024-05-23T18:05:36","modified_gmt":"2024-05-23T16:05:36","slug":"gyakran-ismetelt-kerdesek","status":"publish","type":"page","link":"https:\/\/semmelweis.hu\/otthonilelegeztetes\/betegek-szamara\/gyakran-ismetelt-kerdesek\/","title":{"rendered":"P\u00e1ciensek \u00e1ltal gyakran ism\u00e9telt k\u00e9rd\u00e9sek"},"content":{"rendered":"<p style=\"text-align: justify\"><em>Mostant\u00f3l folyamatosan l\u00e9legeztet\u0151g\u00e9pet kell haszn\u00e1lom? <\/em><\/p>\n<p style=\"text-align: justify\">Ez att\u00f3l f\u00fcgg, mi a l\u00e9legeztet\u00e9s oka, \u00e9s milyen az \u00d6n \u00e1ltal\u00e1nos \u00e1llapota. Betegeink jelent\u0151s r\u00e9sze a nap egy kijel\u00f6lt szakasz\u00e1ban (pl.: alv\u00e1s alatt) haszn\u00e1lja a l\u00e9legeztet\u0151g\u00e9p\u00e9t. Ezalatt szervezete pihen, a nap t\u00f6bbi r\u00e9sz\u00e9ben akt\u00edvabb, pihentebb, \u00e1ltal\u00e1nos \u00e1llapota jobb, mint l\u00e9legeztet\u0151g\u00e9p n\u00e9lk\u00fcl. Vannak olyan betegeink is, akik a nap t\u00falnyom\u00f3 r\u00e9sz\u00e9t, ak\u00e1r 24 \u00f3r\u00e1t l\u00e9gz\u00e9st\u00e1mogat\u00e1s mellett t\u00f6ltenek.<\/p>\n<p style=\"text-align: justify\">\u00a0<\/p>\n<p style=\"text-align: justify\"><em>Kell-e beutal\u00f3 az Otthoni L\u00e9legeztet\u00e9si Ambulanci\u00e1ra? <\/em><\/p>\n<p style=\"text-align: justify\">Nem, beutal\u00f3ra nincs sz\u00fcks\u00e9g. Fontos ugyanakkor, hogy az els\u0151 konzult\u00e1ci\u00f3ra minden kor\u00e1bbi orvosi dokumentumot hozzon mag\u00e1val.<\/p>\n<p style=\"text-align: justify\">\u00a0<\/p>\n<p style=\"text-align: justify\"><em>Baj,ha t\u00f6bbet haszn\u00e1lom a g\u00e9pet? <\/em><\/p>\n<p style=\"text-align: justify\">Nem, ha \u00fagy \u00e9rzi, hogy a l\u00e9legeztet\u0151g\u00e9p mellett a panaszai cs\u00f6kkennek, haszn\u00e1lja b\u00e1tran!<\/p>\n<p style=\"text-align: justify\">\u00a0<\/p>\n<p style=\"text-align: justify\"><em>Milyen gyakran lehet k\u00f6h\u00f6gtet\u0151 g\u00e9pet haszn\u00e1lni? Megf\u00e1z\u00e1s eset\u00e9n lehet t\u00f6bbsz\u00f6r is? <\/em><\/p>\n<p style=\"text-align: justify\">A k\u00f6h\u00f6gtet\u0151 g\u00e9pet szabad gyakran haszn\u00e1lni, amennyiben v\u00e1lad\u00e9kkal j\u00e1r a betegs\u00e9g a v\u00e1lad\u00e9k elt\u00e1vol\u00edt\u00e1s\u00e1hoz gyakori haszn\u00e1lat v\u00e1lhat sz\u00fcks\u00e9gess\u00e9. Ahogyan ilyenkor gyakran k\u00f6h\u00f6g\u00fcnk, a g\u00e9pet is ennek megfelel\u0151en gyakran sz\u00fcks\u00e9ges haszn\u00e1lni.<\/p>\n<p style=\"text-align: justify\">\u00a0<\/p>\n<p style=\"text-align: justify\"><em>Ha nincs l\u00e9g\u00fati v\u00e1lad\u00e9k akkor is kell-e a k\u00f6h\u00f6gtet\u0151g\u00e9pet haszn\u00e1lni? <\/em><\/p>\n<p style=\"text-align: justify\">A k\u00f6h\u00f6gtet\u0151g\u00e9pet t\u00fcnetmentes id\u0151szakban naponta 4 &#8211; 6 alkalommal javasolt haszn\u00e1lni, alkalmank\u00e9nt 5 &#8211; 10 ciklussal. Ezzel a l\u00e9gutak tiszt\u00e1n tarthat\u00f3k, valamint a rendszeres l\u00e9gz\u0151torna is megoldott. Amennyiben nincsen v\u00e1lad\u00e9k el\u00e9g lehet a m\u00e9ly s\u00f3haj \u00fczemm\u00f3d v\u00e1laszt\u00e1sa. Ha t\u00f6bb a l\u00e9g\u00fati v\u00e1lad\u00e9k, a g\u00e9pet gyakrabban, ak\u00e1r \u00f3r\u00e1nk\u00e9nt t\u00f6bbsz\u00f6r is lehet haszn\u00e1lni, annyi k\u00f6h\u00f6g\u00e9si ciklussal, amennyi a l\u00e9gutakat tiszt\u00e1n tartja.<\/p>\n<p style=\"text-align: justify\">\u00a0<\/p>\n<p style=\"text-align: justify\"><em>\u201c<\/em><em>R\u00e1 lehet szokni\u201d a l\u00e9legeztet\u0151g\u00e9pre? <\/em><\/p>\n<p style=\"text-align: justify\">Azt, hogy \u00d6nnek tart\u00f3s otthoni l\u00e9gz\u00e9st\u00e1mogat\u00e1s indokolt, az alapbetegs\u00e9g hat\u00e1rozza meg. A legt\u00f6bb esetben a g\u00e9p fokozott haszn\u00e1lata mellett t\u00f6bbet tudnak a l\u00e9gz\u0151izmok pihenni \u00e9s a g\u00e9p n\u00e9lk\u00fcl t\u00f6lt\u00f6tt id\u0151ben is javul a teljes\u00edtm\u00e9ny\u00fck. A g\u00e9pen t\u00f6lt\u00f6tt id\u0151 sem jelenti a l\u00e9gz\u0151izmok teljes nyugalomba helyez\u00e9s\u00e9t a legt\u00f6bb esetben, \u00edgy nem kell f\u00e9lni att\u00f3l, hogy a fokozott haszn\u00e1lat mellett a l\u00e9gz\u0151izmok elgyeng\u00fcln\u00e9nek.<\/p>\n<p style=\"text-align: justify\">\u00a0<\/p>\n<p style=\"text-align: justify\"><em>Minden este l\u00e9legeztet\u0151g\u00e9ppel kell aludni? <\/em><\/p>\n<p style=\"text-align: justify\">Igen. Ha alv\u00e1s alatt nem haszn\u00e1lja a l\u00e9legeztet\u0151g\u00e9pet, akkor az alv\u00e1s nem lesz pihentet\u0151, k\u00e1ros hat\u00e1sok \u00e9rhetik a szervezet\u00e9t, mely alapvet\u0151en rontja a l\u00e9gz\u00e9st\u00e1mogat\u00e1s hat\u00e1sfok\u00e1t \u00e9s eredm\u00e9nyess\u00e9g\u00e9t.<\/p>\n<p style=\"text-align: justify\">\u00a0<\/p>\n<p style=\"text-align: justify\"><em>\u00c1ramsz\u00fcnet eset\u00e9n m\u0171k\u00f6dik-e a l\u00e9legeztet\u0151g\u00e9p? <\/em><\/p>\n<p style=\"text-align: justify\">Ez a l\u00e9legeztet\u0151g\u00e9pt\u0151l f\u00fcgg. K\u00e9rdezze meg kezel\u0151orvos\u00e1t. \u00c1ltal\u00e1nos szab\u00e1ly, hogy minden olyan esetben, amikor a l\u00e9legeztet\u00e9s elhagy\u00e1sa gyors eg\u00e9szs\u00e9gk\u00e1rosod\u00e1shoz vezet, a l\u00e9legeztet\u0151g\u00e9pet tartal\u00e9k \u00e1ramforr\u00e1ssal is ell\u00e1tjuk.\u00a0<\/p>\n","protected":false},"excerpt":{"rendered":"<p>Mostant\u00f3l folyamatosan l\u00e9legeztet\u0151g\u00e9pet kell haszn\u00e1lom? Ez att\u00f3l f\u00fcgg, mi a l\u00e9legeztet\u00e9s oka, \u00e9s milyen az \u00d6n \u00e1ltal\u00e1nos \u00e1llapota. Betegeink jelent\u0151s r\u00e9sze a nap egy kijel\u00f6lt szakasz\u00e1ban (pl.: alv\u00e1s alatt) haszn\u00e1lja a l\u00e9legeztet\u0151g\u00e9p\u00e9t. Ezalatt szervezete pihen, a nap t\u00f6bbi r\u00e9sz\u00e9ben akt\u00edvabb, pihentebb, \u00e1ltal\u00e1nos \u00e1llapota jobb, mint l\u00e9legeztet\u0151g\u00e9p n\u00e9lk\u00fcl. Vannak olyan betegeink is, akik a nap t\u00falnyom\u00f3 &hellip;<\/p>\n","protected":false},"author":101484,"featured_media":0,"parent":81,"menu_order":10,"comment_status":"closed","ping_status":"closed","template":"","meta":{"_acf_changed":false,"footnotes":""},"categories":[],"tags":[],"class_list":["post-107","page","type-page","status-publish","hentry"],"acf":[],"_links":{"self":[{"href":"https:\/\/semmelweis.hu\/otthonilelegeztetes\/wp-json\/wp\/v2\/pages\/107","targetHints":{"allow":["GET"]}}],"collection":[{"href":"https:\/\/semmelweis.hu\/otthonilelegeztetes\/wp-json\/wp\/v2\/pages"}],"about":[{"href":"https:\/\/semmelweis.hu\/otthonilelegeztetes\/wp-json\/wp\/v2\/types\/page"}],"author":[{"embeddable":true,"href":"https:\/\/semmelweis.hu\/otthonilelegeztetes\/wp-json\/wp\/v2\/users\/101484"}],"replies":[{"embeddable":true,"href":"https:\/\/semmelweis.hu\/otthonilelegeztetes\/wp-json\/wp\/v2\/comments?post=107"}],"version-history":[{"count":9,"href":"https:\/\/semmelweis.hu\/otthonilelegeztetes\/wp-json\/wp\/v2\/pages\/107\/revisions"}],"predecessor-version":[{"id":388,"href":"https:\/\/semmelweis.hu\/otthonilelegeztetes\/wp-json\/wp\/v2\/pages\/107\/revisions\/388"}],"up":[{"embeddable":true,"href":"https:\/\/semmelweis.hu\/otthonilelegeztetes\/wp-json\/wp\/v2\/pages\/81"}],"wp:attachment":[{"href":"https:\/\/semmelweis.hu\/otthonilelegeztetes\/wp-json\/wp\/v2\/media?parent=107"}],"wp:term":[{"taxonomy":"category","embeddable":true,"href":"https:\/\/semmelweis.hu\/otthonilelegeztetes\/wp-json\/wp\/v2\/categories?post=107"},{"taxonomy":"post_tag","embeddable":true,"href":"https:\/\/semmelweis.hu\/otthonilelegeztetes\/wp-json\/wp\/v2\/tags?post=107"}],"curies":[{"name":"wp","href":"https:\/\/api.w.org\/{rel}","templated":true}]}}