{"id":87,"date":"2015-05-11T14:03:35","date_gmt":"2015-05-11T14:03:35","guid":{"rendered":"http:\/\/semmelweis.hu\/efmi\/?page_id=87"},"modified":"2019-05-21T09:57:12","modified_gmt":"2019-05-21T09:57:12","slug":"gyogyszervizsgalati-referens","status":"publish","type":"page","link":"https:\/\/semmelweis.hu\/orvosigazgatas\/gyogyszervizsgalati-referens\/","title":{"rendered":"Gy\u00f3gyszervizsg\u00e1lati referens"},"content":{"rendered":"<p><strong>Kiss Bernadett<\/strong><\/p>\n<p><strong>Gy\u00f3gyszervizsg\u00e1lati referens<\/strong> <br \/>\nTel.:\u00a0 +36\/1-459-1500\/55301 mell\u00e9k<\/p>\n<p>E-mail: gyogyszerreferens@semmelweis-univ.hu<\/p>\n<p>A gy\u00f3gyszervizsg\u00e1lati referens feladat\u00e1t a k\u00fcls\u0151 kutat\u00e1si vizsg\u00e1latok teljes enged\u00e9lyez\u00e9si folyamat\u00e1nak adminisztrat\u00edv lebonyol\u00edt\u00e1sa k\u00e9pezi, melynek sor\u00e1n felvil\u00e1gos\u00edt\u00e1st ad az \u00fcgymenetr\u0151l, ellen\u0151rzi a dokument\u00e1ci\u00f3 alaki megfelel\u0151s\u00e9g\u00e9t, int\u00e9zkedik a szerz\u0151d\u00e9s elk\u00e9sz\u00edt\u00e9s\u00e9r\u0151l, illetve annak al\u00e1\u00edrat\u00e1s\u00e1r\u00f3l, \u00e9ves szinten statisztik\u00e1t k\u00e9sz\u00edt, valamint gondoskodik a szerz\u0151d\u00e9s megk\u00f6t\u00e9s\u00e9hez sz\u00fcks\u00e9ges dokument\u00e1ci\u00f3 meg\u0151rz\u00e9s\u00e9r\u0151l. Klinikai Kutat\u00e1si\u00a0Bizotts\u00e1g tagja, feladata sz\u00fcks\u00e9g eset\u00e9n a Klinikai Kutat\u00e1si Szab\u00e1lyzat (KKSZ) m\u00f3dos\u00edt\u00e1sa. \u00c9vente t\u00f6bb alkalommal tov\u00e1bbk\u00e9pz\u00e9st szervez az egyetemen dolgoz\u00f3 klinikai koordin\u00e1toroknak a Quintiles CRO c\u00e9ggel k\u00f6z\u00f6sen. \u00a0<\/p>\n","protected":false},"excerpt":{"rendered":"<p>Kiss Bernadett Gy\u00f3gyszervizsg\u00e1lati referens Tel.:\u00a0 +36\/1-459-1500\/55301 mell\u00e9k E-mail: gyogyszerreferens@semmelweis-univ.hu A gy\u00f3gyszervizsg\u00e1lati referens feladat\u00e1t a k\u00fcls\u0151 kutat\u00e1si vizsg\u00e1latok teljes enged\u00e9lyez\u00e9si folyamat\u00e1nak adminisztrat\u00edv lebonyol\u00edt\u00e1sa k\u00e9pezi, melynek sor\u00e1n felvil\u00e1gos\u00edt\u00e1st ad az \u00fcgymenetr\u0151l, ellen\u0151rzi a dokument\u00e1ci\u00f3 alaki megfelel\u0151s\u00e9g\u00e9t, int\u00e9zkedik a szerz\u0151d\u00e9s elk\u00e9sz\u00edt\u00e9s\u00e9r\u0151l, illetve annak al\u00e1\u00edrat\u00e1s\u00e1r\u00f3l, \u00e9ves szinten statisztik\u00e1t k\u00e9sz\u00edt, valamint gondoskodik a szerz\u0151d\u00e9s megk\u00f6t\u00e9s\u00e9hez sz\u00fcks\u00e9ges dokument\u00e1ci\u00f3 meg\u0151rz\u00e9s\u00e9r\u0151l. Klinikai Kutat\u00e1si\u00a0Bizotts\u00e1g &hellip;<\/p>\n","protected":false},"author":12,"featured_media":0,"parent":0,"menu_order":2,"comment_status":"open","ping_status":"closed","template":"","meta":{"_acf_changed":false,"footnotes":""},"categories":[],"tags":[],"class_list":["post-87","page","type-page","status-publish","hentry"],"acf":[],"_links":{"self":[{"href":"https:\/\/semmelweis.hu\/orvosigazgatas\/wp-json\/wp\/v2\/pages\/87","targetHints":{"allow":["GET"]}}],"collection":[{"href":"https:\/\/semmelweis.hu\/orvosigazgatas\/wp-json\/wp\/v2\/pages"}],"about":[{"href":"https:\/\/semmelweis.hu\/orvosigazgatas\/wp-json\/wp\/v2\/types\/page"}],"author":[{"embeddable":true,"href":"https:\/\/semmelweis.hu\/orvosigazgatas\/wp-json\/wp\/v2\/users\/12"}],"replies":[{"embeddable":true,"href":"https:\/\/semmelweis.hu\/orvosigazgatas\/wp-json\/wp\/v2\/comments?post=87"}],"version-history":[{"count":10,"href":"https:\/\/semmelweis.hu\/orvosigazgatas\/wp-json\/wp\/v2\/pages\/87\/revisions"}],"predecessor-version":[{"id":389,"href":"https:\/\/semmelweis.hu\/orvosigazgatas\/wp-json\/wp\/v2\/pages\/87\/revisions\/389"}],"wp:attachment":[{"href":"https:\/\/semmelweis.hu\/orvosigazgatas\/wp-json\/wp\/v2\/media?parent=87"}],"wp:term":[{"taxonomy":"category","embeddable":true,"href":"https:\/\/semmelweis.hu\/orvosigazgatas\/wp-json\/wp\/v2\/categories?post=87"},{"taxonomy":"post_tag","embeddable":true,"href":"https:\/\/semmelweis.hu\/orvosigazgatas\/wp-json\/wp\/v2\/tags?post=87"}],"curies":[{"name":"wp","href":"https:\/\/api.w.org\/{rel}","templated":true}]}}