{"id":2,"date":"2012-06-12T12:15:13","date_gmt":"2012-06-12T12:15:13","guid":{"rendered":"http:\/\/semmelweis-egyetem.hu\/uzemeltetes\/?page_id=2"},"modified":"2024-09-03T11:31:48","modified_gmt":"2024-09-03T11:31:48","slug":"elerhetoseg","status":"publish","type":"page","link":"https:\/\/semmelweis.hu\/orvosigazgatas\/elerhetoseg\/","title":{"rendered":"El\u00e9rhet\u0151s\u00e9g"},"content":{"rendered":"<p><strong><a href=\"https:\/\/semmelweis.hu\/orvosigazgatas\/files\/2018\/08\/RS13044_KA-20120911-IMG_1085-scr.jpg\"><img loading=\"lazy\" decoding=\"async\" class=\"wp-image-347 alignright\" src=\"https:\/\/semmelweis.hu\/orvosigazgatas\/files\/2018\/08\/RS13044_KA-20120911-IMG_1085-scr-200x300.jpg\" alt=\"\" width=\"140\" height=\"210\" srcset=\"https:\/\/semmelweis.hu\/orvosigazgatas\/files\/2018\/08\/RS13044_KA-20120911-IMG_1085-scr-200x300.jpg 200w, https:\/\/semmelweis.hu\/orvosigazgatas\/files\/2018\/08\/RS13044_KA-20120911-IMG_1085-scr.jpg 500w\" sizes=\"auto, (max-width: 140px) 100vw, 140px\" \/><\/a>Prof. Dr. Szathm\u00e1ri Mikl\u00f3s<\/strong><br \/>\nigazgat\u00f3<\/p>\n<p>Tel.: 459-1500\/55460 <br \/>\nMobil: +36 20 825 0676<br \/>\nE-mail: szathmari.miklos@med.semmelweis-univ.hu <br \/>\nofmi@semmelweis-univ.hu<\/p>\n<hr \/>\n<p><strong>Enisz Dorina<\/strong><br \/>\nigazgat\u00f3i asszisztens, titk\u00e1rs\u00e1gvezet\u0151<\/p>\n<p>Tel.: 459-1500\/55460 <br \/>\nMobil: +36 20 670 1188<br \/>\nE-mail: ofmi@semmelweis-univ.hu<\/p>\n<hr \/>\n<p><strong><a href=\"https:\/\/semmelweis.hu\/orvosigazgatas\/files\/2012\/06\/988616_543708045691000_1506677367_n.jpg\" rel=\"attachment \n\nwp-att-225\"><img loading=\"lazy\" decoding=\"async\" class=\"wp-image-225 alignright\" src=\"https:\/\/semmelweis.hu\/orvosigazgatas\/files\/2012\/06\/988616_543708045691000_1506677367_n-225x300.jpg\" alt=\"988616_543708045691000_1506677367_n\" width=\"142\" height=\"189\" srcset=\"https:\/\/semmelweis.hu\/orvosigazgatas\/files\/2012\/06\/988616_543708045691000_1506677367_n-225x300.jpg 225w, https:\/\/semmelweis.hu\/orvosigazgatas\/files\/2012\/06\/988616_543708045691000_1506677367_n.jpg 720w\" sizes=\"auto, (max-width: 142px) 100vw, 142px\" \/><\/a>Marton Andrea\u00a0<br \/>\n<\/strong>k\u00f6zigazgat\u00e1si szakreferens<\/p>\n<p>Tel.: 459-1500\/55364\u00a0<br \/>\nMobil: +36 20 825 8420<br \/>\nE-mail: marton.andrea@semmelweis-univ.h<a href=\"http:\/\/marton.andrea@semmelweis-univ.hu\">u<\/a><\/p>\n<hr \/>\n<p><strong>Mazur Gergely<\/strong><\/p>\n<p>\u00fcgyviv\u0151 szak\u00e9rt\u0151<\/p>\n<p>Mobil: +36 70 492 5351<\/p>\n<p>E-mail: mazur.gergely@semmelweis-univ.hu<\/p>\n<hr \/>\n<p><strong><a href=\"https:\/\/semmelweis.hu\/orvosigazgatas\/files\/2012\/06\/201406161347.jpg\" rel=\"attachment wp-att-226\"><img loading=\"lazy\" decoding=\"async\" class=\"wp-image-226 alignright\" src=\"https:\/\/semmelweis.hu\/orvosigazgatas\/files\/2012\/06\/201406161347-233x300.jpg\" alt=\"201406161347\" width=\"140\" height=\"180\" srcset=\"https:\/\/semmelweis.hu\/orvosigazgatas\/files\/2012\/06\/201406161347-233x300.jpg 233w, https:\/\/semmelweis.hu\/orvosigazgatas\/files\/2012\/06\/201406161347-768x989.jpg 768w, https:\/\/semmelweis.hu\/orvosigazgatas\/files\/2012\/06\/201406161347-795x1024.jpg 795w, https:\/\/semmelweis.hu\/orvosigazgatas\/files\/2012\/06\/201406161347.jpg 1643w\" sizes=\"auto, (max-width: 140px) 100vw, 140px\" \/><\/a>Varg\u00e1n\u00e9 L\u0151rincz Ildik\u00f3<br \/>\n<\/strong>Finansz\u00edroz\u00e1si oszt\u00e1ly &#8211; oszt\u00e1lyvezet\u0151<\/p>\n<p>Mobil: +36 20 825 8410<br \/>\nE-mail: vargane.ildiko@semmelweis-univ.hu<\/p>\n<hr \/>\n<p><strong><a href=\"https:\/\/semmelweis.hu\/orvosigazgatas\/files\/2012\/06\/Tunde.jpg\" rel=\"attachment wp-att-238\"><img loading=\"lazy\" decoding=\"async\" class=\"wp-image-238 alignright\" src=\"https:\/\/semmelweis.hu\/orvosigazgatas\/files\/2012\/06\/Tunde.jpg\" alt=\"3\" width=\"142\" height=\"198\" \/><\/a>T\u00f6r\u0151 T\u00fcnde<\/strong><br \/>\nFinansz\u00edroz\u00e1si oszt\u00e1ly &#8211; k\u00f3d koordin\u00e1tor<\/p>\n<p>Mobil: +36 20 825 8418<br \/>\nE-mail: toro.tunde@semmelweis-univ.hu<\/p>\n<hr \/>\n<p><strong><a href=\"https:\/\/semmelweis.hu\/orvosigazgatas\/files\/2012\/06\/Judit-k\u00e9p_.jpg\" rel=\"attachment wp-att-261\"><img loading=\"lazy\" decoding=\"async\" class=\"wp-image-261  alignright\" src=\"https:\/\/semmelweis.hu\/orvosigazgatas\/files\/2012\/06\/Judit-k\u00e9p_.jpg\" alt=\"Judit k\u00e9p_\" width=\"144\" height=\"81\" \/><\/a>Szentiv\u00e1nyin\u00e9 Somogyi Judit<\/strong><br \/>\nFinansz\u00edroz\u00e1si oszt\u00e1ly &#8211; \u00fcgyviv\u0151 szak\u00e9rt\u0151<\/p>\n<p>Tel.: 459-1500\/55038 <br \/>\nMobil: +36 20 825 9647<br \/>\nE-mail: somogyi.judit@med.semmelweis-univ.hu<\/p>\n<hr \/>\n<p><strong>Kissn\u00e9 P\u00e1vel Ildik\u00f3<\/strong><br \/>\nFinansz\u00edroz\u00e1si oszt\u00e1ly &#8211; KVIK analitikus<\/p>\n<p>Mobil: +36 20 663\u00a02438<br \/>\nE-mail: kissne.ildiko@semmelweis-univ.hu<\/p>\n<hr \/>\n<p><strong><a href=\"https:\/\/semmelweis.hu\/orvosigazgatas\/files\/2012\/06\/1.jpg\" rel=\"attachment wp-att-236\"><img loading=\"lazy\" decoding=\"async\" class=\"wp-image-236 alignright\" src=\"https:\/\/semmelweis.hu\/orvosigazgatas\/files\/2012\/06\/1.jpg\" alt=\"1\" width=\"142\" height=\"188\" \/><\/a>Gazsin\u00e9 Belovai Anita<\/strong><br \/>\nFinansz\u00edroz\u00e1si oszt\u00e1ly &#8211; Bev\u00e9tel feloszt\u00f3 csoport<\/p>\n<p>Tel.: 459-1500\/55031 <br \/>\nMobil: +36 20 666 3374<br \/>\nE-mail: belovai.anita@semmelweis-univ.hu<\/p>\n<hr \/>\n<p><strong><a style=\"color: white;\" href=\"https:\/\/semmelweis.hu\/orvosigazgatas\/files\/2012\/06\/2014.szept-017.jpg\" rel=\"attachment wp-att-224\"><img loading=\"lazy\" decoding=\"async\" class=\"wp-image-224 alignright\" src=\"https:\/\/semmelweis.hu\/orvosigazgatas\/files\/2012\/06\/2014.szept-017-300x213.jpg\" alt=\"2014.szept 017\" width=\"142\" height=\"101\" srcset=\"https:\/\/semmelweis.hu\/orvosigazgatas\/files\/2012\/06\/2014.szept-017-300x213.jpg 300w, https:\/\/semmelweis.hu\/orvosigazgatas\/files\/2012\/06\/2014.szept-017-768x545.jpg 768w, https:\/\/semmelweis.hu\/orvosigazgatas\/files\/2012\/06\/2014.szept-017-1024x726.jpg 1024w, https:\/\/semmelweis.hu\/orvosigazgatas\/files\/2012\/06\/2014.szept-017-423x300.jpg 423w, https:\/\/semmelweis.hu\/orvosigazgatas\/files\/2012\/06\/2014.szept-017.jpg 1431w\" sizes=\"auto, (max-width: 142px) 100vw, 142px\" \/><\/a>Sz\u00e9plaki Enik\u0151<\/strong><br \/>\nFinansz\u00edroz\u00e1si oszt\u00e1ly &#8211; Bev\u00e9tel feloszt\u00f3 csoport<\/p>\n<p>Tel.: 459-1500\/55027 <br \/>\nMobil: +36 20 825 9608<br \/>\nE-mail: szeplaki.eniko@semmelweis-univ.hu<\/p>\n<hr \/>\n<p><strong>F\u00fcl\u00f6p G\u00e1bor<br \/>\n\u00a0<\/strong>M\u0171szergazd\u00e1lkod\u00e1si Csoport- \u00fcgyviv\u0151 szak\u00e9rt\u0151<\/p>\n<p>Mobil: +36 20 670 1189<br \/>\nE-mail: fulop.gabor@med.semmelweis-univ.hu<\/p>\n<hr \/>\n<p><strong><a href=\"https:\/\/semmelweis.hu\/orvosigazgatas\/files\/2012\/06\/hh_tina-002.jpg\" rel=\"attachment wp-att-221\"><img loading=\"lazy\" decoding=\"async\" class=\"wp-image-116 alignright\" src=\"https:\/\/semmelweis.hu\/orvosigazgatas\/files\/2015\/05\/KVKO_Meyer_Zsuzsa-278x300.png\" alt=\"KVKO_Meyer_Zsuzsa\" width=\"142\" height=\"153\" srcset=\"https:\/\/semmelweis.hu\/orvosigazgatas\/files\/2015\/05\/KVKO_Meyer_Zsuzsa-278x300.png 278w, https:\/\/semmelweis.hu\/orvosigazgatas\/files\/2015\/05\/KVKO_Meyer_Zsuzsa-950x1024.png 950w, https:\/\/semmelweis.hu\/orvosigazgatas\/files\/2015\/05\/KVKO_Meyer_Zsuzsa.png 1774w\" sizes=\"auto, (max-width: 142px) 100vw, 142px\" \/><\/a>Meyer Zsuzsanna<\/strong><br \/>\nK\u00f6zponti V\u00e1r\u00f3lista Kezel\u0151 Oszt\u00e1ly (KVKO) &#8211; oszt\u00e1lyvezet\u0151<\/p>\n<p>Mobil: +36 20 825 8400<br \/>\nE-mail: meyer.zsuzsanna@semmelweis-univ.hu<\/p>\n<hr \/>\n<p><strong><a href=\"https:\/\/semmelweis.hu\/orvosigazgatas\/files\/2015\/05\/KVKO_Tomor_Kata.png\" rel=\"attachment wp-att-115\"><img loading=\"lazy\" decoding=\"async\" class=\"wp-image-115 alignright\" src=\"https:\/\/semmelweis.hu\/orvosigazgatas\/files\/2015\/05\/KVKO_Tomor_Kata-253x300.png\" alt=\"KVKO_Tomor_Kata\" width=\"142\" height=\"168\" srcset=\"https:\/\/semmelweis.hu\/orvosigazgatas\/files\/2015\/05\/KVKO_Tomor_Kata-253x300.png 253w, https:\/\/semmelweis.hu\/orvosigazgatas\/files\/2015\/05\/KVKO_Tomor_Kata-863x1024.png 863w, https:\/\/semmelweis.hu\/orvosigazgatas\/files\/2015\/05\/KVKO_Tomor_Kata.png 1730w\" sizes=\"auto, (max-width: 142px) 100vw, 142px\" \/><\/a>Tomorn\u00e9 Moln\u00e1r Katalin<\/strong><br \/>\nK\u00f6zponti V\u00e1r\u00f3lista Kezel\u0151 Oszt\u00e1ly (KVKO) &#8211; statisztikus<\/p>\n<p>Mobil: +36 20 666 3696<br \/>\nE-mail: tomorne.katalin@semmelweis-univ.hu<\/p>\n<hr \/>\n<p><strong><a href=\"https:\/\/semmelweis.hu\/orvosigazgatas\/files\/2018\/10\/onarck\u00e9p-fodor-andras.jpg\" rel=\"attachment wp-att-250\"><img loading=\"lazy\" decoding=\"async\" class=\"wp-image-364  alignright\" src=\"https:\/\/semmelweis.hu\/orvosigazgatas\/files\/2018\/10\/onarck\u00e9p-fodor-andras-273x300.jpg\" alt=\"\" width=\"140\" height=\"154\" srcset=\"https:\/\/semmelweis.hu\/orvosigazgatas\/files\/2018\/10\/onarck\u00e9p-fodor-andras-273x300.jpg 273w, https:\/\/semmelweis.hu\/orvosigazgatas\/files\/2018\/10\/onarck\u00e9p-fodor-andras-768x845.jpg 768w, https:\/\/semmelweis.hu\/orvosigazgatas\/files\/2018\/10\/onarck\u00e9p-fodor-andras-931x1024.jpg 931w\" sizes=\"auto, (max-width: 140px) 100vw, 140px\" \/><\/a>Dr. Fodor Andr\u00e1s<\/strong><br \/>\nM\u0171szergazd\u00e1lkod\u00e1si Csoport &#8211; csoportvezet\u0151<\/p>\n<p>Mobil: +36 20 825 8412<br \/>\nE-mail: fodor.andras@semmelweis-univ.hu<\/p>\n<hr \/>\n<p>\u00a0<strong>Dr. N\u00e9meth G\u00e1bor<br \/>\n\u00a0<\/strong>M\u0171szergazd\u00e1lkod\u00e1si Csoport- \u00fcgyviv\u0151 szak\u00e9rt\u0151<\/p>\n<p>Mobil: +36 20 670 1344<br \/>\nE-mail: nemeth.gabor_janos@semmelweis-univ.hu<\/p>\n<hr \/>\n<p><strong><a href=\"https:\/\/semmelweis.hu\/orvosigazgatas\/files\/2012\/06\/Kriszti.jpg\" rel=\"attachment wp-att-248\"><img loading=\"lazy\" decoding=\"async\" class=\"wp-image-248 alignright\" src=\"https:\/\/semmelweis.hu\/orvosigazgatas\/files\/2012\/06\/Kriszti.jpg\" alt=\"Kriszti\" width=\"141\" height=\"191\" \/><\/a>Sz\u0171cs Krajcsovics Krisztina<\/strong><br \/>\nM\u0171szergazd\u00e1lkod\u00e1si Csoport &#8211; el\u0151ad\u00f3<\/p>\n<p>Mobil: +36 20 825 9929<br \/>\nE-mail: krajcsovics.krisztina@semmelweis-univ.hu<\/p>\n","protected":false},"excerpt":{"rendered":"<p><a href=\"https:\/\/semmelweis.hu\/orvosigazgatas\/files\/2018\/08\/RS13044_KA-20120911-IMG_1085-scr.jpg\"><\/a> Prof. Dr. Szathm\u00e1ri Mikl\u00f3s igazgat\u00f3 Tel.: 459-1500\/55460 Mobil: +36 20 825 0676 E-mail: szathmari.miklos@med.semmelweis-univ.hu ofmi@semmelweis-univ.hu Enisz Dorina igazgat\u00f3i asszisztens, titk\u00e1rs\u00e1gvezet\u0151 Tel.: 459-1500\/55460 Mobil: +36 20 670 1188 E-mail: ofmi@semmelweis-univ.hu <a href=\"https:\/\/semmelweis.hu\/orvosigazgatas\/files\/2012\/06\/988616_543708045691000_1506677367_n.jpg\" rel=\"attachment wp-att-225\"><\/a>Marton Andrea\u00a0 k\u00f6zigazgat\u00e1si szakreferens Tel.: 459-1500\/55364\u00a0 Mobil: +36 20 825 8420 E-mail: marton.andrea@semmelweis-univ.h <a href=\"http:\/\/marton.andrea@semmelweis-univ.hu\">u<\/a> Mazur Gergely \u00fcgyviv\u0151 szak\u00e9rt\u0151 Mobil: +36 70 492 5351 E-mail: &hellip;<\/p>\n","protected":false},"author":359,"featured_media":0,"parent":0,"menu_order":0,"comment_status":"open","ping_status":"open","template":"","meta":{"_acf_changed":false,"footnotes":""},"categories":[],"tags":[],"class_list":["post-2","page","type-page","status-publish","hentry"],"acf":[],"_links":{"self":[{"href":"https:\/\/semmelweis.hu\/orvosigazgatas\/wp-json\/wp\/v2\/pages\/2","targetHints":{"allow":["GET"]}}],"collection":[{"href":"https:\/\/semmelweis.hu\/orvosigazgatas\/wp-json\/wp\/v2\/pages"}],"about":[{"href":"https:\/\/semmelweis.hu\/orvosigazgatas\/wp-json\/wp\/v2\/types\/page"}],"author":[{"embeddable":true,"href":"https:\/\/semmelweis.hu\/orvosigazgatas\/wp-json\/wp\/v2\/users\/359"}],"replies":[{"embeddable":true,"href":"https:\/\/semmelweis.hu\/orvosigazgatas\/wp-json\/wp\/v2\/comments?post=2"}],"version-history":[{"count":11,"href":"https:\/\/semmelweis.hu\/orvosigazgatas\/wp-json\/wp\/v2\/pages\/2\/revisions"}],"predecessor-version":[{"id":454,"href":"https:\/\/semmelweis.hu\/orvosigazgatas\/wp-json\/wp\/v2\/pages\/2\/revisions\/454"}],"wp:attachment":[{"href":"https:\/\/semmelweis.hu\/orvosigazgatas\/wp-json\/wp\/v2\/media?parent=2"}],"wp:term":[{"taxonomy":"category","embeddable":true,"href":"https:\/\/semmelweis.hu\/orvosigazgatas\/wp-json\/wp\/v2\/categories?post=2"},{"taxonomy":"post_tag","embeddable":true,"href":"https:\/\/semmelweis.hu\/orvosigazgatas\/wp-json\/wp\/v2\/tags?post=2"}],"curies":[{"name":"wp","href":"https:\/\/api.w.org\/{rel}","templated":true}]}}