{"id":312,"date":"2016-01-26T00:00:00","date_gmt":"2016-01-25T23:00:00","guid":{"rendered":"http:\/\/semmelweis.hu\/ortopedklinika\/01_profil-5\/"},"modified":"2022-10-07T13:51:50","modified_gmt":"2022-10-07T11:51:50","slug":"labsebeszeti-profil","status":"publish","type":"page","link":"https:\/\/semmelweis.hu\/ortopedklinika\/profiljaink-lista\/labsebeszeti-profil\/","title":{"rendered":"L\u00e1bseb\u00e9szeti profil"},"content":{"rendered":"<p style=\"text-align: justify\"><span style=\"font-weight: 400\">Az Ortop\u00e9diai Klinika, az int\u00e9zet megalap\u00edt\u00e1sa \u00f3ta k\u00fcl\u00f6n\u00f6s \u00e9rdekl\u0151d\u00e9ssel fordul a l\u00e1b betegs\u00e9gei fel\u00e9. Kezdetben dr. Bender Gy\u00f6rgy egyetemi tan\u00e1r a l\u00e1bbetegek ell\u00e1t\u00e1s\u00e1t. A nev\u00e9hez sz\u00e1mos tudom\u00e1nyos publik\u00e1ci\u00f3 f\u0171z\u0151dik hazai \u00e9s nemzetk\u00f6zi t\u00e9ren is. <\/span><span style=\"font-weight: 400\"><br \/>\n<\/span><span style=\"font-weight: 400\">A l\u00e1bseb\u00e9szet fejl\u0151d\u00e9se hat\u00e1ssal volt a vil\u00e1g nagy ortop\u00e9diai centrumaira \u00e9s superspecializ\u00e1l\u00f3dott l\u00e1bseb\u00e9szeti r\u00e9szlegek j\u00f6ttek l\u00e9tre. Ezt a trendet k\u00f6vetve Klinik\u00e1nkon is 1995-ben k\u00fcl\u00f6n r\u00e9szleg alakult a l\u00e1b k\u00fcl\u00f6nlegesebb betegs\u00e9geinek ell\u00e1t\u00e1s\u00e1t t\u0171zve ki c\u00e9lul. A r\u00e9szleg vezet\u00e9s\u00e9t dr. M\u00e1dy Ferenc egyetemi docens l\u00e1tta el. A m\u0171t\u00e9ti tev\u00e9kenys\u00e9ge sor\u00e1n, a nem fert\u0151z\u00e9ses eredet\u0171 l\u00e1belv\u00e1ltoz\u00e1sok korrig\u00e1l\u00e1s\u00e1t v\u00e9gezte. K\u00fcl\u00f6n\u00f6s figyelemmel fordult a statikai eredet\u0171 el\u0151l\u00e1b elv\u00e1ltoz\u00e1sokra, amit korszer\u0171 m\u0171t\u00e9ti elj\u00e1r\u00e1sokat bevezetve l\u00e1tott el.<\/span><\/p>\n<p style=\"text-align: justify\"><span style=\"font-weight: 400\">A r\u00e9szleg munk\u00e1j\u00e1t 2015-\u00f3ta dr. Rodler Endre klinikai f\u0151orvos ir\u00e1ny\u00edtja. A l\u00e1bseb\u00e9szeti profil, a szakma fejl\u0151d\u00e9s\u00e9t k\u00f6vetve a boka-l\u00e1b funkcion\u00e1lis egys\u00e9g\u00e9t szem el\u0151tt tartva v\u00e9gzi a betegek ell\u00e1t\u00e1s\u00e1t, a m\u0171t\u00e9ti kezel\u00e9seket.<\/span><\/p>\n<p style=\"text-align: justify\"><span style=\"font-weight: 400\">A r\u00e9szleg a gradu\u00e1lis \u00e9s postgradu\u00e1lis k\u00e9pz\u00e9sben akt\u00edv szerepet v\u00e1llal. El\u0151ad\u00e1sokkal t\u00e1mogatja a modern l\u00e1bseb\u00e9szeti elvek meghonos\u00edt\u00e1s\u00e1t haz\u00e1nkban. A l\u00e1bseb\u00e9szet gyakorlati k\u00e9pz\u00e9s\u00e9t is megszervezve 2019 \u00f3ta rendszeres tart kurzusokat az I-es Patol\u00f3gi\u00e1i int\u00e9zettel kooper\u00e1lva. A szakorvosjel\u00f6ltek, a k\u00e9pz\u00e9s\u00fck sor\u00e1n 2-3 h\u00f3napot t\u00f6ltenek a r\u00e9szlegen.\u00a0<\/span><\/p>\n<p style=\"text-align: justify\"><span style=\"font-weight: 400\">A r\u00e9szleg orsz\u00e1gos l\u00e1bseb\u00e9szeti centrum funkci\u00f3t l\u00e1t el, mely keret\u00e9ben rendszeresen ad m\u00e1s int\u00e9zeteknek konz\u00edliumot.<\/span><span style=\"font-weight: 400\"><br \/>\n<\/span><\/p>\n<p style=\"text-align: justify\"><span style=\"font-weight: 400\">Milyen, gyakrabban el\u0151fordul\u00f3 betegs\u00e9geket kezel\u00fcnk?<\/span><\/p>\n<ol style=\"text-align: justify\">\n<li style=\"text-align: justify\"><span style=\"font-weight: 400\">A \u201eb\u00fctyk\u00f6s\u201c l\u00e1b. A betegek a l\u00e1b fokozott nyom\u00e1snak kitett ter\u00fcletein, a b\u00fcty\u00f6kn\u00e9l f\u00e1jdalmat \u00e9reznek, el\u0151rehaladott esetekben az \u00f6regujj, a l\u00e1bujjak s\u00falyosan deform\u00e1l\u00f3dnak, elg\u00f6rb\u00fclnek, elfordulnak vagy elferd\u00fclnek, a j\u00e1r\u00e1s, cip\u0151visel\u00e9s csak panaszok mellett lehets\u00e9ges. Ha a konzervat\u00edv kezel\u00e9s nem j\u00e1r eredm\u00e9nnyel, m\u0171t\u00e9ti kezel\u00e9s javasolt.<\/span><\/li>\n<li style=\"text-align: justify\"><span style=\"font-weight: 400\">A \u201ekalap\u00e1cs ujj\u201c. A kisl\u00e1bujj deformit\u00e1sok igen v\u00e1ltozatos k\u00e9pet mutatnak. A kialakult k\u00f3ros l\u00e1bujj \u00e1ll\u00e1s h\u00e1tter\u00e9ben megb\u00faj\u00f3 anat\u00f3miai elt\u00e9r\u00e9sek pontos meg\u00edt\u00e9l\u00e9se elengedhetetlen a kezel\u00e9s megtevez\u00e9s\u00e9hez. Itt is igaz, hogy a konzervat\u00edv kezel\u00e9s eredm\u00e9nytelens\u00e9ge eset\u00e9n m\u0171t\u00e9ti kezel\u00e9s javasolt.<\/span><\/li>\n<li style=\"text-align: justify\"><span style=\"font-weight: 400\">Az \u00f6regujj alap\u00edz\u00fclet\u00e9ben jelentkez\u0151 besz\u0171k\u00fclt, f\u00e1jdalmas mozg\u00e1sok hallux rigidus vagy hallux limitus n\u00e9ven ismertek. A h\u00e1tt\u00e9rben az \u00edz\u00fclet l\u00e1bk\u00f6z\u00e9pcsont fej\u00e9nek \u00e9s ez f\u00e1jdalmas porckop\u00e1st eredm\u00e9nyez. Ha a konzervat\u00edv kezel\u00e9s (pl.: speci\u00e1lis talpbet\u00e9t, gyullad\u00e1scs\u00f6kkent\u0151 elj\u00e1r\u00e1sok) nem j\u00e1r eredm\u00e9nnyel, m\u0171t\u00e9ti kezel\u00e9s javasolt. A m\u0171t\u00e9ti terv minden esetben az aktu\u00e1lis \u00edz\u00fcleti kop\u00e1s szintj\u00e9vel kell harmoniz\u00e1ljon, t\u00f6rekedni kell az \u00edz\u00fcleti mozg\u00e1s meg\u0151rz\u00e9s\u00e9re. Enn\u00e9l az \u00edz\u00fcletn\u00e9l az elmerev\u00edt\u00e9s is elv\u00e9gezhet\u0151, mert kell\u0151en j\u00f3 eredm\u00e9nnyel j\u00e1r.<\/span><\/li>\n<li style=\"text-align: justify\"><span style=\"font-weight: 400\">A feln\u0151ttkorban gyorsan roml\u00f3 l\u00fadtalp h\u00e1tter\u00e9ben leggyakrabban komplex boka-l\u00e1b funkci\u00f3zavar \u00e1ll. A boka s\u00falyosan deform\u00e1l\u00f3dik, a kor\u00e1bban gyakran m\u00e1r megl\u00e9v\u0151 l\u00fadtalp fokoz\u00f3dik. A konzervat\u00edv kezel\u00e9s csak az \u00e1llapot roml\u00e1s\u00e1nak cs\u00f6kkent\u00e9s\u00e9t c\u00e9lozza meg \u00e9s sajnos, nem is mindig sikerrel. Ha m\u0171t\u00e9t sz\u00fcks\u00e9ges, az mindig komplex beavatkoz\u00e1s. Ezzel a boka \u00e9s l\u00e1b stabilit\u00e1s\u00e1t, a deformit\u00e1s korrekci\u00f3j\u00e1t c\u00e9lozzuk meg. Az ut\u00f3kezel\u00e9s is a beavatkoz\u00e1s m\u00e9rt\u00e9k\u00e9t k\u00f6vetve hosszabb az \u00e1tlagosn\u00e1l. \u00c1tlagosan 6 h\u00e9t tehermentes\u00edt\u00e9s gipszs\u00ednben, majd tov\u00e1bbi 6 h\u00e9t fokozatos terhel\u00e9s stabil \u201ekezel\u0151csizm\u00e1ban\u201c.<\/span><\/li>\n<li style=\"text-align: justify\"><span style=\"font-weight: 400\">Az Achilles \u00edn betegs\u00e9gei a sarokcsonti tapad\u00e1s k\u00f6r\u00fcl alakulnak ki. Itt egym\u00e1shoz nagyon k\u00f6zel h\u00e1rom f\u00e9le elv\u00e1ltoz\u00e1s is el\u0151fordulhat, melyeknek a kezel\u00e9se a pontos diagn\u00f3zis fel\u00e1ll\u00edt\u00e1sa ut\u00e1n indul. A konzervat\u00edv lehet\u0151s\u00e9gek kiakn\u00e1z\u00e1sa ut\u00e1n, ha nem j\u00e1rtunk eredm\u00e9nnyel, m\u0171t\u00e9ti kezel\u00e9s is sz\u00fcks\u00e9ges lehet. Az Achilles jelent\u0151s terhel\u00e9snek van kit\u00e9ve j\u00e1r\u00e1skor \u00e9s fut\u00e1skor, \u00edgy az ut\u00f3kezel\u00e9sben javasolt tehermentes\u00edt\u00e9s, r\u00f6gz\u00edt\u00e9s nagyon pontosan k\u00f6vetend\u0151!<\/span><\/li>\n<\/ol>\n<p style=\"text-align: justify\"><span style=\"font-weight: 400\">A komplett kivizsg\u00e1l\u00e1s ambul\u00e1nsan zajlik! A befekv\u00e9s a m\u0171t\u00e9t el\u0151tti napon, vagy a m\u0171t\u00e9t napj\u00e1n kora reggel t\u00f6rt\u00e9nik. Err\u0151l inform\u00e1ci\u00f3t az altat\u00f3orvosi vizsg\u00e1lat ut\u00e1n kap a beteg, az oszt\u00e1lyunk f\u0151n\u0151v\u00e9r\u00e9t\u0151l. Orvosi szempontb\u00f3l a kor\u00e1bbi orvosi dokument\u00e1ci\u00f3kat \u00e9s a m\u0171t\u00e9tre v\u00e1r\u00f3 v\u00e9gtagr\u00f3l k\u00e9sz\u00fclt Rtg, CT, MR k\u00e9panyagokat kell hozza. A k\u00f3rh\u00e1zi benntart\u00f3zkod\u00e1s r\u00f6vid, \u00e1tlagosan 1-3 nap. A rokonokkal a betegek \u00e1ltal\u00e1ban telefonon tartj\u00e1k a kapcsolatot. A t\u00e1voz\u00e1st a beteggel id\u0151ben egyeztetj\u00fck, hogy a csal\u00e1d felk\u00e9sz\u00fclhessen a fogad\u00e1s\u00e1ra, ha szem\u00e9lyesen viszik haza, a sz\u00e1ll\u00edt\u00e1st is megszervezhess\u00e9k.<\/span><\/p>\n","protected":false},"excerpt":{"rendered":"<p>Az Ortop\u00e9diai Klinika, az int\u00e9zet megalap\u00edt\u00e1sa \u00f3ta k\u00fcl\u00f6n\u00f6s \u00e9rdekl\u0151d\u00e9ssel fordul a l\u00e1b betegs\u00e9gei fel\u00e9. Kezdetben dr. Bender Gy\u00f6rgy egyetemi tan\u00e1r a l\u00e1bbetegek ell\u00e1t\u00e1s\u00e1t. A nev\u00e9hez sz\u00e1mos tudom\u00e1nyos publik\u00e1ci\u00f3 f\u0171z\u0151dik hazai \u00e9s nemzetk\u00f6zi t\u00e9ren is. A l\u00e1bseb\u00e9szet fejl\u0151d\u00e9se hat\u00e1ssal volt a vil\u00e1g nagy ortop\u00e9diai centrumaira \u00e9s superspecializ\u00e1l\u00f3dott l\u00e1bseb\u00e9szeti r\u00e9szlegek j\u00f6ttek l\u00e9tre. Ezt a trendet k\u00f6vetve Klinik\u00e1nkon &hellip;<\/p>\n","protected":false},"author":1,"featured_media":0,"parent":255,"menu_order":10,"comment_status":"closed","ping_status":"closed","template":"","meta":{"_acf_changed":false,"footnotes":""},"categories":[],"tags":[],"class_list":["post-312","page","type-page","status-publish","hentry"],"acf":[],"_links":{"self":[{"href":"https:\/\/semmelweis.hu\/ortopedklinika\/wp-json\/wp\/v2\/pages\/312","targetHints":{"allow":["GET"]}}],"collection":[{"href":"https:\/\/semmelweis.hu\/ortopedklinika\/wp-json\/wp\/v2\/pages"}],"about":[{"href":"https:\/\/semmelweis.hu\/ortopedklinika\/wp-json\/wp\/v2\/types\/page"}],"author":[{"embeddable":true,"href":"https:\/\/semmelweis.hu\/ortopedklinika\/wp-json\/wp\/v2\/users\/1"}],"replies":[{"embeddable":true,"href":"https:\/\/semmelweis.hu\/ortopedklinika\/wp-json\/wp\/v2\/comments?post=312"}],"version-history":[{"count":4,"href":"https:\/\/semmelweis.hu\/ortopedklinika\/wp-json\/wp\/v2\/pages\/312\/revisions"}],"predecessor-version":[{"id":2618,"href":"https:\/\/semmelweis.hu\/ortopedklinika\/wp-json\/wp\/v2\/pages\/312\/revisions\/2618"}],"up":[{"embeddable":true,"href":"https:\/\/semmelweis.hu\/ortopedklinika\/wp-json\/wp\/v2\/pages\/255"}],"wp:attachment":[{"href":"https:\/\/semmelweis.hu\/ortopedklinika\/wp-json\/wp\/v2\/media?parent=312"}],"wp:term":[{"taxonomy":"category","embeddable":true,"href":"https:\/\/semmelweis.hu\/ortopedklinika\/wp-json\/wp\/v2\/categories?post=312"},{"taxonomy":"post_tag","embeddable":true,"href":"https:\/\/semmelweis.hu\/ortopedklinika\/wp-json\/wp\/v2\/tags?post=312"}],"curies":[{"name":"wp","href":"https:\/\/api.w.org\/{rel}","templated":true}]}}