{"id":3044,"date":"2022-05-24T09:06:23","date_gmt":"2022-05-24T07:06:23","guid":{"rendered":"https:\/\/semmelweis.hu\/ortopedklinika\/?page_id=3044"},"modified":"2022-10-07T13:51:35","modified_gmt":"2022-10-07T11:51:35","slug":"fizioterapia-profil","status":"publish","type":"page","link":"https:\/\/semmelweis.hu\/ortopedklinika\/profiljaink-lista\/fizioterapia-profil\/","title":{"rendered":"Fizioter\u00e1pia profil"},"content":{"rendered":"<p style=\"text-align: justify\"><span style=\"font-weight: 400\">Az Ortop\u00e9diai Klinika 1951-ben alakult, a fizioter\u00e1pia az\u00f3ta szervesen kapcsol\u00f3dik\u00a0 a m\u0171k\u00f6d\u00e9s\u00e9hez. Gy\u00f3gytorn\u00e1szaink: V\u00e1rnagy Anna, W\u00e1gner Csilla, Sz\u00edv\u00f3s M\u00f3nika, Szedlacsek M\u00e1rta, Szentp\u00e9tery T\u00edmea, Kiss Kriszti\u00e1n \u00e9s Kov\u00e1cs Be\u00e1ta. Tev\u00e9kenys\u00e9g\u00fcnk t\u00f6bb r\u00e9szre oszthat\u00f3. A feln\u0151tt \u00e9s a gyermekoszt\u00e1ly m\u0171t\u00e9t ut\u00e1ni fekv\u0151beteg ell\u00e1t\u00e1sa naprak\u00e9sz protokollok szerint t\u00f6rt\u00e9nik, emellett konzervat\u00edv kezel\u00e9seket is v\u00e9gz\u00fcnk. A fekv\u0151beteg oszt\u00e1ly 107 \u00e1gyas, 2020. j\u00fanius 1. \u00f3ta 60 mozg\u00e1sszervi rehabilit\u00e1ci\u00f3s \u00e1ggyal b\u0151v\u00fclt\u00fcnk, ami a Szent R\u00f3kus klinikai t\u00f6mbben m\u0171k\u00f6dik. Fekv\u0151beteg r\u00e9szleg\u00fcnk a KBE m\u00e1sodik emelet\u00e9n tal\u00e1lhat\u00f3. A j\u00e1r\u00f3beteg ell\u00e1t\u00e1s, az \u00dcll\u0151i \u00fat 78 sz\u00e1m alatti KBE f\u00f6ldszintj\u00e9n, az Ortop\u00e9diai klinika ambulanci\u00e1j\u00e1n \u00e9rhet\u0151 el (M3-as metr\u00f3val a Semmelweis Klinik\u00e1k meg\u00e1ll\u00f3 fel\u0151l k\u00f6zel\u00edthet\u0151 meg). A j\u00e1r\u00f3beteg r\u00e9szleg csak az Ortop\u00e9diai Klinika szakorvosai \u00e1ltal beutalt betegek sz\u00e1m\u00e1ra vehet\u0151 ig\u00e9nybe. A j\u00e1r\u00f3betegek teljesk\u00f6r\u0171 mozg\u00e1sszervi kezel\u00e9s\u00e9t egy\u00e9ni, csoportos \u00e9s sz\u00fcks\u00e9g szerint subaqualisan v\u00e9gezz\u00fck, amit kieg\u00e9sz\u00edt\u00fcnk egy\u00e9b fizikoter\u00e1pi\u00e1s kezel\u00e9sekkel. Emellett a SE gy\u00f3gytorn\u00e1sz hallgat\u00f3inak gyakorlati oktat\u00e1s\u00e1ban, \u00e1llamvizsg\u00e1ztat\u00e1s\u00e1ban is akt\u00edv k\u00f6zrem\u0171k\u00f6d\u0151k vagyunk. Gy\u00f3gytorn\u00e1szaink folyamatosan tov\u00e1bbk\u00e9pzik magukat postgradu\u00e1lis k\u00e9pz\u00e9seken ezzel is emelve az ell\u00e1t\u00e1s sz\u00ednvonal\u00e1t, valamint tev\u00e9keny r\u00e9sztvev\u0151i a tudom\u00e1nyos \u00e9letnek, el\u0151ad\u00e1sokat \u00e9s speci\u00e1lis kurzusokat tartanak.<\/span><\/p>\n","protected":false},"excerpt":{"rendered":"<p>Az Ortop\u00e9diai Klinika 1951-ben alakult, a fizioter\u00e1pia az\u00f3ta szervesen kapcsol\u00f3dik\u00a0 a m\u0171k\u00f6d\u00e9s\u00e9hez. Gy\u00f3gytorn\u00e1szaink: V\u00e1rnagy Anna, W\u00e1gner Csilla, Sz\u00edv\u00f3s M\u00f3nika, Szedlacsek M\u00e1rta, Szentp\u00e9tery T\u00edmea, Kiss Kriszti\u00e1n \u00e9s Kov\u00e1cs Be\u00e1ta. Tev\u00e9kenys\u00e9g\u00fcnk t\u00f6bb r\u00e9szre oszthat\u00f3. A feln\u0151tt \u00e9s a gyermekoszt\u00e1ly m\u0171t\u00e9t ut\u00e1ni fekv\u0151beteg ell\u00e1t\u00e1sa naprak\u00e9sz protokollok szerint t\u00f6rt\u00e9nik, emellett konzervat\u00edv kezel\u00e9seket is v\u00e9gz\u00fcnk. A fekv\u0151beteg oszt\u00e1ly 107 \u00e1gyas, &hellip;<\/p>\n","protected":false},"author":101831,"featured_media":0,"parent":255,"menu_order":7,"comment_status":"closed","ping_status":"closed","template":"","meta":{"_acf_changed":false,"footnotes":""},"categories":[],"tags":[],"class_list":["post-3044","page","type-page","status-publish","hentry"],"acf":[],"_links":{"self":[{"href":"https:\/\/semmelweis.hu\/ortopedklinika\/wp-json\/wp\/v2\/pages\/3044","targetHints":{"allow":["GET"]}}],"collection":[{"href":"https:\/\/semmelweis.hu\/ortopedklinika\/wp-json\/wp\/v2\/pages"}],"about":[{"href":"https:\/\/semmelweis.hu\/ortopedklinika\/wp-json\/wp\/v2\/types\/page"}],"author":[{"embeddable":true,"href":"https:\/\/semmelweis.hu\/ortopedklinika\/wp-json\/wp\/v2\/users\/101831"}],"replies":[{"embeddable":true,"href":"https:\/\/semmelweis.hu\/ortopedklinika\/wp-json\/wp\/v2\/comments?post=3044"}],"version-history":[{"count":1,"href":"https:\/\/semmelweis.hu\/ortopedklinika\/wp-json\/wp\/v2\/pages\/3044\/revisions"}],"predecessor-version":[{"id":3045,"href":"https:\/\/semmelweis.hu\/ortopedklinika\/wp-json\/wp\/v2\/pages\/3044\/revisions\/3045"}],"up":[{"embeddable":true,"href":"https:\/\/semmelweis.hu\/ortopedklinika\/wp-json\/wp\/v2\/pages\/255"}],"wp:attachment":[{"href":"https:\/\/semmelweis.hu\/ortopedklinika\/wp-json\/wp\/v2\/media?parent=3044"}],"wp:term":[{"taxonomy":"category","embeddable":true,"href":"https:\/\/semmelweis.hu\/ortopedklinika\/wp-json\/wp\/v2\/categories?post=3044"},{"taxonomy":"post_tag","embeddable":true,"href":"https:\/\/semmelweis.hu\/ortopedklinika\/wp-json\/wp\/v2\/tags?post=3044"}],"curies":[{"name":"wp","href":"https:\/\/api.w.org\/{rel}","templated":true}]}}