{"id":263,"date":"2016-01-26T00:00:00","date_gmt":"2016-01-25T23:00:00","guid":{"rendered":"http:\/\/semmelweis.hu\/ortopedklinika\/01_profiljaink_szeptikus\/"},"modified":"2022-10-07T13:51:59","modified_gmt":"2022-10-07T11:51:59","slug":"profiljaink_szeptikus-ellatas","status":"publish","type":"page","link":"https:\/\/semmelweis.hu\/ortopedklinika\/profiljaink-lista\/profiljaink_szeptikus-ellatas\/","title":{"rendered":"Szeptikus ell\u00e1t\u00e1si profil"},"content":{"rendered":"<p><img loading=\"lazy\" decoding=\"async\" class=\"aligncenter\" src=\"https:\/\/semmelweis.hu\/ortopedklinika\/files\/2016\/01\/szeptikus01.jpg\" alt=\"\" width=\"600\" height=\"300\" \/><\/p>\n<p style=\"text-align: justify\">A seb\u00e9szeti m\u0171t\u00e9tek j\u00f3l ismert sz\u00f6v\u0151dm\u00e9nyei a k\u00fcl\u00f6nf\u00e9le k\u00f3rokoz\u00f3k \u00e1ltal okozott fert\u0151z\u00e9sek. Nincs ez m\u00e1sk\u00e9nt az ortop\u00e9di\u00e1ban sem, ahol tov\u00e1bb bonyol\u00edtja az egy\u00e9bk\u00e9nt is neh\u00e9z helyzetet az, hogy a szeptikus komplik\u00e1ci\u00f3k gyakran a be\u00fcltetett f\u00e9m prot\u00e9zisek, implant\u00e1tumok k\u00f6rnyezet\u00e9ben alakulnak ki, ahonnan nagyon neh\u00e9z a ki\u00edrt\u00e1suk. Mivel a Klinik\u00e1nkon \u00e9vente elv\u00e9gzett 3500-4000 m\u0171t\u00e9tb\u0151l k\u00f6zel 1000 nagy\u00edz\u00fcleti prot\u00e9zis be\u00fcltet\u00e9s \u00e9s csere, melyet r\u00e9szben kop\u00e1sos betegs\u00e9gek, r\u00e9szben daganatos betegs\u00e9gek miatt v\u00e9gz\u00fcnk, \u00edgy sz\u00fcks\u00e9g volt egy olyan r\u00e9szlegre, ahol azokat a betegeket tudjuk kezelni, akikn\u00e9l fert\u0151z\u00e9ses sz\u00f6v\u0151dm\u00e9ny alakult ki.<\/p>\n<p style=\"text-align: justify\">Ez az ig\u00e9ny h\u00edvta \u00e9letre szeptikus r\u00e9szleg\u00fcnket 1998-ban. A r\u00e9szleg a II. emeleten ker\u00fclt kialak\u00edt\u00e1sra, ahol k\u00e9t 3 \u00e1gyas k\u00f3rteremben, k\u00fcl\u00f6n k\u00f6t\u00f6z\u0151vel, tiszt\u00e1lkod\u00f3 helyis\u00e9gekkel tudjuk betegeinket ell\u00e1tni. Szint\u00e9n az egys\u00e9g r\u00e9sz\u00e9t k\u00e9pezi a II. emeleten tal\u00e1lhat\u00f3 szeptikus m\u0171t\u0151, ahol kiz\u00e1r\u00f3lag a fert\u0151z\u00e9sek miatt v\u00e9gz\u00fcnk beavatkoz\u00e1sokat. A nemzetk\u00f6zi gyakorlatnak megfelel\u0151en a r\u00e9szleg m\u0171k\u00f6d\u00e9s\u00e9ben k\u00fcl\u00f6n szem\u00e9lyzet vesz r\u00e9szt. A r\u00e9szleg vezet\u00e9s\u00e9vel megb\u00edzott ortop\u00e9d seb\u00e9sz naponta ellen\u0151rzi a betegeket, akiknek a napi ell\u00e1t\u00e1s\u00e1r\u00f3l erre a feladara kijel\u00f6lt n\u0151v\u00e9r csapat gondoskodik. Emellett minden beteg eset\u00e9ben rendszeres infektol\u00f3giai konz\u00edlium t\u00f6rt\u00e9nik, melynek sor\u00e1n a fert\u0151z\u00e9sek antibiotikumokkal t\u00f6rt\u00e9n\u0151 hat\u00e9kony kezel\u00e9s\u00e9t hat\u00e1rozzuk meg. Fontos a korszer\u0171 diagnosztikai h\u00e1tt\u00e9r is, melyet a Semmelweis Egyetem K\u00f6zponti Laborat\u00f3riuma \u00e9s Mikrobiol\u00f3giai Tansz\u00e9ke biztos\u00edt. A rutin gyullad\u00e1sos labor\u00e9rt\u00e9kek meghat\u00e1roz\u00e1s\u00e1n t\u00fal egyes bakt\u00e9riumok eset\u00e9ben lehet\u0151s\u00e9g van a leg\u00fajabb m\u00f3dszerekre, melynek sor\u00e1n a g\u00e9n\u00e1llom\u00e1ny sokszoroz\u00e1s\u00e1val (PCR) tudjuk a k\u00f3rokoz\u00f3t azonos\u00edtani.<\/p>\n<p style=\"text-align: justify\"><img loading=\"lazy\" decoding=\"async\" style=\"margin-right: 10px\" src=\"https:\/\/semmelweis.hu\/ortopedklinika\/files\/2016\/01\/szeptikus02.jpg\" alt=\"\" width=\"180\" height=\"170\" align=\"left\" vspace=\"5\" \/>A r\u00e9szlegen \u00e9vente \u00e1tlagosan 50-60 beteg fordul meg. A kezel\u00e9seket a legmodernebb nemzetk\u00f6zi eredm\u00e9nyek alapj\u00e1n v\u00e9gezz\u00fck. Saj\u00e1t gyakorlatunkban a prot\u00e9zis be\u00fcltet\u00e9st k\u00f6vet\u0151en kialakult fert\u0151z\u00e9s eset\u00e9n \u00fagynevezett k\u00e9t-\u00fcl\u00e9ses cser\u00e9t v\u00e9gz\u00fcnk. Ennek a l\u00e9nyege, hogy a els\u0151 m\u0171t\u00e9t sor\u00e1n (az els\u0151 l\u00e9p\u00e9sben) gondos m\u0171t\u00e9ti technik\u00e1val elt\u00e1vol\u00edtjuk az implant\u00e1tumot, melynek felsz\u00edn\u00e9n ilyenkor ki\u00edrthatatlanul megtelepednek a bakt\u00e9riumok, \u00edgy az nem tarthat\u00f3 meg. Emellett a prot\u00e9zist k\u00f6r\u00fclvev\u0151 gyullad\u00e1sos sz\u00f6veteket is elt\u00e1vol\u00edtjuk. Bizonyos prot\u00e9zisek eset\u00e9n (t\u00e9rdprot\u00e9zis, v\u00e1llprot\u00e9zis, tumorprot\u00e9zis, stb) a m\u0171t\u00e9t v\u00e9g\u00e9n egy antibiotikummal felt\u00f6lt\u00f6tt, csontcementb\u0151l k\u00e9sz\u00edtett t\u00e1vtart\u00f3t is be\u00fcltet\u00fcnk az \u00edz\u00fcletbe abb\u00f3l a c\u00e9lb\u00f3l, hogy am\u00edg a prot\u00e9zis nincs a hely\u00e9n, a mozg\u00e1sok megmaradjanak. Ezt k\u00f6vet\u0151en antibiotikummal kezelj\u00fck betegeinket, akik a prot\u00e9zis kiv\u00e9tele ut\u00e1n is j\u00e1r\u00f3k\u00e9pesek maradnak, hab\u00e1r ilyenkor seg\u00e9deszk\u00f6z, k\u00fcls\u0151 r\u00f6gz\u00edt\u0151 visel\u00e9se sz\u00fcks\u00e9ges. K\u00f6r\u00fclbel\u00fcl az els\u0151 m\u0171t\u00e9t ut\u00e1n 6-10 h\u00e9ttel, miut\u00e1n t\u00f6bbsz\u00f6ri laborvizsg\u00e1latokkal igazoltuk a fert\u0151z\u00e9s gy\u00f3gyul\u00e1s\u00e1t, ism\u00e9telt m\u0171t\u00e9tet v\u00e9gz\u00fcnk, melynek sor\u00e1n egy \u00faj prot\u00e9zist \u00fcltet\u00fcnk be. Ezt k\u00f6vet\u0151en betegeink visszanyerik kor\u00e1bbi j\u00e1r\u00f3k\u00e9pess\u00e9g\u00fcket. Ezzel a m\u00f3dszerrel a nemzetk\u00f6zi irodalomban is megtal\u00e1lhat\u00f3 ar\u00e1nyban, 85-90 %-ban siker\u00fcl prot\u00e9zis vissza\u00fcltet\u00e9se mellett meggy\u00f3gy\u00edtani betegeinket.<\/p>\n<p style=\"text-align: justify\">A szeptikus betegs\u00e9gek gy\u00f3gy\u00edt\u00e1sa fokozott t\u00fcrelmet, kitart\u00e1st ig\u00e9nyel betegeink r\u00e9sz\u00e9r\u0151l, melyben igyeksz\u00fcnk minden seg\u00edts\u00e9get megadni. R\u00e9szben a fert\u0151z\u00e9ses komplik\u00e1ci\u00f3ban szenved\u0151, belgy\u00f3gy\u00e1szati szempontb\u00f3l sokszor esend\u0151 p\u00e1cienseink v\u00e9delm\u00e9ben, r\u00e9szben a steril oszt\u00e1lyokon fekv\u0151 betegek \u00e9rdek\u00e9ben r\u00e9szleg\u00fcnk\u00f6n k\u00fcl\u00f6n h\u00e1zirendet vezett\u00fcnk be, melynek betart\u00e1s\u00e1t minden beteg\u00fcnkt\u0151l k\u00e9rj\u00fck. A h\u00e1ziendet al\u00e1bb olvashatja.<\/p>\n<p style=\"text-align: justify\">Amennyiben b\u00e1rmilyen tov\u00e1bbi k\u00e9rd\u00e9se lenne, k\u00e9rj\u00fck forduljon hozz\u00e1nk bizalommal!<\/p>\n<p style=\"text-align: justify\">\u00a0<\/p>\n","protected":false},"excerpt":{"rendered":"<p>A seb\u00e9szeti m\u0171t\u00e9tek j\u00f3l ismert sz\u00f6v\u0151dm\u00e9nyei a k\u00fcl\u00f6nf\u00e9le k\u00f3rokoz\u00f3k \u00e1ltal okozott fert\u0151z\u00e9sek. Nincs ez m\u00e1sk\u00e9nt az ortop\u00e9di\u00e1ban sem, ahol tov\u00e1bb bonyol\u00edtja az egy\u00e9bk\u00e9nt is neh\u00e9z helyzetet az, hogy a szeptikus komplik\u00e1ci\u00f3k gyakran a be\u00fcltetett f\u00e9m prot\u00e9zisek, implant\u00e1tumok k\u00f6rnyezet\u00e9ben alakulnak ki, ahonnan nagyon neh\u00e9z a ki\u00edrt\u00e1suk. Mivel a Klinik\u00e1nkon \u00e9vente elv\u00e9gzett 3500-4000 m\u0171t\u00e9tb\u0151l k\u00f6zel 1000 nagy\u00edz\u00fcleti &hellip;<\/p>\n","protected":false},"author":1,"featured_media":0,"parent":255,"menu_order":12,"comment_status":"closed","ping_status":"closed","template":"","meta":{"_acf_changed":false,"footnotes":""},"categories":[],"tags":[],"class_list":["post-263","page","type-page","status-publish","hentry"],"acf":[],"_links":{"self":[{"href":"https:\/\/semmelweis.hu\/ortopedklinika\/wp-json\/wp\/v2\/pages\/263","targetHints":{"allow":["GET"]}}],"collection":[{"href":"https:\/\/semmelweis.hu\/ortopedklinika\/wp-json\/wp\/v2\/pages"}],"about":[{"href":"https:\/\/semmelweis.hu\/ortopedklinika\/wp-json\/wp\/v2\/types\/page"}],"author":[{"embeddable":true,"href":"https:\/\/semmelweis.hu\/ortopedklinika\/wp-json\/wp\/v2\/users\/1"}],"replies":[{"embeddable":true,"href":"https:\/\/semmelweis.hu\/ortopedklinika\/wp-json\/wp\/v2\/comments?post=263"}],"version-history":[{"count":2,"href":"https:\/\/semmelweis.hu\/ortopedklinika\/wp-json\/wp\/v2\/pages\/263\/revisions"}],"predecessor-version":[{"id":2334,"href":"https:\/\/semmelweis.hu\/ortopedklinika\/wp-json\/wp\/v2\/pages\/263\/revisions\/2334"}],"up":[{"embeddable":true,"href":"https:\/\/semmelweis.hu\/ortopedklinika\/wp-json\/wp\/v2\/pages\/255"}],"wp:attachment":[{"href":"https:\/\/semmelweis.hu\/ortopedklinika\/wp-json\/wp\/v2\/media?parent=263"}],"wp:term":[{"taxonomy":"category","embeddable":true,"href":"https:\/\/semmelweis.hu\/ortopedklinika\/wp-json\/wp\/v2\/categories?post=263"},{"taxonomy":"post_tag","embeddable":true,"href":"https:\/\/semmelweis.hu\/ortopedklinika\/wp-json\/wp\/v2\/tags?post=263"}],"curies":[{"name":"wp","href":"https:\/\/api.w.org\/{rel}","templated":true}]}}

Szeptikus ellátási profil

<p><img loading="lazy" decoding="async" class="aligncenter" src="https://semmelweis.hu/ortopedklinika/files/2016/01/szeptikus01.jpg" alt="" width="600" height="300" /></p>
<p style="text-align: justify">A sebészeti műtétek jól ismert szövődményei a különféle kórokozók által okozott fertőzések. Nincs ez másként az ortopédiában sem, ahol tovább bonyolítja az egyébként is nehéz helyzetet az, hogy a szeptikus komplikációk gyakran a beültetett fém protézisek, implantátumok környezetében alakulnak ki, ahonnan nagyon nehéz a kiírtásuk. Mivel a Klinikánkon évente elvégzett 3500-4000 műtétből közel 1000 nagyízületi protézis beültetés és csere, melyet részben kopásos betegségek, részben daganatos betegségek miatt végzünk, így szükség volt egy olyan részlegre, ahol azokat a betegeket tudjuk kezelni, akiknél fertőzéses szövődmény alakult ki.</p>
<p style="text-align: justify">Ez az igény hívta életre szeptikus részlegünket 1998-ban. A részleg a II. emeleten került kialakításra, ahol két 3 ágyas kórteremben, külön kötözővel, tisztálkodó helyiségekkel tudjuk betegeinket ellátni. Szintén az egység részét képezi a II. emeleten található szeptikus műtő, ahol kizárólag a fertőzések miatt végzünk beavatkozásokat. A nemzetközi gyakorlatnak megfelelően a részleg működésében külön személyzet vesz részt. A részleg vezetésével megbízott ortopéd sebész naponta ellenőrzi a betegeket, akiknek a napi ellátásáról erre a feladara kijelölt nővér csapat gondoskodik. Emellett minden beteg esetében rendszeres infektológiai konzílium történik, melynek során a fertőzések antibiotikumokkal történő hatékony kezelését határozzuk meg. Fontos a korszerű diagnosztikai háttér is, melyet a Semmelweis Egyetem Központi Laboratóriuma és Mikrobiológiai Tanszéke biztosít. A rutin gyulladásos laborértékek meghatározásán túl egyes baktériumok esetében lehetőség van a legújabb módszerekre, melynek során a génállomány sokszorozásával (PCR) tudjuk a kórokozót azonosítani.</p>
<p style="text-align: justify"><img loading="lazy" decoding="async" style="margin-right: 10px" src="https://semmelweis.hu/ortopedklinika/files/2016/01/szeptikus02.jpg" alt="" width="180" height="170" align="left" vspace="5" />A részlegen évente átlagosan 50-60 beteg fordul meg. A kezeléseket a legmodernebb nemzetközi eredmények alapján végezzük. Saját gyakorlatunkban a protézis beültetést követően kialakult fertőzés esetén úgynevezett két-üléses cserét végzünk. Ennek a lényege, hogy a első műtét során (az első lépésben) gondos műtéti technikával eltávolítjuk az implantátumot, melynek felszínén ilyenkor kiírthatatlanul megtelepednek a baktériumok, így az nem tartható meg. Emellett a protézist körülvevő gyulladásos szöveteket is eltávolítjuk. Bizonyos protézisek esetén (térdprotézis, vállprotézis, tumorprotézis, stb) a műtét végén egy antibiotikummal feltöltött, csontcementből készített távtartót is beültetünk az ízületbe abból a célból, hogy amíg a protézis nincs a helyén, a mozgások megmaradjanak. Ezt követően antibiotikummal kezeljük betegeinket, akik a protézis kivétele után is járóképesek maradnak, habár ilyenkor segédeszköz, külső rögzítő viselése szükséges. Körülbelül az első műtét után 6-10 héttel, miután többszöri laborvizsgálatokkal igazoltuk a fertőzés gyógyulását, ismételt műtétet végzünk, melynek során egy új protézist ültetünk be. Ezt követően betegeink visszanyerik korábbi járóképességüket. Ezzel a módszerrel a nemzetközi irodalomban is megtalálható arányban, 85-90 %-ban sikerül protézis visszaültetése mellett meggyógyítani betegeinket.</p>
<p style="text-align: justify">A szeptikus betegségek gyógyítása fokozott türelmet, kitartást igényel betegeink részéről, melyben igyekszünk minden segítséget megadni. Részben a fertőzéses komplikációban szenvedő, belgyógyászati szempontból sokszor esendő pácienseink védelmében, részben a steril osztályokon fekvő betegek érdekében részlegünkön külön házirendet vezettünk be, melynek betartását minden betegünktől kérjük. A háziendet alább olvashatja.</p>
<p style="text-align: justify">Amennyiben bármilyen további kérdése lenne, kérjük forduljon hozzánk bizalommal!</p>
<p style="text-align: justify"> </p>

<p>A sebészeti műtétek jól ismert szövődményei a különféle kórokozók által okozott fertőzések. Nincs ez másként az ortopédiában sem, ahol tovább bonyolítja az egyébként is nehéz helyzetet az, hogy a szeptikus komplikációk gyakran a beültetett fém protézisek, implantátumok környezetében alakulnak ki, ahonnan nagyon nehéz a kiírtásuk. Mivel a Klinikánkon évente elvégzett 3500-4000 műtétből közel 1000 nagyízületi &hellip;</p>
