{"id":2161,"date":"2022-01-29T15:08:56","date_gmt":"2022-01-29T14:08:56","guid":{"rendered":"https:\/\/semmelweis.hu\/ortopedklinika\/?page_id=2161"},"modified":"2025-12-10T02:48:01","modified_gmt":"2025-12-10T01:48:01","slug":"phd-kepzes","status":"publish","type":"page","link":"https:\/\/semmelweis.hu\/ortopedklinika\/phd-kepzes\/","title":{"rendered":"PhD k\u00e9pz\u00e9s"},"content":{"rendered":"<p>&nbsp;<\/p>\n<p>A Semmelweis Egyetemen a doktori (PhD) k\u00e9pz\u00e9s k\u00e9t form\u00e1ban t\u00f6rt\u00e9nik:<\/p>\n<p>1.) <a href=\"https:\/\/semmelweis.hu\/phd\/\">Doktori (PhD) k\u00e9pz\u00e9s a Doktori Iskol\u00e1ban<\/a><\/p>\n<p>2.)\u00a0<a href=\"https:\/\/semmelweis.hu\/tmk\/\">Doktori (PhD) k\u00e9pz\u00e9s a Transzl\u00e1ci\u00f3s Medicina Programban<\/a><\/p>\n<p>&nbsp;<\/p>\n","protected":false},"excerpt":{"rendered":"<p>&nbsp;<br \/>\nA Semmelweis Egyetemen a doktori (PhD) k\u00e9pz\u00e9s k\u00e9t form\u00e1ban t\u00f6rt\u00e9nik:<br \/>\n1.) <a href=\"https:\/\/semmelweis.hu\/phd\/\">Doktori (PhD) k\u00e9pz\u00e9s a Doktori Iskol\u00e1ban<\/a><br \/>\n2.)\u00a0<a href=\"https:\/\/semmelweis.hu\/tmk\/\">Doktori (PhD) k\u00e9pz\u00e9s a Transzl\u00e1ci\u00f3s Medicina Programban<\/a><br \/>\n&nbsp;<\/p>\n","protected":false},"author":101896,"featured_media":0,"parent":0,"menu_order":4,"comment_status":"closed","ping_status":"closed","template":"","meta":{"_acf_changed":false,"footnotes":""},"categories":[],"tags":[],"class_list":["post-2161","page","type-page","status-publish","hentry"],"acf":[],"_links":{"self":[{"href":"https:\/\/semmelweis.hu\/ortopedklinika\/wp-json\/wp\/v2\/pages\/2161","targetHints":{"allow":["GET"]}}],"collection":[{"href":"https:\/\/semmelweis.hu\/ortopedklinika\/wp-json\/wp\/v2\/pages"}],"about":[{"href":"https:\/\/semmelweis.hu\/ortopedklinika\/wp-json\/wp\/v2\/types\/page"}],"author":[{"embeddable":true,"href":"https:\/\/semmelweis.hu\/ortopedklinika\/wp-json\/wp\/v2\/users\/101896"}],"replies":[{"embeddable":true,"href":"https:\/\/semmelweis.hu\/ortopedklinika\/wp-json\/wp\/v2\/comments?post=2161"}],"version-history":[{"count":3,"href":"https:\/\/semmelweis.hu\/ortopedklinika\/wp-json\/wp\/v2\/pages\/2161\/revisions"}],"predecessor-version":[{"id":3546,"href":"https:\/\/semmelweis.hu\/ortopedklinika\/wp-json\/wp\/v2\/pages\/2161\/revisions\/3546"}],"wp:attachment":[{"href":"https:\/\/semmelweis.hu\/ortopedklinika\/wp-json\/wp\/v2\/media?parent=2161"}],"wp:term":[{"taxonomy":"category","embeddable":true,"href":"https:\/\/semmelweis.hu\/ortopedklinika\/wp-json\/wp\/v2\/categories?post=2161"},{"taxonomy":"post_tag","embeddable":true,"href":"https:\/\/semmelweis.hu\/ortopedklinika\/wp-json\/wp\/v2\/tags?post=2161"}],"curies":[{"name":"wp","href":"https:\/\/api.w.org\/{rel}","templated":true}]}}