{"id":1618,"date":"2019-09-02T18:19:28","date_gmt":"2019-09-02T16:19:28","guid":{"rendered":"http:\/\/semmelweis.hu\/ortopedklinika\/?page_id=1618"},"modified":"2024-11-15T19:27:40","modified_gmt":"2024-11-15T18:27:40","slug":"tajekoztato-iv-eves-orvostanhallgatok-szamara","status":"publish","type":"page","link":"https:\/\/semmelweis.hu\/ortopedklinika\/oktatas\/hallgatoink-figyelmebe\/tajekoztato-iv-eves-orvostanhallgatok-szamara\/","title":{"rendered":"R\u00e9szletes t\u00e1j\u00e9koztat\u00f3"},"content":{"rendered":"<h4 style=\"text-align: justify\"><strong>AZ ORTOP\u00c9DIA OKTAT\u00c1S beoszt\u00e1sa, MENETE:<\/strong><\/h4>\n<p style=\"text-align: justify\">Minden csoport sz\u00e1m\u00e1ra n\u00e9gy hetes blokkban t\u00f6rt\u00e9nik a traumatol\u00f3gia-ortop\u00e9diai oktat\u00e1s. Az els\u0151 h\u00e1rom h\u00e9tben elm\u00e9leti \u00e9s gyakorlati oktat\u00e1s zajlik, a negyedik h\u00e9t a kollokviumi vizsga let\u00e9tel\u00e9re szolg\u00e1l. A 3 hetes oktat\u00e1s els\u0151 fel\u00e9ben traumatol\u00f3gia, m\u00e1sodik fel\u00e9ben ortop\u00e9dia oktat\u00e1s t\u00f6rt\u00e9nik. A magyar hallgat\u00f3k sz\u00e1m\u00e1ra az ortop\u00e9diai oktat\u00e1s a blokk m\u00e1sodik het\u00e9ben cs\u00fct\u00f6rt\u00f6k\u00f6n kezd\u0151dik, minden oktat\u00e1si napon 7 tan\u00f3r\u00e1ban, 9:00-15:15 \u00f3r\u00e1ig tart az oktat\u00e1s az al\u00e1bbi t\u00e1bl\u00e1zatban foglaltak szerint. Az \u00f3rarend az egyes blokkokban v\u00e1ltozhat, amelyr\u0151l az aktu\u00e1lis gyakorlatvezet\u0151 ad t\u00e1j\u00e9koztat\u00e1st. A blokk utols\u00f3 oktat\u00e1si napj\u00e1n (3. h\u00e9t cs\u00fct\u00f6rt\u00f6k) a hallgat\u00f3k sz\u00f3beli gyakorlati vizsg\u00e1n sz\u00e1molnak be a megszerzett ortop\u00e9diai gyakorlati tud\u00e1sukr\u00f3l.<\/p>\n<p><a href=\"https:\/\/semmelweis.hu\/ortopedklinika\/files\/2024\/11\/Kepernyofoto-2024-11-15-19.23.17.png\"><img loading=\"lazy\" decoding=\"async\" class=\"alignnone  wp-image-3477\" src=\"https:\/\/semmelweis.hu\/ortopedklinika\/files\/2024\/11\/Kepernyofoto-2024-11-15-19.23.17-400x273.png\" alt=\"\" width=\"710\" height=\"484\" srcset=\"https:\/\/semmelweis.hu\/ortopedklinika\/files\/2024\/11\/Kepernyofoto-2024-11-15-19.23.17-400x273.png 400w, https:\/\/semmelweis.hu\/ortopedklinika\/files\/2024\/11\/Kepernyofoto-2024-11-15-19.23.17-1024x698.png 1024w, https:\/\/semmelweis.hu\/ortopedklinika\/files\/2024\/11\/Kepernyofoto-2024-11-15-19.23.17-768x523.png 768w, https:\/\/semmelweis.hu\/ortopedklinika\/files\/2024\/11\/Kepernyofoto-2024-11-15-19.23.17-1536x1047.png 1536w, https:\/\/semmelweis.hu\/ortopedklinika\/files\/2024\/11\/Kepernyofoto-2024-11-15-19.23.17-175x120.png 175w, https:\/\/semmelweis.hu\/ortopedklinika\/files\/2024\/11\/Kepernyofoto-2024-11-15-19.23.17-753x513.png 753w, https:\/\/semmelweis.hu\/ortopedklinika\/files\/2024\/11\/Kepernyofoto-2024-11-15-19.23.17.png 1840w\" sizes=\"auto, (max-width: 710px) 100vw, 710px\" \/><\/a><\/p>\n<p>&nbsp;<\/p>\n<h4 style=\"text-align: justify\"><strong>AZ EL\u0150AD\u00c1SOK tematik\u00e1ja:<\/strong><\/h4>\n<ol style=\"text-align: justify\">\n<li><strong>A k\u00e9z betegs\u00e9gei. <\/strong><span style=\"font-size: 1rem;text-align: left\">A k\u00e9z leggyakoribb rendelleness\u00e9gei. Alag\u00fatszindr\u00f3m\u00e1k. Dupuytren betegs\u00e9g. A k\u00e9z tumorszer\u0171 elv\u00e1ltoz\u00e1sai, daganatos megbeteged\u00e9sei. A k\u00e9z \u00edz\u00fcleteinek arthrosisai. A k\u00e9zs\u00e9r\u00fcl\u00e9sek ut\u00e1n m\u00e1sodlagos helyre\u00e1ll\u00edt\u00e1s lehet\u0151s\u00e9gei. Reum\u00e1s betegs\u00e9g k\u00f6vetkezm\u00e9nyei. A k\u00e9z fejl\u0151d\u00e9si rendelleness\u00e9gei. A carpus betegs\u00e9gei.<\/span><\/li>\n<li><strong>A boka \u00e9s a l\u00e1b betegs\u00e9gei. <\/strong>A l\u00e1b funkcion\u00e1lis anat\u00f3mi\u00e1ja. Hallux valgus. Metatarsalgia, kalap\u00e1csujj deformit\u00e1s. Hallux rigidus. Plantaris fasciitis. Pes planus. Diabeteszes arthropathia. Achillodynia. A boka \u00e9s a l\u00e1b \u00edz\u00fcleteinek arthrosisai. \u00a0<\/li>\n<li><strong>Gyermekortop\u00e9dia. <\/strong><span style=\"font-size: 1rem;text-align: left\">Velesz\u00fcletett cs\u00edp\u0151ficam, serd\u00fcl\u0151kori combfej elcs\u00fasz\u00e1s (epiphyseolysis capitis femoris).<\/span><\/li>\n<li><strong>Tumorok \u00e9s tumorszer\u0171 elv\u00e1ltoz\u00e1sok. <\/strong>Primer \u00e9s secunder csont- \u00e9s porc daganatok, tumorszer\u0171 elv\u00e1ltoz\u00e1sok a mozgat\u00f3 szervrendszerben, malignus \u00e9s benignus l\u00e1gyr\u00e9sztumorok diagnosztik\u00e1ja, kezel\u00e9se.\u00a0<\/li>\n<li><strong>A cs\u00edp\u0151\u00edz\u00fclet betegs\u00e9gei. <\/strong>Velesz\u00fcletett fejl\u0151d\u00e9si rendelleness\u00e9gek. Avascularis combfej necrosis. Cs\u00edp\u0151\u00edz\u00fcleti kontrat\u00far\u00e1k. A cs\u00edp\u0151 degenerat\u00edv betegs\u00e9gei, cs\u00edp\u0151\u00edz\u00fcleti arthrosis \u00e9s kezel\u00e9s\u00fck.<\/li>\n<li><strong>A t\u00e9rd\u00edz\u00fclet betegs\u00e9gei. <\/strong>A t\u00e9rd degenerat\u00edv betegs\u00e9gei. T\u00e9rd k\u00f6r\u00fcli korrekci\u00f3s osteotomi\u00e1k. Instabil t\u00e9rd. Keresztszalag szakad\u00e1s, meniscus s\u00e9r\u00fcl\u00e9s. Asepticus osteochondrosisok, osteochondritis dissecans. A patella elv\u00e1ltoz\u00e1sai.<\/li>\n<li><strong>A v\u00e1ll betegs\u00e9gei. <\/strong>A v\u00e1ll\u00edz\u00fclet anat\u00f3mi\u00e1ja. Subacromialis impingement. Rot\u00e1tork\u00f6peny (ROK) szakad\u00e1s. Glenohumeralis instabilit\u00e1s. V\u00e1ll\u00edz\u00fcleti arthrosis.<\/li>\n<li><strong>A v\u00e9gtagok \u00edz\u00fcleti \u00e9s csontot \u00e9rint\u0151 gyullad\u00e1sos, szeptikus betegs\u00e9gei. <\/strong>Osteomyelitis, arthritis purulenta, krist\u00e1ly arthropathi\u00e1k.<\/li>\n<li><strong>A gerinc betegs\u00e9gei. <\/strong>Degenerat\u00edv gerincbetegs\u00e9gek. A gerinc deformit\u00e1sai, scoliosis, Scheuermann betegs\u00e9g. A gerinc daganatos betegs\u00e9gei. A gerincseb\u00e9szet alapjai. <br \/>\n\u00a0<strong><br \/>\n<\/strong><\/li>\n<\/ol>\n<h4 style=\"text-align: justify\"><strong>GYAKORLATI OKTAT\u00c1S:<\/strong><\/h4>\n<p>A gyakorlati oktat\u00e1s els\u0151dleges c\u00e9lja a\u00a0legfontosabb ortop\u00e9diai betegs\u00e9gek \u00e9s kezel\u00e9s\u00fck megismer\u00e9se, illetve a betegvizsg\u00e1lat elsaj\u00e1t\u00edt\u00e1sa.\u00a0A gyakorlatok sor\u00e1n r\u00e9szben az eg\u00e9sz csoport sz\u00e1m\u00e1ra tartott szemin\u00e1riumokon, r\u00e9szben kiscsoportos oktat\u00e1s sor\u00e1n ny\u00edlik lehet\u0151s\u00e9g a gyakorlati szeml\u00e9let\u0171 tud\u00e1s megszerz\u00e9s\u00e9re. A szemin\u00e1riumok sor\u00e1n interakt\u00edv el\u0151ad\u00e1sok,\u00a0betegbemutat\u00e1sok \u00e9s esettanulm\u00e1nyok seg\u00edts\u00e9g\u00e9vel tan\u00edtjuk meg a betegvizsg\u00e1latot, illetve az elm\u00e9leti tananyag gyakorlati alkalmaz\u00e1s\u00e1t. A kiscsoportos oktat\u00e1s sor\u00e1n pedig a betegvizsg\u00e1lat, fizik\u00e1lis vizsg\u00e1lat gyakorl\u00e1sa mellett lehet\u0151s\u00e9get biztos\u00edtunk a hallgat\u00f3knak m\u0171t\u00e9tek megtekint\u00e9s\u00e9re, illetve az ambul\u00e1ns rendel\u00e9s, csecsem\u0151kori cs\u00edp\u0151sz\u0171r\u00e9s \u00e9s gipszkezel\u00e9s megismer\u00e9s\u00e9re is.<\/p>\n<h4>\u00a0<\/h4>\n<h4 style=\"text-align: justify\"><strong>Az oktat\u00e1s helysz\u00ednei:<\/strong><\/h4>\n<p style=\"text-align: justify\">A blokkos\u00edtott oktat\u00e1s helysz\u00edne a Semmelweis Egyetem Ortop\u00e9diai Klinika (\u00dcll\u0151i \u00fat 78\/B, Kor\u00e1nyi T\u00f6mb, 2. emelet) el\u0151ad\u00f3termei, illetve fekv\u0151- \u00e9s j\u00e1r\u00f3beteg ell\u00e1t\u00f3 oszt\u00e1lyai.<\/p>\n<p style=\"text-align: justify\">A blokkok els\u0151 napj\u00e1n minden csoport sz\u00e1m\u00e1ra a gy\u00fclekez\u00e9s a 2. emeleti el\u0151ad\u00f3terem (liftek melletti konferenciaterem) el\u0151tt t\u00f6rt\u00e9nik, a reggel 9 \u00f3rakor kezd\u0151d\u0151 el\u0151ad\u00e1sokat a konferenciateremben tartjuk. A szemin\u00e1riumok helysz\u00edne a konferenciaterem vagy a Titk\u00e1rs\u00e1ggal szemben l\u00e9v\u0151 V\u00edzkelety terem, a kiscsoportos gyakorlati oktat\u00e1s pedig a 2. emeleti fekv\u0151beteg oszt\u00e1lyon vagy az 5. emeleti m\u0171t\u0151ben t\u00f6rt\u00e9nik.<\/p>\n<p>Kihelyezett gyakorlatok:<\/p>\n<ul>\n<li>az Ortop\u00e9diai Klinika ambulanci\u00e1i jelenleg az egyetem Mer\u00e9nyi Guszt\u00e1v K\u00f3rh\u00e1z telephely\u00e9n m\u0171k\u00f6dnek (Bp. IX. ker., Gy\u00e1li \u00fat 17-19., 30-as \u00e9p\u00fclet I. emelet). A blokkoktat\u00e1s sor\u00e1n n\u00e9h\u00e1ny gyakorlatot ezen a telephelyen tartunk, amelyek rendj\u00e9r\u0151l a gyakorlatvet\u0151 t\u00e1j\u00e9koztatja a hallgat\u00f3kat.<\/li>\n<\/ul>\n<p style=\"text-align: justify\">A gyakorlatokhoz sz\u00fcks\u00e9ges k\u00f6penyt a hallgat\u00f3k sz\u00e1m\u00e1ra az Ortop\u00e9diai Klinika biztos\u00edt, err\u0151l k\u00fcl\u00f6n nem sz\u00fcks\u00e9ges gondoskodni, de minden hallgat\u00f3 saj\u00e1t k\u00f6penyt is haszn\u00e1lhat.<\/p>\n<p>&nbsp;<\/p>\n<h4 style=\"text-align: justify\"><strong>HI\u00c1NYZ\u00c1S, P\u00d3TL\u00c1S:<\/strong><\/h4>\n<p style=\"font-weight: 400\">A 39\/2023. (V.25.) szen\u00e1tusi hat\u00e1rozattal m\u00f3dos\u00edtott, 2023. j\u00fanius 6-t\u00f3l hat\u00e1lyos Semmelweis Egyetem Szervezeti \u00e9s M\u0171k\u00f6d\u00e9si Szab\u00e1lyzat \u2013 III. K\u00d6NYV Hallgat\u00f3i K\u00f6vetelm\u00e9nyrendszer \u2013 III.2. R\u00c9SZ Tanulm\u00e1nyi \u00e9s Vizsgaszab\u00e1lyzat 29. \u00a7 4) pontja \u00e9rtelm\u00e9ben:<\/p>\n<p style=\"font-weight: 400\">\u201e \u2026\u2026\u2026 az \u00c1ltal\u00e1nos Orvostudom\u00e1nyi Kar\u00a0<strong>IV-V. \u00e9vfolyam\u00e1n blokkos\u00edtott oktat\u00e1si rendszerben oktatott t\u00e1rgyak eset\u00e9n a hi\u00e1nyz\u00e1sok a blokkba \u00e9p\u00edtett el\u0151ad\u00e1sok, szemin\u00e1riumok \u00e9s a jelenl\u00e9tet ig\u00e9nyl\u0151 gyakorlatok eset\u00e9ben egyben \u00e9rt\u00e9kelend\u0151k, \u00e9s a 10%-ot nem haladhatj\u00e1k meg.<\/strong>\u00a0A p\u00f3tl\u00e1st az oktat\u00e1si-kutat\u00e1si szervezeti egys\u00e9g biztos\u00edthatja ak\u00e1r \u00e9jszakai vagy h\u00e9tv\u00e9gi \u00fcgyeleti id\u0151 keret\u00e9ben.\u201d<\/p>\n<p>Az ortop\u00e9diai oktat\u00e1s sor\u00e1n 35 tan\u00f3r\u00e1t tartunk, a fenti szab\u00e1lyoz\u00e1s \u00e9rtelm\u00e9ben 3 tan\u00f3ra hi\u00e1nyz\u00e1s fogadhat\u00f3 el. A blokkoktat\u00e1s fel\u00e9p\u00edt\u00e9se miatt a p\u00f3tl\u00e1s szem\u00e9lyre szabottan t\u00f6rt\u00e9nik, ennek meghat\u00e1roz\u00e1sa \u00e9rdek\u00e9ben a gyakorlatvezet\u0151t, vagy a Professzori Titk\u00e1rs\u00e1got keress\u00e9k az aktu\u00e1lis \u00f3rarend szerinti elmaradt \u00f3r\u00e1k megjel\u00f6l\u00e9s\u00e9vel.<\/p>\n<p>&nbsp;<\/p>\n<h4 style=\"text-align: justify\"><strong>Aj\u00e1nlott irodalom, e-tananyag:<\/strong><\/h4>\n<p style=\"text-align: justify\">A vizsg\u00e1ra val\u00f3 felk\u00e9sz\u00fcl\u00e9shez az el\u0151ad\u00e1sok \u00e9s gyakorlatok anyag\u00e1n fel\u00fcl aj\u00e1nljuk az egyetem hivatalos Ortop\u00e9dia tank\u00f6nyv\u00e9nek legut\u00f3bbi, 2018-as kiad\u00e1s\u00e1t, illetve a Moodle-ban el\u00e9rhet\u0151 e-tananyagot, amelyben a hagyom\u00e1nyos tananyag mellett narr\u00e1lt el\u0151ad\u00e1sok, betegvizsg\u00e1lati vide\u00f3k, r\u00f6ntgenek \u00e9s esetbemutat\u00e1sok is tal\u00e1lhat\u00f3k. A felks\u00e9z\u00fcl\u00e9shez vez\u00e9rfonalk\u00e9nt az al\u00e1bbi t\u00e9telsor szolg\u00e1l.<\/p>\n<h4 style=\"text-align: justify\"><a href=\"https:\/\/semmelweis.hu\/ortopedklinika\/oktatas\/hallgatoink-figyelmebe\/tetelsor\/\"><strong>T\u00c9TELSOR<\/strong><\/a><\/h4>\n<p>&nbsp;<\/p>\n<h4 style=\"text-align: justify\"><a href=\"https:\/\/semmelweis.hu\/ortopedklinika\/oktatas\/hallgatoink-figyelmebe\/gyakorlati-vizsga-tetelsor\/\"><strong>GYAKORLATI VIZSGA<\/strong><\/a><\/h4>\n<p>&nbsp;<\/p>\n<h4><strong>El\u00e9rhet\u0151s\u00e9gek<\/strong><\/h4>\n<p style=\"text-align: justify\">K\u00e9r\u00fcnk mindenkit, hogy a blokkoktat\u00e1s sor\u00e1n felmer\u00fcl\u0151 probl\u00e9m\u00e1kkal, k\u00e9rd\u00e9sekkel minden hallgat\u00f3 els\u0151 k\u00f6rben a gyakorlatvezet\u0151t keresse fel a gyakorlati id\u0151ben.<\/p>\n<p style=\"text-align: justify\">Az oktat\u00f3k d\u00f6nt\u00e9sk\u00f6r\u00e9n t\u00falmutat\u00f3 k\u00e9rd\u00e9sekkel a Professzori Titk\u00e1rs\u00e1got sz\u00edveskedjenek megkeresni elektronikus \u00faton az al\u00e1bbi el\u00e9rhet\u0151s\u00e9gen vagy szem\u00e9lyesen munkaid\u0151ben.<\/p>\n<div class=\"keretes w-100\">\n<p style=\"text-align: justify\"><strong>dr. Domos Gyula<br \/>\n<\/strong>tanulm\u00e1nyi felel\u0151s<br \/>\nE-mail: titkarsag.ortopedia@semmelweis.hu<\/p>\n<\/div>\n","protected":false},"excerpt":{"rendered":"<p>AZ ORTOP\u00c9DIA OKTAT\u00c1S beoszt\u00e1sa, MENETE: Minden csoport sz\u00e1m\u00e1ra n\u00e9gy hetes blokkban t\u00f6rt\u00e9nik a traumatol\u00f3gia-ortop\u00e9diai oktat\u00e1s. Az els\u0151 h\u00e1rom h\u00e9tben elm\u00e9leti \u00e9s gyakorlati oktat\u00e1s zajlik, a negyedik h\u00e9t a kollokviumi vizsga let\u00e9tel\u00e9re szolg\u00e1l. A 3 hetes oktat\u00e1s els\u0151 fel\u00e9ben traumatol\u00f3gia, m\u00e1sodik fel\u00e9ben ortop\u00e9dia oktat\u00e1s t\u00f6rt\u00e9nik. A magyar hallgat\u00f3k sz\u00e1m\u00e1ra az ortop\u00e9diai oktat\u00e1s a blokk m\u00e1sodik het\u00e9ben &hellip;<\/p>\n","protected":false},"author":101111,"featured_media":0,"parent":1677,"menu_order":3,"comment_status":"closed","ping_status":"closed","template":"","meta":{"_acf_changed":false,"footnotes":""},"categories":[],"tags":[],"class_list":["post-1618","page","type-page","status-publish","hentry"],"acf":[],"_links":{"self":[{"href":"https:\/\/semmelweis.hu\/ortopedklinika\/wp-json\/wp\/v2\/pages\/1618","targetHints":{"allow":["GET"]}}],"collection":[{"href":"https:\/\/semmelweis.hu\/ortopedklinika\/wp-json\/wp\/v2\/pages"}],"about":[{"href":"https:\/\/semmelweis.hu\/ortopedklinika\/wp-json\/wp\/v2\/types\/page"}],"author":[{"embeddable":true,"href":"https:\/\/semmelweis.hu\/ortopedklinika\/wp-json\/wp\/v2\/users\/101111"}],"replies":[{"embeddable":true,"href":"https:\/\/semmelweis.hu\/ortopedklinika\/wp-json\/wp\/v2\/comments?post=1618"}],"version-history":[{"count":13,"href":"https:\/\/semmelweis.hu\/ortopedklinika\/wp-json\/wp\/v2\/pages\/1618\/revisions"}],"predecessor-version":[{"id":3478,"href":"https:\/\/semmelweis.hu\/ortopedklinika\/wp-json\/wp\/v2\/pages\/1618\/revisions\/3478"}],"up":[{"embeddable":true,"href":"https:\/\/semmelweis.hu\/ortopedklinika\/wp-json\/wp\/v2\/pages\/1677"}],"wp:attachment":[{"href":"https:\/\/semmelweis.hu\/ortopedklinika\/wp-json\/wp\/v2\/media?parent=1618"}],"wp:term":[{"taxonomy":"category","embeddable":true,"href":"https:\/\/semmelweis.hu\/ortopedklinika\/wp-json\/wp\/v2\/categories?post=1618"},{"taxonomy":"post_tag","embeddable":true,"href":"https:\/\/semmelweis.hu\/ortopedklinika\/wp-json\/wp\/v2\/tags?post=1618"}],"curies":[{"name":"wp","href":"https:\/\/api.w.org\/{rel}","templated":true}]}}