{"id":2244,"date":"2020-01-31T15:55:38","date_gmt":"2020-01-31T14:55:38","guid":{"rendered":"http:\/\/semmelweis.hu\/orgchem\/?page_id=2244"},"modified":"2026-03-02T11:25:00","modified_gmt":"2026-03-02T10:25:00","slug":"munkatarsak","status":"publish","type":"page","link":"https:\/\/semmelweis.hu\/orgchem\/munkatarsak\/","title":{"rendered":"Munkat\u00e1rsaink"},"content":{"rendered":"<p>&nbsp;<\/p>\n<p><img decoding=\"async\" class=\"alignleft\" style=\"max-width: 150px;max-height: 100%\" src=\"https:\/\/semmelweis.hu\/orgchem\/files\/2026\/01\/istvanmandity.jpg\" alt=\"Dr. M\u00e1ndity Istv\u00e1n\" \/><\/p>\n<p><strong>INT\u00c9ZETIGAZGAT\u00d3<\/strong><\/p>\n<p><a href=\"https:\/\/semmelweis.hu\/telefonkonyv\/?emp_id=12924\" target=\"_blank\" rel=\"noopener noreferrer\"><strong>Dr. M\u00e1ndity Istv\u00e1n, habil. Ph.D.<\/strong><\/a><br \/>\nEgyetemi docens<\/p>\n<p>Telefon: 06-1-217-0851; 06-1-476-36-00\/53055; 06-20-670-1186<br \/>\nE-mail: <a href=\"mailto:mandity.istvan@semmelweis.hu\">mandity.istvan@semmelweis.hu<\/a><br \/>\n<a href=\"https:\/\/semmelweis.hu\/orgchem\/files\/2018\/09\/MI_cv_2018_09_HUN.pdf\" target=\"_blank\" rel=\"noopener noreferrer\">\u00d6n\u00e9letrajz<\/a><br \/>\n<a href=\"https:\/\/semmelweis.hu\/orgchem\/files\/2018\/09\/MI_publist_2018_09_HUN.pdf\" target=\"_blank\" rel=\"noopener noreferrer\">Publik\u00e1ci\u00f3k<\/a><\/p>\n<hr \/>\n<p><img decoding=\"async\" class=\"alignleft\" style=\"max-width: 150px;max-height: 100%\" src=\"https:\/\/semmelweis.hu\/orgchem\/files\/2026\/01\/gaborkrajsovszky.jpg\" alt=\"Dr. Krajsovszky G\u00e1bor\" \/><\/p>\n<p><strong>IGAZGAT\u00d3HELYETTES<\/strong><\/p>\n<p><strong><a href=\"https:\/\/semmelweis.hu\/telefonkonyv\/?emp_id=378\">Dr. Krajsovszky G\u00e1bor, Ph.D.<\/a><\/strong><br \/>\negyetemi docens, tanulm\u00e1nyi felel\u0151s (magyar \u00e9s n\u00e9met), TDK felel\u0151s<\/p>\n<p>Telefon: 06-1-476-36-00\/53021<br \/>\nE-mail: <a href=\"mailto:krajsovszky.gabor@semmelweis.hu\">krajsovszky.gabor@semmelweis.hu<\/a><br \/>\n<a href=\"https:\/\/semmelweis.hu\/orgchem\/files\/2026\/01\/KG_cv_hun_2026_01.pdf\" target=\"_blank\" rel=\"noopener noreferrer\">\u00d6n\u00e9letrajz<\/a><br \/>\n<a href=\"https:\/\/semmelweis.hu\/orgchem\/files\/2026\/01\/KG_publist_hun_2026_01.pdf\" target=\"_blank\" rel=\"noopener noreferrer\">Publik\u00e1ci\u00f3k<\/a><\/p>\n<hr \/>\n<p><img decoding=\"async\" class=\"alignleft\" style=\"max-width: 150px;max-height: 100%\" src=\"https:\/\/semmelweis.hu\/orgchem\/files\/2026\/01\/balazsbalogh.jpg\" alt=\"Dr. Balogh Bal\u00e1zs\" \/><\/p>\n<p><strong><a href=\"https:\/\/semmelweis.hu\/telefonkonyv\/?emp_id=386\" target=\"_blank\" rel=\"noopener noreferrer\">Dr. Balogh Bal\u00e1zs, Ph.D.<\/a><br \/>\n<\/strong>egyetemi adjunktus, informatikai megb\u00edzott, honlap szerkeszt\u0151<\/p>\n<p>Telefon: 06-1-476-36-00\/53851; 06-20-825-9944<br \/>\nE-mail: <a href=\"mailto:balogh.balazs@semmelweis.hu\">balogh.balazs@semmelweis.hu<\/a><\/p>\n<p><a href=\"https:\/\/semmelweis.hu\/orgchem\/files\/2025\/01\/BB_CV_2025_Jan_HUN.pdf\" target=\"_blank\" rel=\"noopener\">\u00d6n\u00e9letrajz<\/a><br \/>\n<a href=\"https:\/\/semmelweis.hu\/orgchem\/files\/2025\/01\/BB_PubList_2025_jan_HU.pdf\" target=\"_blank\" rel=\"noopener\">Publik\u00e1ci\u00f3k<\/a><\/p>\n<hr \/>\n<p><img decoding=\"async\" class=\"alignleft\" style=\"max-width: 150px;max-height: 100%\" src=\"https:\/\/semmelweis.hu\/orgchem\/files\/2026\/01\/dorabogdan.jpg\" alt=\"Dr. Bogd\u00e1n D\u00f3ra\" \/><strong><a href=\"https:\/\/semmelweis.hu\/telefonkonyv\/?emp_id=8428\" target=\"_blank\" rel=\"noopener noreferrer\">Dr. Bogd\u00e1n D\u00f3ra, Ph.D.<\/a><br \/>\n<\/strong>egyetemi adjunktus<\/p>\n<p>Telefon: 06-1-476-36-00\/53018; 06-20-666-3259<br \/>\nE-mail: <a href=\"mailto:bogdan.dora@semmelweis.hu\">bogdan.dora@semmelweis.hu<\/a><\/p>\n<p><a href=\"https:\/\/semmelweis.hu\/orgchem\/files\/2020\/01\/BD_CV_2020_01_HUN.pdf\" target=\"_blank\" rel=\"noopener noreferrer\">\u00d6n\u00e9letrajz<\/a><br \/>\n<a href=\"https:\/\/semmelweis.hu\/orgchem\/files\/2021\/06\/BD_publist_2021_06_HUN.pdf\" target=\"_blank\" rel=\"noopener noreferrer\">Publik\u00e1ci\u00f3k<\/a><\/p>\n<hr \/>\n<p><img decoding=\"async\" class=\"alignleft\" style=\"max-width: 150px;max-height: 100%\" src=\"https:\/\/semmelweis.hu\/orgchem\/files\/2026\/01\/enikocsuka.jpg\" alt=\"Csuka Enik\u0151\" \/><\/p>\n<p><strong><a href=\"https:\/\/semmelweis.hu\/telefonkonyv\/?emp_id=26449\" target=\"_blank\" rel=\"noopener noreferrer\">Csuka Enik\u0151<\/a><br \/>\n<\/strong>kutat\u00e1si asszisztens<strong><br \/>\n<\/strong><\/p>\n<p>Telefon: 06-1-476-36-00\/53028<br \/>\nE-mail: <a href=\"mailto:csuka.eniko@semmelweis.hu\">csuka.eniko@semmelweis.hu<\/a><\/p>\n<hr \/>\n<p><img decoding=\"async\" class=\"alignleft\" style=\"max-width: 150px;max-height: 100%\" src=\"https:\/\/semmelweis.hu\/orgchem\/files\/2026\/01\/andreaczompa.jpg\" alt=\"Dr. Czompa Andrea\" \/><\/p>\n<p><strong><a href=\"https:\/\/semmelweis.hu\/telefonkonyv\/?emp_id=1897\" target=\"_blank\" rel=\"noopener noreferrer\">Dr. Czompa Andrea, Ph.D.<\/a><br \/>\n<\/strong>egyetemi adjunktus<strong><br \/>\n<\/strong><\/p>\n<p>Telefon: 06-1-476-36-00\/53035; 06-20-825-0840<br \/>\nE-mail: <a href=\"mailto:czompa.andrea@semmelweis.hu\">czompa.andrea@semmelweis.hu<\/a><\/p>\n<p><a href=\"https:\/\/semmelweis.hu\/orgchem\/files\/2025\/09\/CzA_cv_2025_HU.pdf\" target=\"_blank\" rel=\"noopener\">\u00d6n\u00e9letrajz<\/a><br \/>\n<a href=\"https:\/\/semmelweis.hu\/orgchem\/files\/2025\/09\/CzA-PublList2025_09_HU.pdf\" target=\"_blank\" rel=\"noopener\">Publik\u00e1ci\u00f3k<\/a><\/p>\n<hr \/>\n<p><img decoding=\"async\" class=\"alignleft\" style=\"max-width: 150px;max-height: 100%\" src=\"https:\/\/semmelweis.hu\/orgchem\/files\/2026\/02\/krisztinaczagany.jpg\" alt=\"Czag\u00e1ny Krisztina\" \/><\/p>\n<p><strong><a href=\"https:\/\/semmelweis.hu\/telefonkonyv\/?emp_id=393\" target=\"_blank\" rel=\"noopener noreferrer\">Czag\u00e1ny Krisztina<\/a><br \/>\n<\/strong>gazdas\u00e1gi koordin\u00e1tor<strong><br \/>\n<\/strong><\/p>\n<p>Telefon: 06-1-476-36-00\/53005; 06-20-825-0852<br \/>\nE-mail: <a href=\"mailto:czagany.krisztina@semmelweis.hu\">czagany.krisztina@semmelweis.hu<\/a><\/p>\n<hr \/>\n<p><img decoding=\"async\" class=\"alignleft\" style=\"max-width: 150px;max-height: 100%\" src=\"https:\/\/semmelweis.hu\/orgchem\/files\/2026\/01\/ruthdeme.jpg\" alt=\"Dr. Deme Ruth\" \/><strong><a href=\"https:\/\/semmelweis.hu\/telefonkonyv\/?emp_id=8058\" target=\"_blank\" rel=\"noopener noreferrer\">Dr. Deme Ruth, Ph.D.<\/a><br \/>\n<\/strong>egyetemi tan\u00e1rseg\u00e9d<\/p>\n<p>Telefon: 06-1-476-36-00\/53005; 06-20-663-2764<br \/>\nE-mail: <a href=\"mailto:deme.ruth@semmelweis.hu\">deme.ruth@semmelweis.hu<\/a><\/p>\n<p><a href=\"https:\/\/semmelweis.hu\/orgchem\/files\/2021\/09\/DR_CV_2021_09_HUN.pdf\" target=\"_blank\" rel=\"noopener noreferrer\">\u00d6n\u00e9letrajz<\/a><br \/>\n<a href=\"https:\/\/semmelweis.hu\/orgchem\/files\/2021\/09\/DR_publist_2021_09__HUN.pdf\" target=\"_blank\" rel=\"noopener noreferrer\">Publik\u00e1ci\u00f3k<\/a><\/p>\n<hr \/>\n<p><img decoding=\"async\" class=\"alignleft\" style=\"max-width: 150px;max-height: 100%\" src=\"https:\/\/semmelweis.hu\/orgchem\/files\/2025\/08\/DunkelPetra_portre-scaled.jpg\" alt=\"Dr. Dunkel Petra\" \/><\/p>\n<p><strong><a href=\"https:\/\/semmelweis.hu\/telefonkonyv\/?emp_id=14322\" target=\"_blank\" rel=\"noopener noreferrer\">Dr. Dunkel Petra, Ph.D.<\/a><br \/>\n<\/strong>egyetemi adjunktus, tanulm\u00e1nyi felel\u0151s (angol)<\/p>\n<p>Telefon: 06-1-476-36-00\/53006, 53038<br \/>\nE-mail: <a href=\"mailto:dunkel.petra@semmelweis.hu\">dunkel.petra@semmelweis.hu<\/a><strong><br \/>\n<\/strong><\/p>\n<p><a href=\"https:\/\/semmelweis.hu\/orgchem\/files\/2025\/08\/CV_DP_20250801_HU1.pdf\" target=\"_blank\" rel=\"noopener noreferrer\">\u00d6n\u00e9letrajz<\/a><br \/>\n<a href=\"https:\/\/semmelweis.hu\/orgchem\/files\/2020\/01\/DP_publist_2020_01_HUN.pdf\" target=\"_blank\" rel=\"noopener noreferrer\">Publik\u00e1ci\u00f3k<\/a><\/p>\n<hr \/>\n<p><img decoding=\"async\" class=\"alignleft\" style=\"max-width: 150px;max-height: 100%\" src=\"https:\/\/semmelweis.hu\/orgchem\/files\/2026\/01\/esztererdei.jpg\" alt=\"Erdei Eszter\" \/> <strong><a href=\"https:\/\/semmelweis.hu\/telefonkonyv\/?emp_id=22098\" target=\"_blank\" rel=\"noopener\">Dr. Erdei Eszter<\/a><br \/>\n<\/strong>Tan\u00e1rseg\u00e9d<\/p>\n<p>Telefon: 06-1-476-36-00\/53055<br \/>\nE-mail: <a href=\"mailto:erdei.eszter@stud.semmelweis.hu\" target=\"_blank\" rel=\"noopener\">erdei.eszter@stud.semmelweis.hu<\/a><\/p>\n<p><a href=\"https:\/\/semmelweis.hu\/orgchem\/files\/2023\/10\/EE_cv_2023_10_HUN.pdf\" target=\"_blank\" rel=\"noopener noreferrer\">\u00d6n\u00e9letrajz<\/a><\/p>\n<hr \/>\n<p><img decoding=\"async\" class=\"alignleft\" style=\"max-width: 150px;max-height: 100%\" src=\"https:\/\/semmelweis.hu\/orgchem\/files\/2026\/01\/ilonabotos.jpg\" alt=\"F\u00fcl\u00f6pn\u00e9 Botos Ilona\" \/><\/p>\n<p><strong><a href=\"https:\/\/semmelweis.hu\/telefonkonyv\/?emp_id=16171\">F\u00fcl\u00f6pn\u00e9 Botos Ilona<\/a><br \/>\n<\/strong>oktat\u00e1si asszisztens<strong><br \/>\n<\/strong><\/p>\n<p>Telefon: 06-1-476-36-00\/53045 \u00e9s 53065<br \/>\nE-mail: <a href=\"fulopne.botos.ilona@semmelweis.hu\">fulopne.botos.ilona@semmelweis.hu<\/a><\/p>\n<hr \/>\n<p><img decoding=\"async\" class=\"alignleft\" style=\"max-width: 150px;max-height: 100%\" src=\"https:\/\/semmelweis.hu\/orgchem\/files\/2026\/01\/zoltankaleta.jpg\" alt=\"Dr. Kaleta Zolt\u00e1n\" \/><\/p>\n<p><strong><a href=\"https:\/\/semmelweis.hu\/telefonkonyv\/?emp_id=21098\" target=\"_blank\" rel=\"noopener noreferrer\">Dr. Kaleta Zolt\u00e1n, Ph.D.<\/a><br \/>\n<\/strong>egyetemi adjunktus<\/p>\n<p>Telefon: 06-1-476-36-00\/53028<br \/>\nE-mail: <a href=\"mailto:kaleta.zoltan@semmelweis.hu\">kaleta.zoltan@semmelweis.hu<\/a><\/p>\n<p><a href=\"https:\/\/semmelweis.hu\/orgchem\/files\/2023\/02\/KZ_CV_2023_02_HUN.pdf\" target=\"_blank\" rel=\"noopener noreferrer\">\u00d6n\u00e9letrajz<\/a><\/p>\n<hr \/>\n<p><img decoding=\"async\" class=\"alignleft\" style=\"max-width: 150px;max-height: 100%\" src=\"https:\/\/semmelweis.hu\/orgchem\/files\/2026\/01\/bencekontra.jpg\" alt=\"Kontra Bence\" \/><strong><a href=\"https:\/\/semmelweis.hu\/telefonkonyv\/?emp_id=22092\" target=\"_blank\" rel=\"noopener noreferrer\">Kontra Bence<\/a><br \/>\n<\/strong>Ph.D. hallgat\u00f3<\/p>\n<p>Telefon: 06-1-476-36-00\/53006<br \/>\nE-mail: <a href=\"mailto:kontra.bence@phd.semmelweis.hu\">kontra.bence@phd.semmelweis.hu<\/a><\/p>\n<p><a href=\"https:\/\/semmelweis.hu\/orgchem\/files\/2023\/10\/KB_cv_2023_10_HUN.pdf\" target=\"_blank\" rel=\"noopener noreferrer\">\u00d6n\u00e9letrajz<\/a><\/p>\n<hr \/>\n<p><img decoding=\"async\" class=\"alignleft\" style=\"max-width: 150px;max-height: 100%\" src=\"https:\/\/semmelweis.hu\/orgchem\/files\/2026\/01\/robertludmerczki.jpg\" alt=\"Ludmerczki R\u00f3bert\" \/><strong><a href=\"https:\/\/semmelweis.hu\/telefonkonyv\/?emp_id=6872\" target=\"_blank\" rel=\"noopener noreferrer\">Dr. Ludmerczki R\u00f3bert, Ph.D.<\/a><br \/>\n<\/strong>egyetemi tan\u00e1rseg\u00e9d<\/p>\n<p>Telefon: 06-1-476-36-00\/53851; 06-20-825-0841<br \/>\nE-mail: <a href=\"mailto:ludmerczki.robert@semmelweis.hu\">ludmerczki.robert@semmelweis.hu<\/a><\/p>\n<p><a href=\"https:\/\/semmelweis.hu\/orgchem\/files\/2020\/01\/LR_CV_2020_01_HUN.pdf\" target=\"_blank\" rel=\"noopener noreferrer\">\u00d6n\u00e9letrajz<\/a><br \/>\n<a href=\"https:\/\/semmelweis.hu\/orgchem\/files\/2020\/01\/LR_publist_2020_01_HUN.pdf\" target=\"_blank\" rel=\"noopener noreferrer\">Publik\u00e1ci\u00f3k<\/a><\/p>\n<hr \/>\n<p><img decoding=\"async\" class=\"alignleft\" style=\"max-width: 150px;max-height: 100%\" src=\"https:\/\/semmelweis.hu\/orgchem\/files\/2026\/01\/andrasmandoki.jpg\" alt=\"Dr. M\u00e1ndoki Andr\u00e1s\" \/> <strong><a href=\"https:\/\/semmelweis.hu\/telefonkonyv\/?emp_id=22102\" target=\"_blank\" rel=\"noopener\">Dr. M\u00e1ndoki Andr\u00e1s<\/a><br \/>\n<\/strong>rezidens<\/p>\n<p>Telefon: 06-1-476-36-00\/53055<br \/>\nE-mail: <a href=\"mailto:mandoki.andras@semmelweis.hu\" target=\"_blank\" rel=\"noopener\">mandoki.andras@semmelweis.hu<\/a><\/p>\n<p><a href=\"https:\/\/semmelweis.hu\/orgchem\/files\/2023\/10\/MA_v_2023_10_HUN.pdf\" target=\"_blank\" rel=\"noopener\">\u00d6n\u00e9letrajz<\/a><\/p>\n<hr \/>\n<p><img decoding=\"async\" class=\"alignleft\" style=\"max-width: 150px;max-height: 100%\" src=\"https:\/\/semmelweis.hu\/orgchem\/files\/2026\/01\/zsuzsannakaratson.jpg\" alt=\"Kar\u00e1tson Zsuzsanna\" \/><\/p>\n<p><strong><a href=\"https:\/\/semmelweis.hu\/telefonkonyv\/?emp_id=11141\" target=\"_blank\" rel=\"noopener noreferrer\">Petr\u00f3n\u00e9 Kar\u00e1tson Zsuzsanna<\/a><br \/>\n<\/strong>Titk\u00e1rn\u0151<\/p>\n<div>Telefon: 06-1-2170851; 06-1-476-3600\/53055<\/div>\n<p>E-mail: <a href=\"karatson.zsuzsanna@semmelweis.hu\" target=\"_blank\" rel=\"noopener noreferrer\">karatson.zsuzsanna@semmelweis.hu<\/a><\/p>\n<hr \/>\n<p><img decoding=\"async\" class=\"alignleft\" style=\"max-width: 150px;max-height: 100%\" src=\"https:\/\/semmelweis.hu\/orgchem\/files\/2021\/10\/PL-scaled.jpg\" alt=\"Piros L\u00e1szl\u00f3\" \/> <strong><a href=\"https:\/\/semmelweis.hu\/telefonkonyv\/?emp_id=20301\" target=\"_blank\" rel=\"noopener\">dr. Piros L\u00e1szl\u00f3<\/a><br \/>\n<\/strong>Ph.D. hallgat\u00f3<\/p>\n<p>Telefon: 06-1-476-36-00\/53085<br \/>\nE-mail: <a href=\"mailto:piros.laszlo@stud.semmelweis.hu\" target=\"_blank\" rel=\"noopener\">piros.laszlo@stud.semmelweis.hu<\/a><\/p>\n<p><a href=\"https:\/\/semmelweis.hu\/orgchem\/files\/2021\/10\/PL_cv_2021_10.pdf\" target=\"_blank\" rel=\"noopener noreferrer\">\u00d6n\u00e9letrajz<\/a><\/p>\n<hr \/>\n<p><img decoding=\"async\" class=\"alignleft\" style=\"max-width: 150px;max-height: 100%\" src=\"https:\/\/semmelweis.hu\/orgchem\/files\/2022\/08\/PP-scale-scaled.jpg\" alt=\"Poll\u00e1k Patrik\" \/> <strong><a href=\"https:\/\/semmelweis.hu\/telefonkonyv\/?emp_id=20300\" target=\"_blank\" rel=\"noopener\">Poll\u00e1k Patrik<\/a><br \/>\n<\/strong>Ph.D. hallgat\u00f3<\/p>\n<p>Telefon: 06-20-379-1333<br \/>\nE-mail: <a href=\"mailto:patrik.pollak@phd.semmelweis.hu\" target=\"_blank\" rel=\"noopener\">patrik.pollak@phd.semmelweis.hu<\/a><\/p>\n<p><a href=\"https:\/\/semmelweis.hu\/orgchem\/files\/2022\/08\/PP_cv_2022_08_HUN.pdf\" target=\"_blank\" rel=\"noopener noreferrer\">\u00d6n\u00e9letrajz<\/a><\/p>\n<hr \/>\n<p><img decoding=\"async\" class=\"alignleft\" style=\"max-width: 150px;max-height: 100%\" src=\"https:\/\/semmelweis.hu\/orgchem\/files\/2026\/01\/danielremecz.jpg\" alt=\"Remecz D\u00e1niel\" \/><\/p>\n<p><strong>Remecz D\u00e1niel<br \/>\n<\/strong>Ph.D. hallgat\u00f3<\/p>\n<p>E-mail: <a href=\"mailto:remecz.daniel@phd.semmelweis.hu\" target=\"_blank\" rel=\"noopener\">remecz.daniel@phd.semmelweis.hu<\/a><\/p>\n<p>&nbsp;<\/p>\n<p><a href=\"https:\/\/semmelweis.hu\/orgchem\/files\/2024\/09\/DRe_cv_2024_HU.pdf\" target=\"_blank\" rel=\"noopener noreferrer\">\u00d6n\u00e9letrajz<\/a><\/p>\n<hr \/>\n<p><img decoding=\"async\" class=\"alignleft\" style=\"max-width: 150px;max-height: 100%\" src=\"https:\/\/semmelweis.hu\/orgchem\/files\/2026\/01\/gergoriszter.jpg\" alt=\"Riszter Gerg\u0151 Attila\" \/> <strong><a href=\"https:\/\/semmelweis.hu\/telefonkonyv\/?emp_id=21100\" target=\"_blank\" rel=\"noopener\">Riszter Gerg\u0151 Attila<\/a><br \/>\n<\/strong>Ph.D. hallgat\u00f3<\/p>\n<p>Telefon: 06-1-476-36-00\/53028<br \/>\nE-mail: <a href=\"mailto:riszter.gergo@phd.semmelweis.hu\">riszter.gergo@phd.semmelweis.hu<\/a>\u00a0<\/p>\n<p><a href=\"https:\/\/semmelweis.hu\/orgchem\/files\/2023\/02\/RG_cv_2023_02_2HUN.pdf\" target=\"_blank\" rel=\"noopener noreferrer\">\u00d6n\u00e9letrajz<\/a><\/p>\n<hr \/>\n<p><img decoding=\"async\" class=\"alignleft\" style=\"max-width: 150px;max-height: 100%\" src=\"https:\/\/semmelweis.hu\/orgchem\/files\/2026\/01\/krisztinakaczeus.jpg\" alt=\"Kaczeus Krisztina\" \/><\/p>\n<p><strong><a href=\"https:\/\/semmelweis.hu\/telefonkonyv\/?emp_id=17834\" target=\"_blank\" rel=\"noopener noreferrer\">Dr. S\u00fctt\u0151n\u00e9 Kaczeus Krisztina<\/a><br \/>\n<\/strong>kutat\u00e1si munkat\u00e1rs<\/p>\n<div>Telefon: 06-1-476-36-00\/53085; 06-30-878-0050<\/div>\n<p>E-mail: <a href=\"suttone.kaczeus.krisztina@semmelweis.hu\" target=\"_blank\" rel=\"noopener noreferrer\">suttone.kaczeus.krisztina@semmelweis.hu<\/a><\/p>\n<p><a href=\"https:\/\/semmelweis.hu\/orgchem\/files\/2021\/11\/SKK_cv_HUN_2021_11.pdf\" target=\"_blank\" rel=\"noopener noreferrer\">\u00d6n\u00e9letrajz<\/a><\/p>\n","protected":false},"excerpt":{"rendered":"<p>&nbsp; INT\u00c9ZETIGAZGAT\u00d3 <a href=\"https:\/\/semmelweis.hu\/telefonkonyv\/?emp_id=12924\" target=\"_blank\" rel=\"noopener noreferrer\">Dr. M\u00e1ndity Istv\u00e1n, habil. Ph.D.<\/a> Egyetemi docens Telefon: 06-1-217-0851; 06-1-476-36-00\/53055; 06-20-670-1186 E-mail: <a href=\"mailto:mandity.istvan@semmelweis.hu\">mandity.istvan@semmelweis.hu<\/a> <a href=\"https:\/\/semmelweis.hu\/orgchem\/files\/2018\/09\/MI_cv_2018_09_HUN.pdf\" target=\"_blank\" rel=\"noopener noreferrer\">\u00d6n\u00e9letrajz<\/a> <a href=\"https:\/\/semmelweis.hu\/orgchem\/files\/2018\/09\/MI_publist_2018_09_HUN.pdf\" target=\"_blank\" rel=\"noopener noreferrer\">Publik\u00e1ci\u00f3k<\/a> IGAZGAT\u00d3HELYETTES <a href=\"https:\/\/semmelweis.hu\/telefonkonyv\/?emp_id=378\">Dr. Krajsovszky G\u00e1bor, Ph.D.<\/a> egyetemi docens, tanulm\u00e1nyi felel\u0151s (magyar \u00e9s n\u00e9met), TDK felel\u0151s Telefon: 06-1-476-36-00\/53021 E-mail: <a href=\"mailto:krajsovszky.gabor@semmelweis.hu\">krajsovszky.gabor@semmelweis.hu<\/a> <a href=\"https:\/\/semmelweis.hu\/orgchem\/files\/2026\/01\/KG_cv_hun_2026_01.pdf\" target=\"_blank\" rel=\"noopener noreferrer\">\u00d6n\u00e9letrajz<\/a> <a href=\"https:\/\/semmelweis.hu\/orgchem\/files\/2026\/01\/KG_publist_hun_2026_01.pdf\" target=\"_blank\" rel=\"noopener noreferrer\">Publik\u00e1ci\u00f3k<\/a> <a href=\"https:\/\/semmelweis.hu\/telefonkonyv\/?emp_id=386\" target=\"_blank\" rel=\"noopener noreferrer\">Dr. Balogh Bal\u00e1zs, Ph.D.<\/a> egyetemi adjunktus, informatikai megb\u00edzott, honlap szerkeszt\u0151 Telefon: 06-1-476-36-00\/53851; 06-20-825-9944 E-mail: <a href=\"mailto:balogh.balazs@semmelweis.hu\">balogh.balazs@semmelweis.hu<\/a> <a href=\"https:\/\/semmelweis.hu\/orgchem\/files\/2025\/01\/BB_CV_2025_Jan_HUN.pdf\" target=\"_blank\" rel=\"noopener\">\u00d6n\u00e9letrajz<\/a> <a href=\"https:\/\/semmelweis.hu\/orgchem\/files\/2025\/01\/BB_PubList_2025_jan_HU.pdf\" target=\"_blank\" rel=\"noopener\">Publik\u00e1ci\u00f3k<\/a> <a href=\"https:\/\/semmelweis.hu\/telefonkonyv\/?emp_id=8428\" target=\"_blank\" rel=\"noopener noreferrer\">Dr. Bogd\u00e1n D\u00f3ra, Ph.D.<\/a> egyetemi adjunktus Telefon: 06-1-476-36-00\/53018; 06-20-666-3259 E-mail: <a href=\"mailto:bogdan.dora@semmelweis.hu\">bogdan.dora@semmelweis.hu<\/a> <a href=\"https:\/\/semmelweis.hu\/orgchem\/files\/2020\/01\/BD_CV_2020_01_HUN.pdf\" target=\"_blank\" rel=\"noopener noreferrer\">\u00d6n\u00e9letrajz<\/a> <a href=\"https:\/\/semmelweis.hu\/orgchem\/files\/2021\/06\/BD_publist_2021_06_HUN.pdf\" target=\"_blank\" rel=\"noopener noreferrer\">Publik\u00e1ci\u00f3k<\/a> <a href=\"https:\/\/semmelweis.hu\/telefonkonyv\/?emp_id=26449\" target=\"_blank\" rel=\"noopener noreferrer\">Csuka Enik\u0151<\/a> kutat\u00e1si asszisztens Telefon: 06-1-476-36-00\/53028 E-mail: <a href=\"mailto:csuka.eniko@semmelweis.hu\">csuka.eniko@semmelweis.hu<\/a> <a href=\"https:\/\/semmelweis.hu\/telefonkonyv\/?emp_id=1897\" target=\"_blank\" rel=\"noopener noreferrer\">Dr. Czompa Andrea, Ph.D.<\/a> egyetemi adjunktus Telefon: 06-1-476-36-00\/53035; 06-20-825-0840 E-mail: <a href=\"mailto:czompa.andrea@semmelweis.hu\">czompa.andrea@semmelweis.hu<\/a> <a href=\"https:\/\/semmelweis.hu\/orgchem\/files\/2025\/09\/CzA_cv_2025_HU.pdf\" target=\"_blank\" rel=\"noopener\">\u00d6n\u00e9letrajz<\/a> <a href=\"https:\/\/semmelweis.hu\/orgchem\/files\/2025\/09\/CzA-PublList2025_09_HU.pdf\" target=\"_blank\" rel=\"noopener\">Publik\u00e1ci\u00f3k<\/a> <a href=\"https:\/\/semmelweis.hu\/telefonkonyv\/?emp_id=393\" target=\"_blank\" rel=\"noopener noreferrer\">Czag\u00e1ny Krisztina<\/a> gazdas\u00e1gi koordin\u00e1tor Telefon: 06-1-476-36-00\/53005; 06-20-825-0852 E-mail: &hellip;<\/p>\n","protected":false},"author":164,"featured_media":0,"parent":0,"menu_order":0,"comment_status":"closed","ping_status":"closed","template":"template-fullwidth.php","meta":{"_acf_changed":false,"footnotes":""},"categories":[],"tags":[],"class_list":["post-2244","page","type-page","status-publish","hentry"],"acf":[],"_links":{"self":[{"href":"https:\/\/semmelweis.hu\/orgchem\/wp-json\/wp\/v2\/pages\/2244","targetHints":{"allow":["GET"]}}],"collection":[{"href":"https:\/\/semmelweis.hu\/orgchem\/wp-json\/wp\/v2\/pages"}],"about":[{"href":"https:\/\/semmelweis.hu\/orgchem\/wp-json\/wp\/v2\/types\/page"}],"author":[{"embeddable":true,"href":"https:\/\/semmelweis.hu\/orgchem\/wp-json\/wp\/v2\/users\/164"}],"replies":[{"embeddable":true,"href":"https:\/\/semmelweis.hu\/orgchem\/wp-json\/wp\/v2\/comments?post=2244"}],"version-history":[{"count":10,"href":"https:\/\/semmelweis.hu\/orgchem\/wp-json\/wp\/v2\/pages\/2244\/revisions"}],"predecessor-version":[{"id":3826,"href":"https:\/\/semmelweis.hu\/orgchem\/wp-json\/wp\/v2\/pages\/2244\/revisions\/3826"}],"wp:attachment":[{"href":"https:\/\/semmelweis.hu\/orgchem\/wp-json\/wp\/v2\/media?parent=2244"}],"wp:term":[{"taxonomy":"category","embeddable":true,"href":"https:\/\/semmelweis.hu\/orgchem\/wp-json\/wp\/v2\/categories?post=2244"},{"taxonomy":"post_tag","embeddable":true,"href":"https:\/\/semmelweis.hu\/orgchem\/wp-json\/wp\/v2\/tags?post=2244"}],"curies":[{"name":"wp","href":"https:\/\/api.w.org\/{rel}","templated":true}]}}