{"id":3650,"date":"2026-08-24T14:39:29","date_gmt":"2026-08-24T12:39:29","guid":{"rendered":"https:\/\/semmelweis.hu\/oralis-diagnosztika\/?page_id=3650"},"modified":"2026-08-26T10:02:46","modified_gmt":"2026-08-26T08:02:46","slug":"adatvedelmi-tajekoztato","status":"publish","type":"page","link":"https:\/\/semmelweis.hu\/oralis-diagnosztika\/altalanos-informaciok\/adatvedelmi-tajekoztato\/","title":{"rendered":"Adatv\u00e9delmi t\u00e1j\u00e9koztat\u00f3"},"content":{"rendered":"<p><a href=\"https:\/\/semmelweis.hu\/oralis-diagnosztika\/files\/2026\/08\/Adatkezelesi-tajekoztato.pdf\">Adatkezel\u00e9si t\u00e1j\u00e9koztat\u00f3<\/a><\/p>\n<p><a href=\"https:\/\/semmelweis.hu\/oralis-diagnosztika\/files\/2026\/08\/Adatkezelesi-nyilvantartas-jarobeteg-1.xlsx\">Adatkezel\u00e9si nyilv\u00e1ntart\u00e1s j\u00e1r\u00f3beteg<\/a><\/p>\n<p><a href=\"https:\/\/semmelweis.hu\/oralis-diagnosztika\/files\/2026\/08\/Adatkezelesi-nyilvantartas-tudomanyos-kutatas.xlsx\">Adatkezel\u00e9si nyilv\u00e1ntart\u00e1s &#8211; tudom\u00e1nyos kutat\u00e1s<\/a> \u00a0<\/p>\n<p><a href=\"https:\/\/semmelweis.hu\/oralis-diagnosztika\/files\/2026\/08\/Adatkezelesi-nyilvantartas-munka-es-egeszsegugyi-szolgalat-1.xlsx\">Adatkezel\u00e9si-nyilv\u00e1ntart\u00e1s &#8211; munka \u00e9s eg\u00e9szs\u00e9g\u00fcgyi szolg\u00e1lat<\/a><\/p>\n<p><a href=\"https:\/\/semmelweis.hu\/oralis-diagnosztika\/files\/2026\/08\/Adatkezelesi-nyilvantartas-titkarsag-es-penzugy-1.xlsx\">Adatkezel\u00e9si-nyilv\u00e1ntart\u00e1s &#8211; titk\u00e1rs\u00e1g \u00e9s p\u00e9nz\u00fcgy<\/a><\/p>\n","protected":false},"excerpt":{"rendered":"<p><a href=\"https:\/\/semmelweis.hu\/oralis-diagnosztika\/files\/2026\/08\/Adatkezelesi-tajekoztato.pdf\">Adatkezel\u00e9si t\u00e1j\u00e9koztat\u00f3<\/a><br \/>\n<a href=\"https:\/\/semmelweis.hu\/oralis-diagnosztika\/files\/2026\/08\/Adatkezelesi-nyilvantartas-jarobeteg-1.xlsx\">Adatkezel\u00e9si nyilv\u00e1ntart\u00e1s j\u00e1r\u00f3beteg<\/a><br \/>\n<a href=\"https:\/\/semmelweis.hu\/oralis-diagnosztika\/files\/2026\/08\/Adatkezelesi-nyilvantartas-tudomanyos-kutatas.xlsx\">Adatkezel\u00e9si nyilv\u00e1ntart\u00e1s &#8211; tudom\u00e1nyos kutat\u00e1s<\/a> \u00a0<br \/>\n<a href=\"https:\/\/semmelweis.hu\/oralis-diagnosztika\/files\/2026\/08\/Adatkezelesi-nyilvantartas-munka-es-egeszsegugyi-szolgalat-1.xlsx\">Adatkezel\u00e9si-nyilv\u00e1ntart\u00e1s &#8211; munka \u00e9s eg\u00e9szs\u00e9g\u00fcgyi szolg\u00e1lat<\/a><br \/>\n<a href=\"https:\/\/semmelweis.hu\/oralis-diagnosztika\/files\/2026\/08\/Adatkezelesi-nyilvantartas-titkarsag-es-penzugy-1.xlsx\">Adatkezel\u00e9si-nyilv\u00e1ntart\u00e1s &#8211; titk\u00e1rs\u00e1g \u00e9s p\u00e9nz\u00fcgy<\/a><\/p>\n","protected":false},"author":102678,"featured_media":0,"parent":7,"menu_order":0,"comment_status":"closed","ping_status":"closed","template":"","meta":{"_acf_changed":false,"footnotes":""},"categories":[],"tags":[],"class_list":["post-3650","page","type-page","status-publish","hentry"],"acf":[],"_links":{"self":[{"href":"https:\/\/semmelweis.hu\/oralis-diagnosztika\/wp-json\/wp\/v2\/pages\/3650","targetHints":{"allow":["GET"]}}],"collection":[{"href":"https:\/\/semmelweis.hu\/oralis-diagnosztika\/wp-json\/wp\/v2\/pages"}],"about":[{"href":"https:\/\/semmelweis.hu\/oralis-diagnosztika\/wp-json\/wp\/v2\/types\/page"}],"author":[{"embeddable":true,"href":"https:\/\/semmelweis.hu\/oralis-diagnosztika\/wp-json\/wp\/v2\/users\/102678"}],"replies":[{"embeddable":true,"href":"https:\/\/semmelweis.hu\/oralis-diagnosztika\/wp-json\/wp\/v2\/comments?post=3650"}],"version-history":[{"count":7,"href":"https:\/\/semmelweis.hu\/oralis-diagnosztika\/wp-json\/wp\/v2\/pages\/3650\/revisions"}],"predecessor-version":[{"id":3668,"href":"https:\/\/semmelweis.hu\/oralis-diagnosztika\/wp-json\/wp\/v2\/pages\/3650\/revisions\/3668"}],"up":[{"embeddable":true,"href":"https:\/\/semmelweis.hu\/oralis-diagnosztika\/wp-json\/wp\/v2\/pages\/7"}],"wp:attachment":[{"href":"https:\/\/semmelweis.hu\/oralis-diagnosztika\/wp-json\/wp\/v2\/media?parent=3650"}],"wp:term":[{"taxonomy":"category","embeddable":true,"href":"https:\/\/semmelweis.hu\/oralis-diagnosztika\/wp-json\/wp\/v2\/categories?post=3650"},{"taxonomy":"post_tag","embeddable":true,"href":"https:\/\/semmelweis.hu\/oralis-diagnosztika\/wp-json\/wp\/v2\/tags?post=3650"}],"curies":[{"name":"wp","href":"https:\/\/api.w.org\/{rel}","templated":true}]}}

Adatvédelmi tájékoztató

<p><a href="https://semmelweis.hu/oralis-diagnosztika/files/2026/08/Adatkezelesi-tajekoztato.pdf">Adatkezelési tájékoztató</a></p>
<p><a href="https://semmelweis.hu/oralis-diagnosztika/files/2026/08/Adatkezelesi-nyilvantartas-jarobeteg-1.xlsx">Adatkezelési nyilvántartás járóbeteg</a></p>
<p><a href="https://semmelweis.hu/oralis-diagnosztika/files/2026/08/Adatkezelesi-nyilvantartas-tudomanyos-kutatas.xlsx">Adatkezelési nyilvántartás &#8211; tudományos kutatás</a>  </p>
<p><a href="https://semmelweis.hu/oralis-diagnosztika/files/2026/08/Adatkezelesi-nyilvantartas-munka-es-egeszsegugyi-szolgalat-1.xlsx">Adatkezelési-nyilvántartás &#8211; munka és egészségügyi szolgálat</a></p>
<p><a href="https://semmelweis.hu/oralis-diagnosztika/files/2026/08/Adatkezelesi-nyilvantartas-titkarsag-es-penzugy-1.xlsx">Adatkezelési-nyilvántartás &#8211; titkárság és pénzügy</a></p>

<p><a href="https://semmelweis.hu/oralis-diagnosztika/files/2026/08/Adatkezelesi-tajekoztato.pdf">Adatkezelési tájékoztató</a><br />
<a href="https://semmelweis.hu/oralis-diagnosztika/files/2026/08/Adatkezelesi-nyilvantartas-jarobeteg-1.xlsx">Adatkezelési nyilvántartás járóbeteg</a><br />
<a href="https://semmelweis.hu/oralis-diagnosztika/files/2026/08/Adatkezelesi-nyilvantartas-tudomanyos-kutatas.xlsx">Adatkezelési nyilvántartás &#8211; tudományos kutatás</a>  <br />
<a href="https://semmelweis.hu/oralis-diagnosztika/files/2026/08/Adatkezelesi-nyilvantartas-munka-es-egeszsegugyi-szolgalat-1.xlsx">Adatkezelési-nyilvántartás &#8211; munka és egészségügyi szolgálat</a><br />
<a href="https://semmelweis.hu/oralis-diagnosztika/files/2026/08/Adatkezelesi-nyilvantartas-titkarsag-es-penzugy-1.xlsx">Adatkezelési-nyilvántartás &#8211; titkárság és pénzügy</a></p>
