{"id":3203,"date":"2022-08-30T14:17:02","date_gmt":"2022-08-30T12:17:02","guid":{"rendered":"https:\/\/semmelweis.hu\/oralis-diagnosztika\/?page_id=3203"},"modified":"2025-09-02T14:03:22","modified_gmt":"2025-09-02T12:03:22","slug":"altalanos-es-fogaszati-radiologia-ii","status":"publish","type":"page","link":"https:\/\/semmelweis.hu\/oralis-diagnosztika\/oktatas\/altalanos-es-fogaszati-radiologia-ii\/","title":{"rendered":"\u00c1ltal\u00e1nos \u00e9s fog\u00e1szati radiol\u00f3gia II."},"content":{"rendered":"<p style=\"text-align: center\"><strong>2025\/2026. 1. szemester<\/strong><\/p>\n<p style=\"text-align: center\"><strong style=\"font-size: 1rem\">4. \u00e9vfolyam<\/strong><\/p>\n<table width=\"508\">\n<tbody>\n<tr>\n<td width=\"64\">\n<p><strong>H\u00e9t<\/strong><\/p>\n<\/td>\n<td width=\"283\">\n<p><strong>C\u00edm<\/strong><\/p>\n<\/td>\n<td width=\"161\">\n<p><strong>Gyakorlatvezet\u0151<\/strong><\/p>\n<\/td>\n<\/tr>\n<tr>\n<td width=\"64\">\n<p>1<\/p>\n<\/td>\n<td width=\"283\">\n<p>Panor\u00e1ma lek\u00e9pez\u00e9s<\/p>\n<\/td>\n<td width=\"161\">\n<p>Dr. Vecsei B\u00e1lint<\/p>\n<\/td>\n<\/tr>\n<tr>\n<td width=\"64\">\n<p>2<\/p>\n<\/td>\n<td width=\"283\">\n<p>Kem\u00e9nysz\u00f6vet anat\u00f3mia<\/p>\n<\/td>\n<td width=\"161\">\n<p>Dr. Szab\u00f3 Viktor<\/p>\n<\/td>\n<\/tr>\n<tr>\n<td width=\"64\">\n<p>3<\/p>\n<\/td>\n<td width=\"283\">\n<p>L\u00e1gysz\u00f6vet anat\u00f3mia<\/p>\n<\/td>\n<td width=\"161\">\n<p>Dr. Dob\u00f3 Nagy Csaba<\/p>\n<\/td>\n<\/tr>\n<tr>\n<td width=\"64\">\n<p>4<\/p>\n<\/td>\n<td width=\"283\">\n<p>Panor\u00e1ma lek\u00e9pez\u00e9s be\u00e1ll\u00edt\u00e1sa<\/p>\n<\/td>\n<td width=\"161\">\n<p>Dr. Dob\u00f3 Nagy Csaba<\/p>\n<\/td>\n<\/tr>\n<tr>\n<td width=\"64\">\n<p>5<\/p>\n<\/td>\n<td width=\"283\">\n<p>Anom\u00e1li\u00e1k \u00e9s fejl\u0151d\u00e9si rendelleness\u00e9gek<\/p>\n<\/td>\n<td width=\"161\">\n<p>Dr. Szab\u00f3 Bence<\/p>\n<\/td>\n<\/tr>\n<tr>\n<td width=\"64\">\n<p>6<\/p>\n<\/td>\n<td width=\"283\">\n<p>Periapicalis \u00e9s parodontalis elv\u00e1ltoz\u00e1sok<\/p>\n<\/td>\n<td width=\"161\">\n<p>Dr. Dob\u00f3 Nagy Csaba<\/p>\n<\/td>\n<\/tr>\n<tr>\n<td width=\"64\">\n<p>7<\/p>\n<\/td>\n<td width=\"283\">\n<p>Odontog\u00e9n \u00e9s nem-odontog\u00e9n ciszt\u00e1k<\/p>\n<\/td>\n<td width=\"161\">\n<p>Dr. Dob\u00f3 Nagy Csaba<\/p>\n<\/td>\n<\/tr>\n<tr>\n<td width=\"64\">\n<p>8<\/p>\n<\/td>\n<td width=\"283\">\n<p>Panor\u00e1ma felv\u00e9telek elemz\u00e9se<\/p>\n<\/td>\n<td width=\"161\">\n<p>Dr. Szab\u00f3 Viktor<\/p>\n<\/td>\n<\/tr>\n<tr>\n<td width=\"64\">\n<p>9<\/p>\n<\/td>\n<td width=\"283\">\n<p><strong>1. Dolgozat<\/strong><\/p>\n<\/td>\n<td width=\"161\">\n<p>Dr. Szab\u00f3 Viktor<\/p>\n<\/td>\n<\/tr>\n<tr>\n<td width=\"64\">\n<p>10<\/p>\n<\/td>\n<td width=\"283\">\n<p>Dysplasia, hypercementosis, regressz\u00edv elv\u00e1ltoz\u00e1sok<\/p>\n<\/td>\n<td width=\"161\">\n<p>Dr. Szab\u00f3 Bence<\/p>\n<\/td>\n<\/tr>\n<tr>\n<td width=\"64\">\n<p>11<\/p>\n<\/td>\n<td width=\"283\">\n<p>TMI<\/p>\n<\/td>\n<td width=\"161\">\n<p>Dr. Dob\u00f3 Nagy Csaba<\/p>\n<\/td>\n<\/tr>\n<tr>\n<td width=\"64\">\n<p>12<\/p>\n<\/td>\n<td width=\"283\">\n<p>Paranasalis sinus<\/p>\n<\/td>\n<td width=\"161\">\n<p>Dr. Szab\u00f3 Bence<\/p>\n<\/td>\n<\/tr>\n<tr>\n<td width=\"64\">\n<p>13<\/p>\n<\/td>\n<td width=\"283\">\n<p>Mell\u00e9kleletek<\/p>\n<\/td>\n<td width=\"161\">\n<p>Dr. Szab\u00f3 Bence<\/p>\n<\/td>\n<\/tr>\n<tr>\n<td width=\"64\">\n<p>14<\/p>\n<\/td>\n<td width=\"283\">\n<p>2. Dolgozat<\/p>\n<\/td>\n<td width=\"161\">\n<p>Dr. Szab\u00f3 Bence<\/p>\n<\/td>\n<\/tr>\n<\/tbody>\n<\/table>\n<p>&nbsp;<\/p>\n<table style=\"width: 580px\">\n<tbody>\n<tr>\n<td style=\"width: 110px\" width=\"110\">\n<p><strong>csoport<\/strong><\/p>\n<\/td>\n<td style=\"width: 168px\" width=\"168\">\n<p><strong>id\u0151pont<\/strong><\/p>\n<\/td>\n<td style=\"width: 302px\" width=\"302\">\n<p><strong>helysz\u00edn<\/strong><\/p>\n<\/td>\n<\/tr>\n<tr>\n<td style=\"width: 110px\" width=\"110\">\n<p>1;2;3<\/p>\n<\/td>\n<td style=\"width: 168px\" width=\"168\">\n<p>h\u00e9tf\u0151 8<sup>45<\/sup>-9<sup>30<\/sup><\/p>\n<\/td>\n<td style=\"width: 302px\" width=\"302\">\n<p>FOKOC Radiol\u00f3gia Szemin\u00e1rium terem<\/p>\n<\/td>\n<\/tr>\n<tr>\n<td style=\"width: 110px\" width=\"110\">\n<p>4;5;6<\/p>\n<\/td>\n<td style=\"width: 168px\" width=\"168\">\n<p>h\u00e9tf\u0151 10<sup>00<\/sup>-10<sup>45<\/sup><\/p>\n<\/td>\n<td style=\"width: 302px\" width=\"302\">\n<p>FOKOC Radiol\u00f3gia Szemin\u00e1rium terem<\/p>\n<\/td>\n<\/tr>\n<tr>\n<td style=\"width: 110px\" width=\"110\">\n<p>7;8;9<\/p>\n<\/td>\n<td style=\"width: 168px\" width=\"168\">\n<p>cs\u00fct\u00f6rt\u00f6k 09<sup>00<\/sup>-09<sup>45<\/sup><\/p>\n<\/td>\n<td style=\"width: 302px\" width=\"302\">\n<p>FOKOC Radiol\u00f3gia Szemin\u00e1rium terem<\/p>\n<\/td>\n<\/tr>\n<tr>\n<td style=\"width: 110px\" width=\"110\">\n<p>10;11;12<\/p>\n<\/td>\n<td style=\"width: 168px\" width=\"168\">\n<p>h\u00e9tf\u0151 13<sup>00<\/sup>-13<sup>45<\/sup><\/p>\n<\/td>\n<td style=\"width: 302px\" width=\"302\">\n<p>FOKOC Radiol\u00f3gia Szemin\u00e1rium terem<\/p>\n<\/td>\n<\/tr>\n<tr>\n<td style=\"width: 110px\" width=\"110\">\n<p>13;14;15<\/p>\n<\/td>\n<td style=\"width: 168px\" width=\"168\">\n<p>cs\u00fct\u00f6rt\u00f6k 10<sup>00<\/sup>-10<sup>45<\/sup><\/p>\n<\/td>\n<td style=\"width: 302px\" width=\"302\">\n<p>FOKOC Radiol\u00f3gia Szemin\u00e1rium terem<\/p>\n<\/td>\n<\/tr>\n<tr>\n<td style=\"width: 110px\" width=\"110\">\n<p>17;18;19<\/p>\n<\/td>\n<td style=\"width: 168px\" width=\"168\">\n<p>cs\u00fct\u00f6rt\u00f6k 11<sup>00<\/sup>-11<sup>45<\/sup><\/p>\n<\/td>\n<td style=\"width: 302px\" width=\"302\">\n<p>FOKOC Radiol\u00f3gia Szemin\u00e1rium terem<\/p>\n<\/td>\n<\/tr>\n<tr>\n<td style=\"width: 110px\" width=\"110\">\n<p>16<\/p>\n<\/td>\n<td style=\"width: 168px\" width=\"168\">\n<p>cs\u00fct\u00f6rt\u00f6k 12<sup>00<\/sup>-12<sup>45<\/sup><\/p>\n<\/td>\n<td style=\"width: 302px\" width=\"302\">\n<p>FOKOC Radiol\u00f3gia Szemin\u00e1rium terem<\/p>\n<\/td>\n<\/tr>\n<\/tbody>\n<\/table>\n<p>&nbsp;<\/p>\n<p>Budapest, 2025. augusztus 28.<\/p>\n<p>Dr. Dob\u00f3 Nagy, Csaba<br \/>\n<em>\u00a0egyetemi tan\u00e1r<\/em><\/p>\n<p>&nbsp;<\/p>\n","protected":false},"excerpt":{"rendered":"<p>2025\/2026. 1. szemester 4. \u00e9vfolyam H\u00e9t C\u00edm Gyakorlatvezet\u0151 1 Panor\u00e1ma lek\u00e9pez\u00e9s Dr. Vecsei B\u00e1lint 2 Kem\u00e9nysz\u00f6vet anat\u00f3mia Dr. Szab\u00f3 Viktor 3 L\u00e1gysz\u00f6vet anat\u00f3mia Dr. Dob\u00f3 Nagy Csaba 4 Panor\u00e1ma lek\u00e9pez\u00e9s be\u00e1ll\u00edt\u00e1sa Dr. Dob\u00f3 Nagy Csaba 5 Anom\u00e1li\u00e1k \u00e9s fejl\u0151d\u00e9si rendelleness\u00e9gek Dr. Szab\u00f3 Bence 6 Periapicalis \u00e9s parodontalis elv\u00e1ltoz\u00e1sok Dr. Dob\u00f3 Nagy Csaba 7 Odontog\u00e9n \u00e9s &hellip;<\/p>\n","protected":false},"author":126,"featured_media":0,"parent":29,"menu_order":3,"comment_status":"closed","ping_status":"closed","template":"","meta":{"_acf_changed":false,"footnotes":""},"categories":[],"tags":[],"class_list":["post-3203","page","type-page","status-publish","hentry"],"acf":[],"_links":{"self":[{"href":"https:\/\/semmelweis.hu\/oralis-diagnosztika\/wp-json\/wp\/v2\/pages\/3203","targetHints":{"allow":["GET"]}}],"collection":[{"href":"https:\/\/semmelweis.hu\/oralis-diagnosztika\/wp-json\/wp\/v2\/pages"}],"about":[{"href":"https:\/\/semmelweis.hu\/oralis-diagnosztika\/wp-json\/wp\/v2\/types\/page"}],"author":[{"embeddable":true,"href":"https:\/\/semmelweis.hu\/oralis-diagnosztika\/wp-json\/wp\/v2\/users\/126"}],"replies":[{"embeddable":true,"href":"https:\/\/semmelweis.hu\/oralis-diagnosztika\/wp-json\/wp\/v2\/comments?post=3203"}],"version-history":[{"count":10,"href":"https:\/\/semmelweis.hu\/oralis-diagnosztika\/wp-json\/wp\/v2\/pages\/3203\/revisions"}],"predecessor-version":[{"id":3572,"href":"https:\/\/semmelweis.hu\/oralis-diagnosztika\/wp-json\/wp\/v2\/pages\/3203\/revisions\/3572"}],"up":[{"embeddable":true,"href":"https:\/\/semmelweis.hu\/oralis-diagnosztika\/wp-json\/wp\/v2\/pages\/29"}],"wp:attachment":[{"href":"https:\/\/semmelweis.hu\/oralis-diagnosztika\/wp-json\/wp\/v2\/media?parent=3203"}],"wp:term":[{"taxonomy":"category","embeddable":true,"href":"https:\/\/semmelweis.hu\/oralis-diagnosztika\/wp-json\/wp\/v2\/categories?post=3203"},{"taxonomy":"post_tag","embeddable":true,"href":"https:\/\/semmelweis.hu\/oralis-diagnosztika\/wp-json\/wp\/v2\/tags?post=3203"}],"curies":[{"name":"wp","href":"https:\/\/api.w.org\/{rel}","templated":true}]}}