{"id":3032,"date":"2021-05-27T12:12:06","date_gmt":"2021-05-27T10:12:06","guid":{"rendered":"https:\/\/semmelweis.hu\/oralis-diagnosztika\/?page_id=3032"},"modified":"2025-05-06T14:50:21","modified_gmt":"2025-05-06T12:50:21","slug":"demonstratori-palyazat","status":"publish","type":"page","link":"https:\/\/semmelweis.hu\/oralis-diagnosztika\/demonstratori-palyazat\/","title":{"rendered":"Demonstr\u00e1tori p\u00e1ly\u00e1zat"},"content":{"rendered":"<p>Az Or\u00e1lis Diagnosztikai Klinika p\u00e1ly\u00e1zatot hirdet a 2025\/2026-es tan\u00e9vre demonstr\u00e1tori feladatok ell\u00e1t\u00e1s\u00e1ra.<\/p>\n<p>&nbsp;<\/p>\n<p><a href=\"https:\/\/semmelweis.hu\/oralis-diagnosztika\/files\/2025\/05\/Demonstratori-palyazati-felhivas-ODT-2025_2026.docx\"><strong>Demonstr\u00e1tori p\u00e1ly\u00e1zati ki\u00edr\u00e1s<\/strong><\/a><\/p>\n<p><a href=\"https:\/\/semmelweis.hu\/oralis-diagnosztika\/files\/2025\/05\/formanyomtatvany_demonstratori-_palyazat.docx\"><strong>P\u00e1ly\u00e1zati \u0171rlap<\/strong> <\/a><\/p>\n<p>&nbsp;<\/p>\n<p>A\u00a0 demonstr\u00e1tori \u00f6szt\u00f6nd\u00edj szab\u00e1lyait\u00a0\u00a0a Semmelweis Egyetem Szervezeti \u00e9s M\u0171k\u00f6d\u00e9si Szab\u00e1lyzat \u2013 III. K\u00d6NYV Hallgat\u00f3i K\u00f6vetelm\u00e9nyrendszer \u2013 III.4. R\u00c9SZ T\u00e9r\u00edt\u00e9si \u00e9s Juttat\u00e1si Szab\u00e1lyzata (20\/A. \u00a7-t\u00f3l 20\/D. \u00a7.-ig) szab\u00e1lyozza, mely az al\u00e1bbi linken \u00e9rhet\u0151 el:<\/p>\n<p><a href=\"https:\/\/semmelweis.hu\/jogigfoig\/dokumentumtar\/szabalyzattar\/szervezeti-es-mukodesi-szabalyzat\/iii-konyv-hkr\/\">https:\/\/semmelweis.hu\/jogigfoig\/dokumentumtar\/szabalyzattar\/szervezeti-es-mukodesi-szabalyzat\/iii-konyv-hkr\/<\/a><\/p>\n","protected":false},"excerpt":{"rendered":"<p>Az Or\u00e1lis Diagnosztikai Klinika p\u00e1ly\u00e1zatot hirdet a 2025\/2026-es tan\u00e9vre demonstr\u00e1tori feladatok ell\u00e1t\u00e1s\u00e1ra.<br \/>\n&nbsp;<br \/>\n<a href=\"https:\/\/semmelweis.hu\/oralis-diagnosztika\/files\/2025\/05\/Demonstratori-palyazati-felhivas-ODT-2025_2026.docx\">Demonstr\u00e1tori p\u00e1ly\u00e1zati ki\u00edr\u00e1s<\/a><br \/>\n<a href=\"https:\/\/semmelweis.hu\/oralis-diagnosztika\/files\/2025\/05\/formanyomtatvany_demonstratori-_palyazat.docx\">P\u00e1ly\u00e1zati \u0171rlap <\/a><br \/>\n&nbsp;<br \/>\nA\u00a0 demonstr\u00e1tori \u00f6szt\u00f6nd\u00edj szab\u00e1lyait\u00a0\u00a0a Semmelweis Egyetem Szervezeti \u00e9s M\u0171k\u00f6d\u00e9si Szab\u00e1lyzat \u2013 III. K\u00d6NYV Hallgat\u00f3i K\u00f6vetelm\u00e9nyrendszer \u2013 III.4. R\u00c9SZ T\u00e9r\u00edt\u00e9si \u00e9s Juttat\u00e1si Szab\u00e1lyzata (20\/A. \u00a7-t\u00f3l 20\/D. \u00a7.-ig) szab\u00e1lyozza, mely az al\u00e1bbi linken \u00e9rhet\u0151 el:<br \/>\n<a href=\"https:\/\/semmelweis.hu\/jogigfoig\/dokumentumtar\/szabalyzattar\/szervezeti-es-mukodesi-szabalyzat\/iii-konyv-hkr\/\">https:\/\/semmelweis.hu\/jogigfoig\/dokumentumtar\/szabalyzattar\/szervezeti-es-mukodesi-szabalyzat\/iii-konyv-hkr\/<\/a><\/p>\n","protected":false},"author":126,"featured_media":0,"parent":0,"menu_order":0,"comment_status":"closed","ping_status":"closed","template":"","meta":{"_acf_changed":false,"footnotes":""},"categories":[],"tags":[],"class_list":["post-3032","page","type-page","status-publish","hentry"],"acf":[],"_links":{"self":[{"href":"https:\/\/semmelweis.hu\/oralis-diagnosztika\/wp-json\/wp\/v2\/pages\/3032","targetHints":{"allow":["GET"]}}],"collection":[{"href":"https:\/\/semmelweis.hu\/oralis-diagnosztika\/wp-json\/wp\/v2\/pages"}],"about":[{"href":"https:\/\/semmelweis.hu\/oralis-diagnosztika\/wp-json\/wp\/v2\/types\/page"}],"author":[{"embeddable":true,"href":"https:\/\/semmelweis.hu\/oralis-diagnosztika\/wp-json\/wp\/v2\/users\/126"}],"replies":[{"embeddable":true,"href":"https:\/\/semmelweis.hu\/oralis-diagnosztika\/wp-json\/wp\/v2\/comments?post=3032"}],"version-history":[{"count":7,"href":"https:\/\/semmelweis.hu\/oralis-diagnosztika\/wp-json\/wp\/v2\/pages\/3032\/revisions"}],"predecessor-version":[{"id":3538,"href":"https:\/\/semmelweis.hu\/oralis-diagnosztika\/wp-json\/wp\/v2\/pages\/3032\/revisions\/3538"}],"wp:attachment":[{"href":"https:\/\/semmelweis.hu\/oralis-diagnosztika\/wp-json\/wp\/v2\/media?parent=3032"}],"wp:term":[{"taxonomy":"category","embeddable":true,"href":"https:\/\/semmelweis.hu\/oralis-diagnosztika\/wp-json\/wp\/v2\/categories?post=3032"},{"taxonomy":"post_tag","embeddable":true,"href":"https:\/\/semmelweis.hu\/oralis-diagnosztika\/wp-json\/wp\/v2\/tags?post=3032"}],"curies":[{"name":"wp","href":"https:\/\/api.w.org\/{rel}","templated":true}]}}