{"id":2638,"date":"2020-09-07T11:49:42","date_gmt":"2020-09-07T09:49:42","guid":{"rendered":"https:\/\/semmelweis.hu\/oralis-diagnosztika\/?page_id=2638"},"modified":"2025-08-29T14:07:59","modified_gmt":"2025-08-29T12:07:59","slug":"general-and-dental-radiology-i","status":"publish","type":"page","link":"https:\/\/semmelweis.hu\/oralis-diagnosztika\/en\/education\/general-and-dental-radiology-i\/","title":{"rendered":"General and dental radiology I."},"content":{"rendered":"<h1 style=\"text-align: center\">Lectures in Oral Radiology<\/h1>\n<p style=\"text-align: center\"><strong>2025\/2026 1<sup>st<\/sup> semester<\/strong><\/p>\n<p style=\"text-align: center\"><strong>4<sup>th <\/sup>year students<\/strong><\/p>\n<p>&nbsp;<\/p>\n<table style=\"width: 53.8218%\" width=\"638\">\n<tbody>\n<tr>\n<td style=\"width: 11.2164%\" width=\"71\">\n<p><strong>Weeks<\/strong><\/p>\n<\/td>\n<td style=\"width: 45.6556%\" width=\"293\">\n<p><strong>Title<\/strong><\/p>\n<\/td>\n<td style=\"width: 26.6983%\" width=\"170\">\n<p><strong>Presenter<\/strong><\/p>\n<\/td>\n<td style=\"width: 34.2812%\" width=\"104\">\n<p><strong>Date<\/strong><\/p>\n<\/td>\n<\/tr>\n<tr>\n<td style=\"width: 11.2164%\" width=\"71\">\n<p>1<\/p>\n<\/td>\n<td style=\"width: 45.6556%\" width=\"293\">\n<p><em>Normal anatomy of the jaws <\/em><\/p>\n<\/td>\n<td style=\"width: 26.6983%\" width=\"170\">\n<p>Dr. Vecsei, B\u00e1lint<\/p>\n<\/td>\n<td style=\"width: 34.2812%\" width=\"104\">\n<p>3 September<\/p>\n<\/td>\n<\/tr>\n<tr>\n<td style=\"width: 11.2164%\" width=\"71\">\n<p>2<\/p>\n<\/td>\n<td style=\"width: 45.6556%\" width=\"293\">\n<p><em>Periapical lesions; Root canal filling<\/em><\/p>\n<\/td>\n<td style=\"width: 26.6983%\" width=\"170\">\n<p>Dr. Dob\u00f3 Nagy, Csaba<\/p>\n<\/td>\n<td style=\"width: 34.2812%\" width=\"104\">\n<p>10 September<\/p>\n<\/td>\n<\/tr>\n<tr>\n<td style=\"width: 11.2164%\" width=\"71\">\n<p>3<\/p>\n<\/td>\n<td style=\"width: 45.6556%\" width=\"293\">\n<p><em>Caries, pulp cavity<\/em><\/p>\n<\/td>\n<td style=\"width: 26.6983%\" width=\"170\">\n<p>Dr. Szab\u00f3, Bence<\/p>\n<\/td>\n<td style=\"width: 34.2812%\" width=\"104\">\n<p>17 September<\/p>\n<\/td>\n<\/tr>\n<tr>\n<td style=\"width: 11.2164%\" width=\"71\">\n<p>4<\/p>\n<\/td>\n<td style=\"width: 45.6556%\" width=\"293\">\n<p><em>Periodontal disease<\/em><\/p>\n<\/td>\n<td style=\"width: 26.6983%\" width=\"170\">\n<p>Dr. Dob\u00f3 Nagy, Csaba<\/p>\n<\/td>\n<td style=\"width: 34.2812%\" width=\"104\">\n<p>24 September<\/p>\n<\/td>\n<\/tr>\n<tr>\n<td style=\"width: 11.2164%\" width=\"71\">\n<p>5<\/p>\n<\/td>\n<td style=\"width: 45.6556%\" width=\"293\">\n<p><em>Extraction of the teeth<\/em><\/p>\n<\/td>\n<td style=\"width: 26.6983%\" width=\"170\">\n<p>Dr. Szab\u00f3, Bence<\/p>\n<\/td>\n<td style=\"width: 34.2812%\" width=\"104\">\n<p>01 October<\/p>\n<\/td>\n<\/tr>\n<tr>\n<td style=\"width: 11.2164%\" width=\"71\">\n<p>6<\/p>\n<\/td>\n<td style=\"width: 45.6556%\" width=\"293\">\n<p><em>Cysts of the jaws<\/em><\/p>\n<\/td>\n<td style=\"width: 26.6983%\" width=\"170\">\n<p>Dr. Vecsei, B\u00e1lint<\/p>\n<\/td>\n<td style=\"width: 34.2812%\" width=\"104\">\n<p>08 October<\/p>\n<\/td>\n<\/tr>\n<tr>\n<td style=\"width: 11.2164%\" width=\"71\">\n<p>7<\/p>\n<\/td>\n<td style=\"width: 45.6556%\" width=\"293\">\n<p><em>Panoramic radiography<\/em><\/p>\n<\/td>\n<td style=\"width: 26.6983%\" width=\"170\">\n<p>Dr. Dob\u00f3 Nagy, Csaba<\/p>\n<\/td>\n<td style=\"width: 34.2812%\" width=\"104\">\n<p>15 October<\/p>\n<\/td>\n<\/tr>\n<tr>\n<td style=\"width: 11.2164%\" width=\"71\">\n<p>8<\/p>\n<\/td>\n<td style=\"width: 45.6556%\" width=\"293\">\n<p><em>Tumors; Anomalies<\/em><\/p>\n<\/td>\n<td style=\"width: 26.6983%\" width=\"170\">\n<p>Dr. Ackermann, G\u00e1bor<\/p>\n<\/td>\n<td style=\"width: 34.2812%\" width=\"104\">\n<p>22 October<\/p>\n<\/td>\n<\/tr>\n<tr>\n<td style=\"width: 11.2164%\" width=\"71\">\n<p>9<\/p>\n<\/td>\n<td style=\"width: 45.6556%\" width=\"293\">\n<p><em>Fractures of the jaws<\/em><\/p>\n<\/td>\n<td style=\"width: 26.6983%\" width=\"170\">\n<p>Dr. Szab\u00f3, Bence<\/p>\n<\/td>\n<td style=\"width: 34.2812%\" width=\"104\">\n<p>29 October<\/p>\n<\/td>\n<\/tr>\n<tr>\n<td style=\"width: 11.2164%\" width=\"71\">\n<p>10<\/p>\n<\/td>\n<td style=\"width: 45.6556%\" width=\"293\">\n<p><em>Interpretation of radiographs<\/em><\/p>\n<\/td>\n<td style=\"width: 26.6983%\" width=\"170\">\n<p>Dr. Dob\u00f3 Nagy, Csaba<\/p>\n<\/td>\n<td style=\"width: 34.2812%\" width=\"104\">\n<p>5 November<\/p>\n<\/td>\n<\/tr>\n<tr>\n<td style=\"width: 11.2164%\" width=\"71\">\n<p>11<\/p>\n<\/td>\n<td style=\"width: 45.6556%\" width=\"293\">\n<p><em>Resorption of the teeth<\/em><\/p>\n<\/td>\n<td style=\"width: 26.6983%\" width=\"170\">\n<p>Dr. Vecsei, B\u00e1lint<\/p>\n<\/td>\n<td style=\"width: 34.2812%\" width=\"104\">\n<p>12 November<\/p>\n<\/td>\n<\/tr>\n<tr>\n<td style=\"width: 11.2164%\" width=\"71\">\n<p>12<\/p>\n<\/td>\n<td style=\"width: 45.6556%\" width=\"293\">\n<p><em>Digital dentistry<\/em><\/p>\n<\/td>\n<td style=\"width: 26.6983%\" width=\"170\">\n<p>Dr. Szab\u00f3, Bence<\/p>\n<\/td>\n<td style=\"width: 34.2812%\" width=\"104\">\n<p>19 November<\/p>\n<\/td>\n<\/tr>\n<tr>\n<td style=\"width: 11.2164%\" width=\"71\">\n<p>13<\/p>\n<\/td>\n<td style=\"width: 45.6556%\" width=\"293\">\n<p><em>Paranasal sinuses <\/em><\/p>\n<\/td>\n<td style=\"width: 26.6983%\" width=\"170\">\n<p>Dr. Szab\u00f3, Bence<\/p>\n<\/td>\n<td style=\"width: 34.2812%\" width=\"104\">\n<p>26 November<\/p>\n<\/td>\n<\/tr>\n<tr>\n<td style=\"width: 11.2164%\" width=\"71\">\n<p>14<\/p>\n<\/td>\n<td style=\"width: 45.6556%\" width=\"293\">\n<p><em>Written exam<\/em><\/p>\n<\/td>\n<td style=\"width: 26.6983%\" width=\"170\">\n<p>Dr. Szab\u00f3, Viktor<\/p>\n<\/td>\n<td style=\"width: 34.2812%\" width=\"104\">\n<p>3 December<\/p>\n<\/td>\n<\/tr>\n<\/tbody>\n<\/table>\n<p>&nbsp;<\/p>\n<p>Place of lecture: \u00c1rk\u00f6vy lecture room<\/p>\n<p>Duration: 12<sup>00<\/sup>-12<sup>45 <\/sup>on every Wednesday<\/p>\n<p>Budapest, 29 August 2025<\/p>\n<p>&nbsp;<\/p>\n<p>Dob\u00f3 Nagy, Csaba<br \/>\n<em>head of the Dept.<\/em><\/p>\n<p>&nbsp;<\/p>\n<p style=\"text-align: center\"><strong>Practices in Oral Radiology<\/strong><\/p>\n<p style=\"text-align: center\"><strong>2025\/2026 1<sup>st<\/sup> semester<\/strong><\/p>\n<p style=\"text-align: center\"><strong>4<sup>th<\/sup> year students<\/strong><\/p>\n<p style=\"text-align: center\"><strong>\u00a0<\/strong><\/p>\n<ol>\n<li>Tooth anatomy<\/li>\n<li>Anatomical landmarks. Part one<\/li>\n<li>Anatomical landmarks<\/li>\n<li>Development of the teeth<\/li>\n<li>Caries<\/li>\n<li>Periapical lesions \u00a0\u00a0\u00a0\u00a0\u00a0\u00a0\u00a0\u00a0\u00a0\u00a0\u00a0\u00a0\u00a0\u00a0\u00a0\u00a0\u00a0\u00a0\u00a0\u00a0\u00a0\u00a0\u00a0\u00a0\u00a0\u00a0\u00a0\u00a0\u00a0\u00a0\u00a0\u00a0\u00a0\u00a0\u00a0<\/li>\n<li>Periodontal disease<\/li>\n<li>Cyst \u00a0\u00a0\u00a0\u00a0\u00a0\u00a0\u00a0\u00a0\u00a0\u00a0\u00a0\u00a0\u00a0\u00a0\u00a0\u00a0\u00a0\u00a0\u00a0\u00a0\u00a0\u00a0\u00a0\u00a0\u00a0\u00a0\u00a0\u00a0\u00a0\u00a0\u00a0\u00a0\u00a0\u00a0\u00a0\u00a0\u00a0\u00a0\u00a0\u00a0\u00a0\u00a0\u00a0\u00a0\u00a0\u00a0<\/li>\n<li>Tumors, anomalies I.<\/li>\n<li>Anomalies <strong>Midterm<\/strong>\u00a0\u00a0\u00a0\u00a0\u00a0\u00a0\u00a0\u00a0\u00a0\u00a0\u00a0\u00a0\u00a0\u00a0\u00a0\u00a0\u00a0\u00a0\u00a0\u00a0\u00a0\u00a0\u00a0\u00a0\u00a0\u00a0\u00a0\u00a0\u00a0\u00a0\u00a0<\/li>\n<li>Practicing bisecting technique\u00a0\u00a0\u00a0\u00a0\u00a0\u00a0\u00a0\u00a0\u00a0\u00a0 \u00a0\u00a0\u00a0\u00a0\u00a0\u00a0\u00a0\u00a0\u00a0\u00a0\u00a0<\/li>\n<li>Practicing parallel technique, Midterm<\/li>\n<li>Analyzing intraoral films<\/li>\n<li>Analyzing extraoral films, Midterm<\/li>\n<\/ol>\n<p>&nbsp;<\/p>\n<table width=\"623\">\n<tbody>\n<tr>\n<td width=\"71\">\n<p><strong>groups<\/strong><\/p>\n<\/td>\n<td width=\"180\">\n<p><strong>\u00a0date<\/strong><\/p>\n<\/td>\n<td width=\"183\">\n<p><strong>place<\/strong><\/p>\n<\/td>\n<td width=\"189\">\n<p><strong>presenter<\/strong><\/p>\n<\/td>\n<\/tr>\n<tr>\n<td width=\"71\">\n<p><strong>1-3<\/strong><\/p>\n<\/td>\n<td width=\"180\">\n<p>Friday 8<sup>45<\/sup>-10<sup>15<\/sup><\/p>\n<\/td>\n<td width=\"183\">\n<p>No. 319 room at the DTC<\/p>\n<\/td>\n<td width=\"189\">\n<p>Dr. Szab\u00f3 Viktor<\/p>\n<\/td>\n<\/tr>\n<tr>\n<td width=\"71\">\n<p><strong>4-6<\/strong><\/p>\n<\/td>\n<td width=\"180\">\n<p>Thursday 14<sup>45<\/sup> -16<sup>15<\/sup><\/p>\n<\/td>\n<td width=\"183\">\n<p>No. 319 room at the DTC<\/p>\n<\/td>\n<td width=\"189\">\n<p>Dr. Vecsei, B\u00e1lint<\/p>\n<\/td>\n<\/tr>\n<tr>\n<td width=\"71\">\n<p><strong>7-9<\/strong><\/p>\n<\/td>\n<td width=\"180\">\n<p>Tuesday 10<sup>30<\/sup>-12<sup>00<\/sup><\/p>\n<\/td>\n<td width=\"183\">\n<p>No. 319 room at the DTC<\/p>\n<\/td>\n<td width=\"189\">\n<p>Dr. Dob\u00f3 Nagy, Csaba<\/p>\n<\/td>\n<\/tr>\n<tr>\n<td width=\"71\">\n<p><strong>10-12<\/strong><\/p>\n<\/td>\n<td width=\"180\">\n<p>Friday 12<sup>00<\/sup>-13<sup>30<\/sup><\/p>\n<\/td>\n<td width=\"183\">\n<p>No. 319 room at the DTC<\/p>\n<\/td>\n<td width=\"189\">\n<p>Dr. Szab\u00f3 Bence Tam\u00e1s<\/p>\n<\/td>\n<\/tr>\n<\/tbody>\n<\/table>\n<p>&nbsp;<\/p>\n<p>Budapest, 29. August 2025<\/p>\n<p>&nbsp;<\/p>\n<p>Dob\u00f3 Nagy, Csaba<br \/>\n<em>head of the Dept.<\/em><\/p>\n<p style=\"text-align: left\">\u00a0<\/p>\n","protected":false},"excerpt":{"rendered":"<p>Lectures in Oral Radiology 2025\/2026 1st semester 4th year students &nbsp; Weeks Title Presenter Date 1 Normal anatomy of the jaws Dr. Vecsei, B\u00e1lint 3 September 2 Periapical lesions; Root canal filling Dr. Dob\u00f3 Nagy, Csaba 10 September 3 Caries, pulp cavity Dr. Szab\u00f3, Bence 17 September 4 Periodontal disease Dr. Dob\u00f3 Nagy, Csaba 24 &hellip;<\/p>\n","protected":false},"author":126,"featured_media":0,"parent":1337,"menu_order":0,"comment_status":"closed","ping_status":"closed","template":"","meta":{"_acf_changed":false,"footnotes":""},"categories":[],"tags":[],"class_list":["post-2638","page","type-page","status-publish","hentry"],"acf":[],"_links":{"self":[{"href":"https:\/\/semmelweis.hu\/oralis-diagnosztika\/wp-json\/wp\/v2\/pages\/2638","targetHints":{"allow":["GET"]}}],"collection":[{"href":"https:\/\/semmelweis.hu\/oralis-diagnosztika\/wp-json\/wp\/v2\/pages"}],"about":[{"href":"https:\/\/semmelweis.hu\/oralis-diagnosztika\/wp-json\/wp\/v2\/types\/page"}],"author":[{"embeddable":true,"href":"https:\/\/semmelweis.hu\/oralis-diagnosztika\/wp-json\/wp\/v2\/users\/126"}],"replies":[{"embeddable":true,"href":"https:\/\/semmelweis.hu\/oralis-diagnosztika\/wp-json\/wp\/v2\/comments?post=2638"}],"version-history":[{"count":10,"href":"https:\/\/semmelweis.hu\/oralis-diagnosztika\/wp-json\/wp\/v2\/pages\/2638\/revisions"}],"predecessor-version":[{"id":3065,"href":"https:\/\/semmelweis.hu\/oralis-diagnosztika\/wp-json\/wp\/v2\/pages\/2638\/revisions\/3065"}],"up":[{"embeddable":true,"href":"https:\/\/semmelweis.hu\/oralis-diagnosztika\/wp-json\/wp\/v2\/pages\/1337"}],"wp:attachment":[{"href":"https:\/\/semmelweis.hu\/oralis-diagnosztika\/wp-json\/wp\/v2\/media?parent=2638"}],"wp:term":[{"taxonomy":"category","embeddable":true,"href":"https:\/\/semmelweis.hu\/oralis-diagnosztika\/wp-json\/wp\/v2\/categories?post=2638"},{"taxonomy":"post_tag","embeddable":true,"href":"https:\/\/semmelweis.hu\/oralis-diagnosztika\/wp-json\/wp\/v2\/tags?post=2638"}],"curies":[{"name":"wp","href":"https:\/\/api.w.org\/{rel}","templated":true}]}}