{"id":263,"date":"2012-11-14T11:43:53","date_gmt":"2012-11-14T11:43:53","guid":{"rendered":"http:\/\/semmelweis-egyetem.hu\/oralis-diagnosztika\/?page_id=263"},"modified":"2012-11-14T11:49:06","modified_gmt":"2012-11-14T11:49:06","slug":"fogeltavolitas-2","status":"publish","type":"page","link":"https:\/\/semmelweis.hu\/oralis-diagnosztika\/oktatas\/radiologia\/intraoralis-rontgenkepek-elemzese\/fogeltavolitas-2\/","title":{"rendered":"Fogelt\u00e1vol\u00edt\u00e1s"},"content":{"rendered":"<table width=\"192\" border=\"0\" cellspacing=\"0\" cellpadding=\"0\">\n<colgroup>\n<col span=\"3\" width=\"64\" \/> <\/colgroup>\n<tbody>\n<tr>\n<td style=\"text-align: center;\" align=\"right\" width=\"64\" height=\"20\"><a href=\"https:\/\/semmelweis.hu\/oralis-diagnosztika\/files\/2012\/10\/5-1.doc\">1<\/a><\/td>\n<td style=\"text-align: center;\" align=\"right\" width=\"64\"><a href=\"https:\/\/semmelweis.hu\/oralis-diagnosztika\/files\/2012\/10\/5-2.doc\">2<\/a><\/td>\n<td style=\"text-align: center;\" align=\"right\" width=\"64\"><a href=\"https:\/\/semmelweis.hu\/oralis-diagnosztika\/files\/2012\/10\/5-3.doc\">3<\/a><\/td>\n<\/tr>\n<tr>\n<td style=\"text-align: center;\" align=\"right\" height=\"20\"><a href=\"https:\/\/semmelweis.hu\/oralis-diagnosztika\/files\/2012\/10\/5-4.doc\">4<\/a><\/td>\n<td style=\"text-align: center;\" align=\"right\"><a href=\"https:\/\/semmelweis.hu\/oralis-diagnosztika\/files\/2012\/10\/5-5.doc\">5<\/a><\/td>\n<td style=\"text-align: center;\" align=\"right\"><a href=\"https:\/\/semmelweis.hu\/oralis-diagnosztika\/files\/2012\/10\/5-6.doc\">6<\/a><\/td>\n<\/tr>\n<\/tbody>\n<\/table>\n","protected":false},"excerpt":{"rendered":"<p><a href=\"https:\/\/semmelweis.hu\/oralis-diagnosztika\/files\/2012\/10\/5-1.doc\">1<\/a><br \/>\n<a href=\"https:\/\/semmelweis.hu\/oralis-diagnosztika\/files\/2012\/10\/5-2.doc\">2<\/a><br \/>\n<a href=\"https:\/\/semmelweis.hu\/oralis-diagnosztika\/files\/2012\/10\/5-3.doc\">3<\/a><\/p>\n<p><a href=\"https:\/\/semmelweis.hu\/oralis-diagnosztika\/files\/2012\/10\/5-4.doc\">4<\/a><br \/>\n<a href=\"https:\/\/semmelweis.hu\/oralis-diagnosztika\/files\/2012\/10\/5-5.doc\">5<\/a><br \/>\n<a href=\"https:\/\/semmelweis.hu\/oralis-diagnosztika\/files\/2012\/10\/5-6.doc\">6<\/a><\/p>\n","protected":false},"author":126,"featured_media":0,"parent":48,"menu_order":0,"comment_status":"open","ping_status":"open","template":"","meta":{"_acf_changed":false,"footnotes":""},"categories":[],"tags":[],"class_list":["post-263","page","type-page","status-publish","hentry"],"acf":[],"_links":{"self":[{"href":"https:\/\/semmelweis.hu\/oralis-diagnosztika\/wp-json\/wp\/v2\/pages\/263","targetHints":{"allow":["GET"]}}],"collection":[{"href":"https:\/\/semmelweis.hu\/oralis-diagnosztika\/wp-json\/wp\/v2\/pages"}],"about":[{"href":"https:\/\/semmelweis.hu\/oralis-diagnosztika\/wp-json\/wp\/v2\/types\/page"}],"author":[{"embeddable":true,"href":"https:\/\/semmelweis.hu\/oralis-diagnosztika\/wp-json\/wp\/v2\/users\/126"}],"replies":[{"embeddable":true,"href":"https:\/\/semmelweis.hu\/oralis-diagnosztika\/wp-json\/wp\/v2\/comments?post=263"}],"version-history":[{"count":1,"href":"https:\/\/semmelweis.hu\/oralis-diagnosztika\/wp-json\/wp\/v2\/pages\/263\/revisions"}],"predecessor-version":[{"id":264,"href":"https:\/\/semmelweis.hu\/oralis-diagnosztika\/wp-json\/wp\/v2\/pages\/263\/revisions\/264"}],"up":[{"embeddable":true,"href":"https:\/\/semmelweis.hu\/oralis-diagnosztika\/wp-json\/wp\/v2\/pages\/48"}],"wp:attachment":[{"href":"https:\/\/semmelweis.hu\/oralis-diagnosztika\/wp-json\/wp\/v2\/media?parent=263"}],"wp:term":[{"taxonomy":"category","embeddable":true,"href":"https:\/\/semmelweis.hu\/oralis-diagnosztika\/wp-json\/wp\/v2\/categories?post=263"},{"taxonomy":"post_tag","embeddable":true,"href":"https:\/\/semmelweis.hu\/oralis-diagnosztika\/wp-json\/wp\/v2\/tags?post=263"}],"curies":[{"name":"wp","href":"https:\/\/api.w.org\/{rel}","templated":true}]}}