{"id":1889,"date":"2018-09-26T14:40:27","date_gmt":"2018-09-26T12:40:27","guid":{"rendered":"http:\/\/semmelweis.hu\/oralis-diagnosztika\/?page_id=1889"},"modified":"2025-11-27T16:41:23","modified_gmt":"2025-11-27T15:41:23","slug":"betegellatas","status":"publish","type":"page","link":"https:\/\/semmelweis.hu\/oralis-diagnosztika\/betegellatas\/","title":{"rendered":"Betegell\u00e1t\u00e1s"},"content":{"rendered":"<p>A betegfelv\u00e9tel a Fogorvostudom\u00e1nyi Kar Oktat\u00e1si Centrum f\u00f6ldszintj\u00e9n t\u00f6rt\u00e9nik.<\/p>\n<p>K\u00e9rj\u00fck hozza mag\u00e1val:<\/p>\n<ul>\n<li>\u00e9rv\u00e9nyes TAJ k\u00e1rty\u00e1j\u00e1t<\/li>\n<li>szem\u00e9lyi igazolv\u00e1ny\u00e1t<\/li>\n<li>lakc\u00edm k\u00e1rty\u00e1j\u00e1t!<\/li>\n<\/ul>\n<p>A Fogorvostudom\u00e1nyi Kar Oktat\u00e1si Centrum\u00e1ba \u00e9rkez\u0151 beteg vizsg\u00e1lat\u00e1ra az Or\u00e1lis Diagnosztikai Klinik\u00e1n ker\u00fcl sor \u00e9s a beteg \u00e1llapot\u00e1nak, valamint a tervezett beavatkoz\u00e1snak megfelel\u0151 oszt\u00e1lyra, klinik\u00e1ra ir\u00e1ny\u00edtja a felv\u00e9teles orvos.<\/p>\n<p>Tansz\u00e9k\u00fcnk\u00f6n az al\u00e1bbi j\u00e1r\u00f3beteg szakrendel\u00e9sek folynak:<\/p>\n<p><strong>Or\u00e1lis Diagnosztikai \u00e9s S\u00fcrg\u0151ss\u00e9gi Oszt\u00e1ly<\/strong><\/p>\n<p>feladata a nem speci\u00e1lis klinik\u00e1ra utalt betegek vizsg\u00e1lata, szakir\u00e1ny\u00fa kezel\u00e9sre beutal\u00e1sa \u00e9s az akut panasszal \u00e9rkez\u0151 p\u00e1ciensek s\u00fcrg\u0151ss\u00e9gi ell\u00e1t\u00e1sban r\u00e9szes\u00edt\u00e9se<\/p>\n<p><strong>szakrendel\u00e9s el\u00e9rhet\u0151s\u00e9ge: <\/strong>3. emelet. 321-es kezel\u0151helyis\u00e9g<br \/>\n<strong>telefonsz\u00e1ma:<\/strong> +36 1 459 15 00\/ 59164-es mell\u00e9k<br \/>\n<strong>ideje: <\/strong>munkanapokon 8:00-16:00-ig<br \/>\n<strong>beutal\u00f3: <\/strong>nem sz\u00fcks\u00e9ges<\/p>\n<p><strong>Radiol\u00f3giai Oszt\u00e1ly<\/strong><\/p>\n<p>a kieg\u00e9sz\u00edt\u0151 fog\u00e1szati radiol\u00f3giai diagnosztikai szakell\u00e1t\u00e1sra szorul\u00f3 betegek j\u00e1r\u00f3beteg szakrendel\u00e9se<\/p>\n<p><strong>szakrendel\u00e9s el\u00e9rhet\u0151s\u00e9ge: <\/strong>3. emelet. 307-es helyis\u00e9g<br \/>\n<strong>telefonsz\u00e1ma:<\/strong> +36 1 459 15 00\/ 59169-es mell\u00e9k<br \/>\n<strong>ideje: <\/strong>munkanapokon 8:00-16:00-ig<br \/>\n<strong>beutal\u00f3: <\/strong>sz\u00fcks\u00e9ges<\/p>\n<p><strong>Or\u00e1lis Medicina R\u00e9szleg<\/strong><\/p>\n<p>a sz\u00e1jny\u00e1lkah\u00e1rtya elv\u00e1ltoz\u00e1sok kezel\u00e9s\u00e9re szorul\u00f3 betegek j\u00e1r\u00f3beteg szakrendel\u00e9se<\/p>\n<p><strong>szakrendel\u00e9s el\u00e9rhet\u0151s\u00e9ge: <\/strong>3. emelet. 320-as kezel\u0151helyis\u00e9g<br \/>\n<strong>telefonsz\u00e1ma:<\/strong> +36 1 459 15 00\/ 59167-es mell\u00e9k<br \/>\n<strong>ideje: <\/strong>munkanapokon 8:00-12:00-ig<br \/>\n<strong>beutal\u00f3: <\/strong>nem sz\u00fcks\u00e9ges<\/p>\n<p><a href=\"https:\/\/semmelweis.hu\/jogigfoig\/dokumentumtar\/szabalyzattar\/teritesi-dij-szabalyzat\/\">Semmelweis Egyetem T\u00e9r\u00edt\u00e9si D\u00edj Szab\u00e1lyzat<\/a><\/p>\n","protected":false},"excerpt":{"rendered":"<p>A betegfelv\u00e9tel a Fogorvostudom\u00e1nyi Kar Oktat\u00e1si Centrum f\u00f6ldszintj\u00e9n t\u00f6rt\u00e9nik. K\u00e9rj\u00fck hozza mag\u00e1val: \u00e9rv\u00e9nyes TAJ k\u00e1rty\u00e1j\u00e1t szem\u00e9lyi igazolv\u00e1ny\u00e1t lakc\u00edm k\u00e1rty\u00e1j\u00e1t! A Fogorvostudom\u00e1nyi Kar Oktat\u00e1si Centrum\u00e1ba \u00e9rkez\u0151 beteg vizsg\u00e1lat\u00e1ra az Or\u00e1lis Diagnosztikai Klinik\u00e1n ker\u00fcl sor \u00e9s a beteg \u00e1llapot\u00e1nak, valamint a tervezett beavatkoz\u00e1snak megfelel\u0151 oszt\u00e1lyra, klinik\u00e1ra ir\u00e1ny\u00edtja a felv\u00e9teles orvos. Tansz\u00e9k\u00fcnk\u00f6n az al\u00e1bbi j\u00e1r\u00f3beteg szakrendel\u00e9sek folynak: Or\u00e1lis &hellip;<\/p>\n","protected":false},"author":126,"featured_media":0,"parent":0,"menu_order":2,"comment_status":"closed","ping_status":"closed","template":"","meta":{"_acf_changed":false,"footnotes":""},"categories":[],"tags":[],"class_list":["post-1889","page","type-page","status-publish","hentry"],"acf":[],"_links":{"self":[{"href":"https:\/\/semmelweis.hu\/oralis-diagnosztika\/wp-json\/wp\/v2\/pages\/1889","targetHints":{"allow":["GET"]}}],"collection":[{"href":"https:\/\/semmelweis.hu\/oralis-diagnosztika\/wp-json\/wp\/v2\/pages"}],"about":[{"href":"https:\/\/semmelweis.hu\/oralis-diagnosztika\/wp-json\/wp\/v2\/types\/page"}],"author":[{"embeddable":true,"href":"https:\/\/semmelweis.hu\/oralis-diagnosztika\/wp-json\/wp\/v2\/users\/126"}],"replies":[{"embeddable":true,"href":"https:\/\/semmelweis.hu\/oralis-diagnosztika\/wp-json\/wp\/v2\/comments?post=1889"}],"version-history":[{"count":10,"href":"https:\/\/semmelweis.hu\/oralis-diagnosztika\/wp-json\/wp\/v2\/pages\/1889\/revisions"}],"predecessor-version":[{"id":3592,"href":"https:\/\/semmelweis.hu\/oralis-diagnosztika\/wp-json\/wp\/v2\/pages\/1889\/revisions\/3592"}],"wp:attachment":[{"href":"https:\/\/semmelweis.hu\/oralis-diagnosztika\/wp-json\/wp\/v2\/media?parent=1889"}],"wp:term":[{"taxonomy":"category","embeddable":true,"href":"https:\/\/semmelweis.hu\/oralis-diagnosztika\/wp-json\/wp\/v2\/categories?post=1889"},{"taxonomy":"post_tag","embeddable":true,"href":"https:\/\/semmelweis.hu\/oralis-diagnosztika\/wp-json\/wp\/v2\/tags?post=1889"}],"curies":[{"name":"wp","href":"https:\/\/api.w.org\/{rel}","templated":true}]}}