{"id":1802,"date":"2018-05-30T12:09:13","date_gmt":"2018-05-30T10:09:13","guid":{"rendered":"http:\/\/semmelweis.hu\/oralis-diagnosztika\/?page_id=1802"},"modified":"2024-10-10T11:23:14","modified_gmt":"2024-10-10T09:23:14","slug":"pruefungsfragen","status":"publish","type":"page","link":"https:\/\/semmelweis.hu\/oralis-diagnosztika\/de\/studium\/allgemeine-und-zahnaerztliche-radiologie-ii\/pruefungsfragen\/","title":{"rendered":"Pr\u00fcfungsfragen"},"content":{"rendered":"<p style=\"text-align: center\"><strong>Allgemeine und zahn\u00e4rtztliche Radiologie II.<\/strong><\/p>\n<p style=\"text-align: center\"><strong>Pr\u00fcfungsfragen 2024\/2025. <br \/>\n2. Semester<br \/>\n3. Jahresgang<\/strong><\/p>\n<table style=\"width: 53.1878%\" width=\"893\">\n<tbody>\n<tr>\n<td style=\"width: 7.20721%\">1<\/td>\n<td style=\"width: 88.1757%\">Interpretation des R\u00f6ntgenbildes.<\/td>\n<\/tr>\n<tr>\n<td style=\"width: 7.20721%\">2<\/td>\n<td style=\"width: 88.1757%\">Normale Anatomie. Z\u00e4hne.<\/td>\n<\/tr>\n<tr>\n<td style=\"width: 7.20721%\">3<\/td>\n<td style=\"width: 88.1757%\">Normale Anatomie. Unterst\u00fctzende Strukturen<\/td>\n<\/tr>\n<tr>\n<td style=\"width: 7.20721%\">4<\/td>\n<td style=\"width: 88.1757%\">Normale Anatomie. Oberkiefer (ausgenommen die Kieferh\u00f6hle).<\/td>\n<\/tr>\n<tr>\n<td style=\"width: 7.20721%\">5<\/td>\n<td style=\"width: 88.1757%\">Normale Anatomie. Kieferh\u00f6hle.<\/td>\n<\/tr>\n<tr>\n<td style=\"width: 7.20721%\">6<\/td>\n<td style=\"width: 88.1757%\">Normale Anatomie. Unterkiefer.<\/td>\n<\/tr>\n<tr>\n<td style=\"width: 7.20721%\">7<\/td>\n<td style=\"width: 88.1757%\">F\u00fcllungsmaterialien.<\/td>\n<\/tr>\n<tr>\n<td style=\"width: 7.20721%\">8<\/td>\n<td style=\"width: 88.1757%\">Periapikale Radiographie. Parallel Technik.<\/td>\n<\/tr>\n<tr>\n<td style=\"width: 7.20721%\">9<\/td>\n<td style=\"width: 88.1757%\">Bitewing Untersuchung. Occlusal Radiographie. Radiologische Untersuchung der Kindern.<\/td>\n<\/tr>\n<tr>\n<td style=\"width: 7.20721%\">10<\/td>\n<td style=\"width: 88.1757%\">Endodontie Radiologie: Diagnostische R\u00f6ntgenaufnahmen.<\/td>\n<\/tr>\n<tr>\n<td style=\"width: 7.20721%\">11<\/td>\n<td style=\"width: 88.1757%\">Extraorale R\u00f6ntgenaufnahmen<\/td>\n<\/tr>\n<tr>\n<td style=\"width: 7.20721%\">12<\/td>\n<td style=\"width: 88.1757%\">Panoramaradiologie<\/td>\n<\/tr>\n<tr>\n<td style=\"width: 7.20721%\">13<\/td>\n<td style=\"width: 88.1757%\">R\u00f6ntgenuntersuchung der Karies.<\/td>\n<\/tr>\n<tr>\n<td style=\"width: 7.20721%\">14<\/td>\n<td style=\"width: 88.1757%\">Radiologische Erscheinung der Karies.<\/td>\n<\/tr>\n<tr>\n<td style=\"width: 7.20721%\">15<\/td>\n<td style=\"width: 88.1757%\">Normale Anatomie der parodontalen Strukturen. Technische Verfahren<\/td>\n<\/tr>\n<tr>\n<td style=\"width: 7.20721%\">16<\/td>\n<td style=\"width: 88.1757%\">Marginale Parodontalerkrankungen. Auswertung der Parodontitis-Therapie.<\/td>\n<\/tr>\n<tr>\n<td style=\"width: 7.20721%\">17<\/td>\n<td style=\"width: 88.1757%\">Zahnanomalien: \u00fcberz\u00e4hlige Z\u00e4hne,\u00a0 fehlende Z\u00e4hne, Zahn Gr\u00f6\u00dfe, Transposition,Fusion, Konkretion, Gemination.<\/td>\n<\/tr>\n<tr>\n<td style=\"width: 7.20721%\">18<\/td>\n<td style=\"width: 88.1757%\">Zahnanomalien: Taurodens, Dilazeration, Dens in dente, Amelogenesis imperfecta, Dentinogenesis imperfecta, Schmelzperle<\/td>\n<\/tr>\n<tr>\n<td style=\"width: 7.20721%\">19<\/td>\n<td style=\"width: 88.1757%\">Regressive Ver\u00e4nderungen des Gebisses: Attrition, Abrasion, Terti\u00e4r Dentinbildung, Pulpasklerose.<\/td>\n<\/tr>\n<tr>\n<td style=\"width: 7.20721%\">20<\/td>\n<td style=\"width: 88.1757%\">Regressive Ver\u00e4nderungen des Gebisses: Resorption, Hyperzementose.<\/td>\n<\/tr>\n<tr>\n<td style=\"width: 7.20721%\">21<\/td>\n<td style=\"width: 88.1757%\">Entz\u00fcndliche L\u00e4sionen der Kiefer. Akute Infektionen der Periapex.<\/td>\n<\/tr>\n<tr>\n<td style=\"width: 7.20721%\">22<\/td>\n<td style=\"width: 88.1757%\">Chronische Entz\u00fcndung der periapikalen Region.<\/td>\n<\/tr>\n<tr>\n<td style=\"width: 7.20721%\">23<\/td>\n<td style=\"width: 88.1757%\">Pericoronitis. Osteomyelitis (akut, chronisch).<\/td>\n<\/tr>\n<tr>\n<td style=\"width: 7.20721%\">24<\/td>\n<td style=\"width: 88.1757%\">Allgemeine \u00dcberlegungen und Klassifizierung der Zysten. Radikul\u00e4re Zyste.\u00a0<\/td>\n<\/tr>\n<tr>\n<td style=\"width: 7.20721%\">25<\/td>\n<td style=\"width: 88.1757%\">Follikul\u00e4ren und Residualzysten.<\/td>\n<\/tr>\n<tr>\n<td style=\"width: 7.20721%\">26<\/td>\n<td style=\"width: 88.1757%\">Keratozysten. Lateral parodontale Zysten.<\/td>\n<\/tr>\n<tr>\n<td style=\"width: 7.20721%\">27<\/td>\n<td style=\"width: 88.1757%\">Nonodontogene Zysten.<\/td>\n<\/tr>\n<tr>\n<td style=\"width: 7.20721%\">28<\/td>\n<td style=\"width: 88.1757%\">R\u00f6ntgenuntersuchung des Kiefergelenks.<\/td>\n<\/tr>\n<tr>\n<td style=\"width: 7.20721%\">29<\/td>\n<td style=\"width: 88.1757%\">Krankheiten der Kieferh\u00f6hle.<\/td>\n<\/tr>\n<\/tbody>\n<\/table>\n","protected":false},"excerpt":{"rendered":"<p>Allgemeine und zahn\u00e4rtztliche Radiologie II. Pr\u00fcfungsfragen 2024\/2025. 2. Semester 3. Jahresgang 1 Interpretation des R\u00f6ntgenbildes. 2 Normale Anatomie. Z\u00e4hne. 3 Normale Anatomie. Unterst\u00fctzende Strukturen 4 Normale Anatomie. Oberkiefer (ausgenommen die Kieferh\u00f6hle). 5 Normale Anatomie. Kieferh\u00f6hle. 6 Normale Anatomie. Unterkiefer. 7 F\u00fcllungsmaterialien. 8 Periapikale Radiographie. Parallel Technik. 9 Bitewing Untersuchung. Occlusal Radiographie. Radiologische Untersuchung der Kindern. &hellip;<\/p>\n","protected":false},"author":126,"featured_media":0,"parent":3194,"menu_order":0,"comment_status":"closed","ping_status":"closed","template":"","meta":{"_acf_changed":false,"footnotes":""},"categories":[],"tags":[],"class_list":["post-1802","page","type-page","status-publish","hentry"],"acf":[],"_links":{"self":[{"href":"https:\/\/semmelweis.hu\/oralis-diagnosztika\/wp-json\/wp\/v2\/pages\/1802","targetHints":{"allow":["GET"]}}],"collection":[{"href":"https:\/\/semmelweis.hu\/oralis-diagnosztika\/wp-json\/wp\/v2\/pages"}],"about":[{"href":"https:\/\/semmelweis.hu\/oralis-diagnosztika\/wp-json\/wp\/v2\/types\/page"}],"author":[{"embeddable":true,"href":"https:\/\/semmelweis.hu\/oralis-diagnosztika\/wp-json\/wp\/v2\/users\/126"}],"replies":[{"embeddable":true,"href":"https:\/\/semmelweis.hu\/oralis-diagnosztika\/wp-json\/wp\/v2\/comments?post=1802"}],"version-history":[{"count":10,"href":"https:\/\/semmelweis.hu\/oralis-diagnosztika\/wp-json\/wp\/v2\/pages\/1802\/revisions"}],"predecessor-version":[{"id":3484,"href":"https:\/\/semmelweis.hu\/oralis-diagnosztika\/wp-json\/wp\/v2\/pages\/1802\/revisions\/3484"}],"up":[{"embeddable":true,"href":"https:\/\/semmelweis.hu\/oralis-diagnosztika\/wp-json\/wp\/v2\/pages\/3194"}],"wp:attachment":[{"href":"https:\/\/semmelweis.hu\/oralis-diagnosztika\/wp-json\/wp\/v2\/media?parent=1802"}],"wp:term":[{"taxonomy":"category","embeddable":true,"href":"https:\/\/semmelweis.hu\/oralis-diagnosztika\/wp-json\/wp\/v2\/categories?post=1802"},{"taxonomy":"post_tag","embeddable":true,"href":"https:\/\/semmelweis.hu\/oralis-diagnosztika\/wp-json\/wp\/v2\/tags?post=1802"}],"curies":[{"name":"wp","href":"https:\/\/api.w.org\/{rel}","templated":true}]}}