{"id":1434,"date":"2017-09-14T14:18:50","date_gmt":"2017-09-14T12:18:50","guid":{"rendered":"http:\/\/semmelweis.hu\/oralis-diagnosztika\/?page_id=1434"},"modified":"2025-08-28T11:52:24","modified_gmt":"2025-08-28T09:52:24","slug":"radiologie","status":"publish","type":"page","link":"https:\/\/semmelweis.hu\/oralis-diagnosztika\/de\/studium\/radiologie\/","title":{"rendered":"Allgemeine und zahn\u00e4rztliche Radiologie I."},"content":{"rendered":"<p style=\"text-align: center\"><span style=\"font-weight: bolder\">Allgemeine und zahn\u00e4rztliche Radiologie<\/span><\/p>\n<p style=\"text-align: center\"><span style=\"font-weight: bolder\">Vorlesungen<\/span><\/p>\n<p style=\"text-align: center\"><span style=\"font-weight: bolder\">2025\/2026. 1. Semester<\/span><\/p>\n<p style=\"text-align: center\"><span style=\"font-weight: bolder\">4. Studienjahr<\/span><\/p>\n<p>&nbsp;<\/p>\n<table width=\"609\">\n<tbody>\n<tr>\n<td width=\"326\">\n<p><strong>Titel<\/strong><\/p>\n<\/td>\n<td width=\"179\">\n<p><strong>Vortraggeber<\/strong><\/p>\n<\/td>\n<td width=\"104\">\n<p><strong>Datum<\/strong><\/p>\n<\/td>\n<\/tr>\n<tr>\n<td width=\"326\">\n<p>Normale Anatomie des Kiefers<\/p>\n<\/td>\n<td width=\"179\">\n<p>Dr. Szab\u00f3 Bence Tam\u00e1s<\/p>\n<\/td>\n<td width=\"104\">\n<p>2. September<\/p>\n<\/td>\n<\/tr>\n<tr>\n<td width=\"326\">\n<p>Karies, Pulpakavum<\/p>\n<\/td>\n<td width=\"179\">\n<p>Dr. Szab\u00f3 Bence Tam\u00e1s<\/p>\n<\/td>\n<td width=\"104\">\n<p>9. September<\/p>\n<\/td>\n<\/tr>\n<tr>\n<td width=\"326\">\n<p>Extraktion des Z\u00e4hnes<\/p>\n<\/td>\n<td width=\"179\">\n<p>Dr. Szab\u00f3 Bence Tam\u00e1s<\/p>\n<\/td>\n<td width=\"104\">\n<p>16. September<\/p>\n<\/td>\n<\/tr>\n<tr>\n<td width=\"326\">\n<p>Periapikale Infektionen; Wurzelbehandlung<\/p>\n<\/td>\n<td width=\"179\">\n<p>Dr. Szab\u00f3 Bence Tam\u00e1s<\/p>\n<\/td>\n<td width=\"104\">\n<p>23. September<\/p>\n<\/td>\n<\/tr>\n<tr>\n<td width=\"326\">\n<p>Zysten<\/p>\n<\/td>\n<td width=\"179\">\n<p>Dr. Szab\u00f3 Bence Tam\u00e1s<\/p>\n<\/td>\n<td width=\"104\">\n<p>30. September<\/p>\n<\/td>\n<\/tr>\n<tr>\n<td width=\"326\">\n<p>Regressive Ver\u00e4nderungen an Z\u00e4hnen und Kiefern<\/p>\n<\/td>\n<td width=\"179\">\n<p>Dr. Szab\u00f3 Bence Tam\u00e1s<\/p>\n<\/td>\n<td width=\"104\">\n<p>7. Oktober<\/p>\n<\/td>\n<\/tr>\n<tr>\n<td width=\"326\">\n<p>Parodontale Infektionen<\/p>\n<\/td>\n<td width=\"179\">\n<p>Dr. Szab\u00f3 Bence Tam\u00e1s<\/p>\n<\/td>\n<td width=\"104\">\n<p>14. Oktober<\/p>\n<\/td>\n<\/tr>\n<tr>\n<td width=\"326\">\n<p>Tumoren; Anomalien<\/p>\n<\/td>\n<td width=\"179\">\n<p>Dr. Szab\u00f3 Bence Tam\u00e1s<\/p>\n<\/td>\n<td width=\"104\">\n<p>21. Oktober<\/p>\n<\/td>\n<\/tr>\n<tr>\n<td width=\"326\">\n<p>Digitale\u00a0 Radiographie<\/p>\n<\/td>\n<td width=\"179\">\n<p>Dr. Szab\u00f3 Bence Tam\u00e1s<\/p>\n<\/td>\n<td width=\"104\">\n<p>28. Oktober<\/p>\n<\/td>\n<\/tr>\n<tr>\n<td width=\"326\">\n<p>Orthopantomographie, DVT<\/p>\n<\/td>\n<td width=\"179\">\n<p>Dr. Szab\u00f3 Bence Tam\u00e1s<\/p>\n<\/td>\n<td width=\"104\">\n<p>4. November<\/p>\n<\/td>\n<\/tr>\n<tr>\n<td width=\"326\">\n<p>Nasennebenh\u00f6hle<\/p>\n<\/td>\n<td width=\"179\">\n<p>Dr. Szab\u00f3 Bence Tam\u00e1s<\/p>\n<\/td>\n<td width=\"104\">\n<p>11. November<\/p>\n<\/td>\n<\/tr>\n<tr>\n<td width=\"326\">\n<p>Interpretation des R\u00f6ntgenbildes<\/p>\n<\/td>\n<td width=\"179\">\n<p>Dr. Szab\u00f3 Bence Tam\u00e1s<\/p>\n<\/td>\n<td width=\"104\">\n<p>18. November<\/p>\n<\/td>\n<\/tr>\n<tr>\n<td width=\"326\">\n<p>Das Kiefergelenk<\/p>\n<\/td>\n<td width=\"179\">\n<p>Dr. Szab\u00f3 Bence Tam\u00e1s<\/p>\n<\/td>\n<td width=\"104\">\n<p>25. November<\/p>\n<\/td>\n<\/tr>\n<tr>\n<td width=\"326\">\n<p>Testpr\u00fcfung<\/p>\n<\/td>\n<td width=\"179\">\n<p>Dr. Szab\u00f3 Bence Tam\u00e1s<\/p>\n<\/td>\n<td width=\"104\">\n<p>2. Dezember<\/p>\n<\/td>\n<\/tr>\n<\/tbody>\n<\/table>\n<p>&nbsp;<\/p>\n<p>&nbsp;<\/p>\n<p>Vorlesungen dauern: 12<u><sup>15<\/sup><\/u>-13<u><sup>00<\/sup><\/u>, an jedem Dienstag<\/p>\n<p>Ort der Vorlesung: Radiologischer Seminarraum, Budapest, Szentkir\u00e1lyi Str. 47.<\/p>\n<p>&nbsp;<\/p>\n<p>Budapest, 27. August 2025<\/p>\n<p>&nbsp;<\/p>\n<p style=\"text-align: left\">Dr. Dob\u00f3-Nagy Csaba<br \/>\n<em>Leiter<\/em><\/p>\n<p>&nbsp;<\/p>\n<p style=\"text-align: center\"><strong>Allgemeine und zahn\u00e4rztliche Radiologie<\/strong><\/p>\n<p style=\"text-align: center\"><strong>Praktika<\/strong><\/p>\n<p style=\"text-align: center\"><strong>2025\/2026. 1. Semester<\/strong><\/p>\n<p style=\"text-align: center\"><strong style=\"font-size: 1rem\">4. Studienjahr<\/strong><\/p>\n<p><strong>\u00a0<\/strong><\/p>\n<table width=\"660\">\n<tbody>\n<tr>\n<td width=\"118\">\n<p>2. September<\/p>\n<\/td>\n<td width=\"542\">\n<p>Ausf\u00fchrlich Anatomie der Z\u00e4hne (Dr. Szab\u00f3 Bence Tam\u00e1s)<\/p>\n<\/td>\n<\/tr>\n<tr>\n<td width=\"118\">\n<p>9. September<\/p>\n<\/td>\n<td width=\"542\">\n<p>Anatomische Landmarken (bis Kieferh\u00f6hle) (Dr. Szab\u00f3 Bence Tam\u00e1s)<\/p>\n<\/td>\n<\/tr>\n<tr>\n<td width=\"118\">\n<p>16. September<\/p>\n<\/td>\n<td width=\"542\">\n<p>Fortsetzung der Anatomische Landmarken (Dr. Szab\u00f3 Bence Tam\u00e1s)<\/p>\n<\/td>\n<\/tr>\n<tr>\n<td width=\"118\">\n<p>23. September<\/p>\n<\/td>\n<td width=\"542\">\n<p>Karies (Dr. Szab\u00f3 Bence Tam\u00e1s)<\/p>\n<\/td>\n<\/tr>\n<tr>\n<td width=\"118\">\n<p>30. September<\/p>\n<\/td>\n<td width=\"542\">\n<p>Periapikale Infektionen (Dr. Szab\u00f3 Bence Tam\u00e1s)<\/p>\n<\/td>\n<\/tr>\n<tr>\n<td width=\"118\">\n<p>7. Oktober<\/p>\n<\/td>\n<td width=\"542\">\n<p>Zysten (Dr. Szab\u00f3 Bence Tam\u00e1s)<\/p>\n<\/td>\n<\/tr>\n<tr>\n<td width=\"118\">\n<p>14. Oktober<\/p>\n<\/td>\n<td width=\"542\">\n<p>Parodontale Infektionen (Dr. Szab\u00f3 Bence Tam\u00e1s)<\/p>\n<\/td>\n<\/tr>\n<tr>\n<td width=\"118\">\n<p>21. Oktober<\/p>\n<\/td>\n<td width=\"542\">\n<p>Anomalien (Dr. Szab\u00f3 Bence Tam\u00e1s)<\/p>\n<\/td>\n<\/tr>\n<tr>\n<td width=\"118\">\n<p>28. Oktober<\/p>\n<\/td>\n<td width=\"542\">\n<p>Entwicklung der Z\u00e4hne, Extraktion. (Dr. Szab\u00f3 Bence Tam\u00e1s)<\/p>\n<\/td>\n<\/tr>\n<tr>\n<td width=\"118\">\n<p>4. November<\/p>\n<\/td>\n<td width=\"542\">\n<p>Hyperzementose, Verletzungen des Z\u00e4hnes, Tumoren, Resektion <br \/>\n(Dr. Szab\u00f3 Bence Tam\u00e1s) <strong>Klausur<\/strong><\/p>\n<\/td>\n<\/tr>\n<tr>\n<td width=\"118\">\n<p>11. November<\/p>\n<\/td>\n<td width=\"542\">\n<p>Komplex Praktikum (Dr. Szab\u00f3 Bence Tam\u00e1s)<\/p>\n<\/td>\n<\/tr>\n<tr>\n<td width=\"118\">\n<p>18. November<\/p>\n<\/td>\n<td width=\"542\">\n<p>Periapikale R\u00f6ntgenaufnahme: Halbwinkeltechnik (Dr. Szab\u00f3 Bence Tam\u00e1s) <em>Klausur <\/em><\/p>\n<\/td>\n<\/tr>\n<tr>\n<td width=\"118\">\n<p>25. November<\/p>\n<\/td>\n<td width=\"542\">\n<p>Periapikale R\u00f6ntgenaufnahme: Paralleltechnik (Dr. Szab\u00f3 Bence Tam\u00e1s)<\/p>\n<\/td>\n<\/tr>\n<tr>\n<td width=\"118\">\n<p>2. Dezember<\/p>\n<\/td>\n<td width=\"542\">\n<p>Auswertung der extraoralen und intraoralen R\u00f6ntgenaufnahmen (Dr. Szab\u00f3 Bence Tam\u00e1s) <em>Klausur<\/em><\/p>\n<\/td>\n<\/tr>\n<\/tbody>\n<\/table>\n<p>&nbsp;<\/p>\n<p>Praktikum dauert: 13<u><sup>15<\/sup><\/u>-14<u><sup>45<\/sup><\/u>, an jedem Dienstag<\/p>\n<p>Ort der Praktiken: Radiologischer Seminarraum, Budapest, Szentkir\u00e1lyi Str. 47.<\/p>\n<p>&nbsp;<\/p>\n<p>Budapest, 27. August 2025<\/p>\n<p>&nbsp;<\/p>\n<p>Dr. Dob\u00f3-Nagy Csaba<br \/>\n<em>Leiter<\/em><\/p>\n","protected":false},"excerpt":{"rendered":"<p>Allgemeine und zahn\u00e4rztliche Radiologie Vorlesungen 2025\/2026. 1. Semester 4. Studienjahr &nbsp; Titel Vortraggeber Datum Normale Anatomie des Kiefers Dr. Szab\u00f3 Bence Tam\u00e1s 2. September Karies, Pulpakavum Dr. Szab\u00f3 Bence Tam\u00e1s 9. September Extraktion des Z\u00e4hnes Dr. Szab\u00f3 Bence Tam\u00e1s 16. September Periapikale Infektionen; Wurzelbehandlung Dr. Szab\u00f3 Bence Tam\u00e1s 23. September Zysten Dr. Szab\u00f3 Bence Tam\u00e1s &hellip;<\/p>\n","protected":false},"author":126,"featured_media":0,"parent":1339,"menu_order":3,"comment_status":"closed","ping_status":"closed","template":"","meta":{"_acf_changed":false,"footnotes":""},"categories":[],"tags":[],"class_list":["post-1434","page","type-page","status-publish","hentry"],"acf":[],"_links":{"self":[{"href":"https:\/\/semmelweis.hu\/oralis-diagnosztika\/wp-json\/wp\/v2\/pages\/1434","targetHints":{"allow":["GET"]}}],"collection":[{"href":"https:\/\/semmelweis.hu\/oralis-diagnosztika\/wp-json\/wp\/v2\/pages"}],"about":[{"href":"https:\/\/semmelweis.hu\/oralis-diagnosztika\/wp-json\/wp\/v2\/types\/page"}],"author":[{"embeddable":true,"href":"https:\/\/semmelweis.hu\/oralis-diagnosztika\/wp-json\/wp\/v2\/users\/126"}],"replies":[{"embeddable":true,"href":"https:\/\/semmelweis.hu\/oralis-diagnosztika\/wp-json\/wp\/v2\/comments?post=1434"}],"version-history":[{"count":10,"href":"https:\/\/semmelweis.hu\/oralis-diagnosztika\/wp-json\/wp\/v2\/pages\/1434\/revisions"}],"predecessor-version":[{"id":3560,"href":"https:\/\/semmelweis.hu\/oralis-diagnosztika\/wp-json\/wp\/v2\/pages\/1434\/revisions\/3560"}],"up":[{"embeddable":true,"href":"https:\/\/semmelweis.hu\/oralis-diagnosztika\/wp-json\/wp\/v2\/pages\/1339"}],"wp:attachment":[{"href":"https:\/\/semmelweis.hu\/oralis-diagnosztika\/wp-json\/wp\/v2\/media?parent=1434"}],"wp:term":[{"taxonomy":"category","embeddable":true,"href":"https:\/\/semmelweis.hu\/oralis-diagnosztika\/wp-json\/wp\/v2\/categories?post=1434"},{"taxonomy":"post_tag","embeddable":true,"href":"https:\/\/semmelweis.hu\/oralis-diagnosztika\/wp-json\/wp\/v2\/tags?post=1434"}],"curies":[{"name":"wp","href":"https:\/\/api.w.org\/{rel}","templated":true}]}}