{"id":3138,"date":"2023-09-12T11:42:10","date_gmt":"2023-09-12T09:42:10","guid":{"rendered":"https:\/\/semmelweis.hu\/oralbiologia\/?page_id=3138"},"modified":"2024-12-16T13:19:15","modified_gmt":"2024-12-16T12:19:15","slug":"parodontalis-betegsegek-es-szisztemas-betegsegek-2","status":"publish","type":"page","link":"https:\/\/semmelweis.hu\/oralbiologia\/oktatas\/kurzusok\/parodontalis-betegsegek-es-szisztemas-betegsegek-2\/","title":{"rendered":"Parodont\u00e1lis betegs\u00e9gek \u00e9s sziszt\u00e9m\u00e1s betegs\u00e9gek"},"content":{"rendered":"<ul>\n<li><strong>Tant\u00e1rgyle\u00edr\u00e1s:<\/strong> <a href=\"https:\/\/semmelweis.hu\/oralbiologia\/files\/2024\/12\/Parodontitis-es-szisztemas-betegsegek-osszefuggese-angol.docx\">Parodont\u00e1lis betegs\u00e9gek \u00e9s sziszt\u00e9m\u00e1s betegs\u00e9gek 2023\/2024<\/a><\/li>\n<\/ul>\n<p>&nbsp;<\/p>\n<div class=\"page\" title=\"Page 1\">\n<div class=\"section\">\n<div class=\"layoutArea\">\n<div class=\"column\">\n<p><strong>A tanta\u0301rgy oktata\u0301sa\u0301nak ce\u0301lkitu\u030bze\u0301se, helye a fogorvoske\u0301pze\u0301s kurrikuluma\u0301ban:<\/strong><\/p>\n<p>A kurzust mind a Fogorvostudoma\u0301nyi Karon, mind az A\u0301ltala\u0301nos Orvostudoma\u0301nyi Karon a 8. e\u0301s 10. szemeszterben ki\u0301va\u0301njuk ele\u0301rheto\u030bve\u0301 tenni. A legu\u0301jabb kutata\u0301si eredme\u0301nyek alapja\u0301n szoros o\u0308sszefu\u0308gge\u0301s van a foga\u0301gybetegse\u0301gek e\u0301s sza\u0301mos, ne\u0301pbetegse\u0301gnek sza\u0301mi\u0301to\u0301 sziszte\u0301ma\u0301s megbetegede\u0301s (pl. kardiovaszkula\u0301ris betegse\u0301gek, metabolikus zavarok, kogniti\u0301v diszfunkcio\u0301k e\u0301s eme\u0301szto\u030brendszervi tumorok) ko\u0308zo\u0308tt. A kurzus ce\u0301lja (elso\u030bsorban a Parodontolo\u0301giai Klinika vezeto\u030b oktato\u0301ival, valamint a te\u0301materu\u0308letek szake\u0301rto\u030bivel egyu\u0308ttmu\u030bko\u0308dve) ezen o\u0308sszefu\u0308gge\u0301sek ko\u0301re\u0301lettani, mikrobiolo\u0301giai e\u0301s ne\u0301pege\u0301szse\u0301gu\u0308gyi vonatkoza\u0301sainak \u201eup-to-date\u201d bemutata\u0301sa. Mindez egyre\u0301szt hozza\u0301ja\u0301rul a fogorvostanhallgato\u0301k klinikai szemle\u0301lete\u0301nek forma\u0301la\u0301sa\u0301hoz, ma\u0301sre\u0301szt mind a fogorvostanhallgato\u0301k, mind az a\u0301ltala\u0301nos orvosi ke\u0301pze\u0301sben re\u0301szt vevo\u030bk sza\u0301ma\u0301ra u\u0301jabb ismereteket szolga\u0301ltat arra vonatkozo\u0301an, hogy mie\u0301rt elengedhetetlen a ku\u0308lo\u0308nbo\u0308zo\u030b szakira\u0301nyokban teve\u0301kenykedo\u030b orvosok szoros egyu\u0308ttmu\u030bko\u0308de\u0301se a gyo\u0301gyi\u0301to\u0301, preventi\u0301v teve\u0301kenyse\u0301gu\u0308k sora\u0301n. A karokat a\u0301ti\u0301velo\u030b kurzus reme\u0301nyeink szerint a hallgato\u0301k e\u0301s a karok ko\u0308zo\u0308tti jobb kommunika\u0301cio\u0301t e\u0301s szorosabb egyu\u0308ttmu\u030bko\u0308de\u0301st is elo\u030bsegi\u0301ti.<\/p>\n<\/div>\n<\/div>\n<\/div>\n<\/div>\n","protected":false},"excerpt":{"rendered":"<p>Tant\u00e1rgyle\u00edr\u00e1s: <a href=\"https:\/\/semmelweis.hu\/oralbiologia\/files\/2024\/12\/Parodontitis-es-szisztemas-betegsegek-osszefuggese-angol.docx\">Parodont\u00e1lis betegs\u00e9gek \u00e9s sziszt\u00e9m\u00e1s betegs\u00e9gek 2023\/2024<\/a> &nbsp; A tanta\u0301rgy oktata\u0301sa\u0301nak ce\u0301lkitu\u030bze\u0301se, helye a fogorvoske\u0301pze\u0301s kurrikuluma\u0301ban: A kurzust mind a Fogorvostudoma\u0301nyi Karon, mind az A\u0301ltala\u0301nos Orvostudoma\u0301nyi Karon a 8. e\u0301s 10. szemeszterben ki\u0301va\u0301njuk ele\u0301rheto\u030bve\u0301 tenni. A legu\u0301jabb kutata\u0301si eredme\u0301nyek alapja\u0301n szoros o\u0308sszefu\u0308gge\u0301s van a foga\u0301gybetegse\u0301gek e\u0301s sza\u0301mos, ne\u0301pbetegse\u0301gnek sza\u0301mi\u0301to\u0301 sziszte\u0301ma\u0301s megbetegede\u0301s (pl. kardiovaszkula\u0301ris betegse\u0301gek, metabolikus zavarok, kogniti\u0301v diszfunkcio\u0301k e\u0301s eme\u0301szto\u030brendszervi tumorok) &hellip;<\/p>\n","protected":false},"author":102212,"featured_media":0,"parent":2857,"menu_order":0,"comment_status":"closed","ping_status":"closed","template":"","meta":{"_acf_changed":false,"footnotes":""},"categories":[],"tags":[],"class_list":["post-3138","page","type-page","status-publish","hentry"],"acf":[],"_links":{"self":[{"href":"https:\/\/semmelweis.hu\/oralbiologia\/wp-json\/wp\/v2\/pages\/3138","targetHints":{"allow":["GET"]}}],"collection":[{"href":"https:\/\/semmelweis.hu\/oralbiologia\/wp-json\/wp\/v2\/pages"}],"about":[{"href":"https:\/\/semmelweis.hu\/oralbiologia\/wp-json\/wp\/v2\/types\/page"}],"author":[{"embeddable":true,"href":"https:\/\/semmelweis.hu\/oralbiologia\/wp-json\/wp\/v2\/users\/102212"}],"replies":[{"embeddable":true,"href":"https:\/\/semmelweis.hu\/oralbiologia\/wp-json\/wp\/v2\/comments?post=3138"}],"version-history":[{"count":6,"href":"https:\/\/semmelweis.hu\/oralbiologia\/wp-json\/wp\/v2\/pages\/3138\/revisions"}],"predecessor-version":[{"id":3244,"href":"https:\/\/semmelweis.hu\/oralbiologia\/wp-json\/wp\/v2\/pages\/3138\/revisions\/3244"}],"up":[{"embeddable":true,"href":"https:\/\/semmelweis.hu\/oralbiologia\/wp-json\/wp\/v2\/pages\/2857"}],"wp:attachment":[{"href":"https:\/\/semmelweis.hu\/oralbiologia\/wp-json\/wp\/v2\/media?parent=3138"}],"wp:term":[{"taxonomy":"category","embeddable":true,"href":"https:\/\/semmelweis.hu\/oralbiologia\/wp-json\/wp\/v2\/categories?post=3138"},{"taxonomy":"post_tag","embeddable":true,"href":"https:\/\/semmelweis.hu\/oralbiologia\/wp-json\/wp\/v2\/tags?post=3138"}],"curies":[{"name":"wp","href":"https:\/\/api.w.org\/{rel}","templated":true}]}}