{"id":2887,"date":"2023-05-15T12:17:59","date_gmt":"2023-05-15T10:17:59","guid":{"rendered":"https:\/\/semmelweis.hu\/oralbiologia\/?page_id=2887"},"modified":"2023-05-19T13:18:29","modified_gmt":"2023-05-19T11:18:29","slug":"szakdolgozat-temak","status":"publish","type":"page","link":"https:\/\/semmelweis.hu\/oralbiologia\/oktatas\/szakdolgozat-temak\/","title":{"rendered":"Szakdolgozat t\u00e9m\u00e1k"},"content":{"rendered":"<h6 class=\"entry-title\"><span style=\"color: #000000;font-size: 14pt\"><strong>Szakdolgozati \u00fatmutat\u00f3<\/strong><\/span><\/h6>\n<div class=\"entry-content\">\n<p>A jelentkez\u00e9s m\u00f3dja: a FOK-os hallgat\u00f3k a v\u00e1lasztott t\u00e9ma vezet\u0151j\u00e9vel t\u00f6rt\u00e9nt szem\u00e9lyes megbesz\u00e9l\u00e9s ut\u00e1n jelentkezzenek a FOK D\u00e9k\u00e1ni Hivatalban, ahol \u00edr\u00e1sbeli enged\u00e9lyt kapnak \u2013 ezt a t\u00e9mavezet\u0151vel t\u00f6rt\u00e9n\u0151 egyeztet\u00e9s ut\u00e1n adj\u00e1k le az Int\u00e9zet titk\u00e1rs\u00e1g\u00e1n!<\/p>\n<p><strong>\u00c1ltal\u00e1nos k\u00f6vetelm\u00e9nyek:<\/strong><\/p>\n<ol>\n<li>Legal\u00e1bb 6 h\u00f3nap sz\u00fcks\u00e9ges a szakdolgozat\u00edr\u00e1shoz, amelynek elemei: a munka felm\u00e9r\u00e9se, a szakirodalom feldolgoz\u00e1sa, az \u00f6n\u00e1ll\u00f3 kutat\u00e1si feladatok elv\u00e9gz\u00e9se, elemz\u00e9sek k\u00e9sz\u00edt\u00e9se, a sz\u00f6veg megfogalmaz\u00e1sa, \u00e1br\u00e1k, irodalomjegyz\u00e9k stb. elk\u00e9sz\u00edt\u00e9se \u00e9s a dolgozat v\u00e9gs\u0151 form\u00e1ba \u00f6nt\u00e9se.<\/li>\n<li>A munka folyam\u00e1n rendszeres, de legal\u00e1bb h\u00e1romszori konzult\u00e1ci\u00f3 sz\u00fcks\u00e9ges a hallgat\u00f3 \u00e9s a t\u00e9mavezet\u0151 k\u00f6z\u00f6tt. A t\u00e9mavezet\u0151 \u00e9s az Int\u00e9zet k\u00f6nyvt\u00e1rosa seg\u00edts\u00e9get ny\u00fajt az alapvet\u0151 szakirodalom megismer\u00e9s\u00e9hez, \u00e1m a hallgat\u00f3 \u00f6n\u00e1ll\u00f3 kutat\u00f3munk\u00e1j\u00e1ra is sz\u00fcks\u00e9g van mind az anyaggy\u0171jt\u00e9s, mind a feldolgoz\u00e1s folyam\u00e1n.<\/li>\n<li>A szakdolgozat lehet szakirodalmi \u00f6sszefoglal\u00e1s, empirikus kutat\u00e1st bemutat\u00f3 m\u0171, illetve egy kiv\u00e1lasztott jelens\u00e9get sokoldal\u00faan bemutat\u00f3 dolgozat.<\/li>\n<li>Amennyiben t\u00e1rsak dolgoznak egy\u00fctt egy t\u00e9m\u00e1n, a szakdolgoz\u00f3k egy t\u00e9mavezet\u0151h\u00f6z ker\u00fclnek, hogy a t\u00e9mavezet\u0151 meg tudja \u00edt\u00e9lni a munkav\u00e9gz\u00e9s \u00f6n\u00e1ll\u00f3s\u00e1g\u00e1t. A k\u00e9t dolgozatn\u00e1l vil\u00e1gosan el kell v\u00e1lnia, hogy ki milyen \u00f6n\u00e1ll\u00f3 szakmai munk\u00e1t v\u00e9gzett a kutat\u00e1sban. A nem saj\u00e1t feldolgoz\u00f3 munka eredm\u00e9nyek\u00e9nt l\u00e9trej\u00f6v\u0151 k\u00f6zlem\u00e9ny, \u00e1bra, hivatkoz\u00e1s eset\u00e9ben pontosan meg kell jel\u00f6lni a forr\u00e1st. A dolgozatban csak saj\u00e1t, vagy hivatkoz\u00e1ssal ell\u00e1tott \u00e1bra \u00e9s t\u00e1bl\u00e1zat szerepelhet.\u00a0 A kutat\u00e1sban k\u00f6zrem\u0171k\u00f6d\u0151 partnereket a k\u00f6sz\u00f6netnyilv\u00e1n\u00edt\u00e1s r\u00e9szben fel kell sorolni (l\u00e1sd tov\u00e1bb\u00e1: \u201eFormai k\u00f6vetelm\u00e9nyek\u201d 3. pont).<\/li>\n<li>Idegen nyelv\u0171 irodalom feldolgoz\u00e1sa n\u00e9lk\u00fcl a dolgozat nem lehet jeles eredm\u00e9ny\u0171. A feldolgozott magyar \u00e9s idegen nyelv\u0171 szakirodalom legal\u00e1bb 25%-\u00e1nak 5 \u00e9ven bel\u00fcl publik\u00e1lt, friss k\u00f6zlem\u00e9nynek kell lennie.<\/li>\n<li>A szakdolgozat k\u00e9sz\u00edt\u00e9se egy folyamat, s ennek sor\u00e1n a t\u00e9mavezet\u0151nek t\u00f6bbsz\u00f6r is l\u00e1tnia kell a k\u00e9sz\u00fcl\u0151 dolgozatot. A szakdolgozat lead\u00e1s\u00e1t megel\u0151z\u0151 utols\u00f3 konzult\u00e1ci\u00f3 sor\u00e1n (a lead\u00e1s el\u0151tt 2-4 h\u00e9ttel) a hallgat\u00f3nak be kell mutatnia dolgozat\u00e1nak aktu\u00e1lis v\u00e1ltozat\u00e1t, s a t\u00e9mavezet\u0151 ekkor kezdi megszervezni a v\u00e9d\u00e9si bizotts\u00e1got.<\/li>\n<\/ol>\n<p><strong>\u00a0<\/strong><\/p>\n<p><strong>Formai k\u00f6vetelm\u00e9nyek:<\/strong><\/p>\n<ol>\n<li>A dolgozat terjedelme 50.000 karaktern\u00e9l nem lehet kevesebb \u00e9s 100.000 karaktern\u00e9l \u2013 sz\u00f3k\u00f6z n\u00e9lk\u00fcl \u2013 nem lehet t\u00f6bb. Bet\u0171t\u00edpus: Times New Roman, 12, sork\u00f6z: 1,5. A terjedelembe a t\u00e1bl\u00e1zatok \u00e9s az irodalomjegyz\u00e9k is beletartozik, de az \u00e1bra, l\u00e1bjegyzet, bibliogr\u00e1fia nem<strong>.<\/strong><\/li>\n<li>Megfelel\u0151 marg\u00f3t kell hagyni a bek\u00f6t\u00e9shez.<\/li>\n<li>B\u00e1rmely t\u00edpusn\u00e1l a dolgozatnak tartalmaznia kell a k\u00f6vetkez\u0151 r\u00e9szeket: tartalomjegyz\u00e9k, bevezet\u00e9s, a dolgozat c\u00e9lkit\u0171z\u00e9se, vizsg\u00e1lati m\u00f3dszerek, eredm\u00e9nyek (ha k\u00e9sz\u00fclt saj\u00e1t vizsg\u00e1lat), megbesz\u00e9l\u00e9s, k\u00f6sz\u00f6netnyilv\u00e1n\u00edt\u00e1s, felhaszn\u00e1lt irodalom, valamint a r\u00f6vid\u00edt\u00e9sek, k\u00e9pek, t\u00e1bl\u00e1zatok jegyz\u00e9ke.<\/li>\n<li>A pontos irodalomjegyz\u00e9k mag\u00e1ban foglalja a k\u00f6nyv szerz\u0151j\u00e9t, c\u00edm\u00e9t, a kiad\u00f3t, \u00e9vsz\u00e1mot, oldalsz\u00e1mot; a foly\u00f3irat \u00e9vfolyam\u00e1t, sz\u00e1m\u00e1t, oldalsz\u00e1m\u00e1t. Ugyanilyen fontos a korrekt sz\u00f6vegk\u00f6zi hivatkoz\u00e1s is, ami lehet az eml\u00edt\u00e9s sorrendje szerinti sz\u00e1moz\u00e1ssal, vagy z\u00e1r\u00f3jelben, szerz\u0151+\u00e9vsz\u00e1m form\u00e1ban. Javasolt az APA hivatkoz\u00e1si st\u00edlus haszn\u00e1lata.<a href=\"https:\/\/semmelweis.hu\/magtud\/oktatas\/szakdolgozat-2\/szakdolgozat\/#_ftn1\">[1]<\/a>\u00a0A m\u00e1sodlagos hivatkoz\u00e1sok lehet\u0151s\u00e9g szerint ker\u00fclend\u0151k. Amennyiben a hallgat\u00f3 m\u00e9gis m\u00e1sodlagosan hivatkozik egy forr\u00e1sra, azt pontosan jel\u00f6lnie kell (pl.: Feh\u00e9r, 1988; cit.: Fekete, 2010). Ugyan\u00edgy kell elj\u00e1rni az absztraktokra val\u00f3 hivatkoz\u00e1s eset\u00e9ben (az irodalomjegyz\u00e9kben fel kell t\u00fcntetni a hivatkoz\u00e1s c\u00edme ut\u00e1n, hogy absztraktr\u00f3l van sz\u00f3). Honlapok id\u00e9z\u00e9s\u00e9n\u00e9l a let\u00f6lt\u00e9s idej\u00e9t is fel kell t\u00fcntetni.<\/li>\n<li>Hosszasan id\u00e9zett dokumentum (pl. jogszab\u00e1ly) f\u00fcggel\u00e9kben szerepeljen.<\/li>\n<li>A dolgozatot a hallgat\u00f3 emailben (word form\u00e1tumban) k\u00fcldje el, valamint szab\u00e1lyosan bek\u00f6tve, 2 p\u00e9ld\u00e1nyban adja \u00e1t a t\u00e9mavezet\u0151nek legal\u00e1bb 14 nappal a v\u00e9d\u00e9st megel\u0151z\u0151en, hogy a b\u00edr\u00e1l\u00f3k elk\u00e9sz\u00edthess\u00e9k az \u00edr\u00e1sbeli v\u00e9lem\u00e9nyt. Az \u00edr\u00e1sbeli v\u00e9lem\u00e9ny legal\u00e1bb k\u00e9t k\u00e9rd\u00e9st is tartalmaz, amelyre a hallgat\u00f3nak a v\u00e9d\u00e9s sor\u00e1n v\u00e1laszolnia kell. A vizsga id\u0151pontja az \u00edr\u00e1sbeli v\u00e9lem\u00e9ny megsz\u00fclet\u00e9se \u00e9s a hallgat\u00f3hoz val\u00f3 eljuttat\u00e1sa ut\u00e1n 5 napos hat\u00e1rid\u0151vel \u00edrhat\u00f3 ki. A lead\u00e1s hat\u00e1rideje janu\u00e1r 15-e. A szakdolgozatok v\u00e9d\u00e9s\u00e9nek legk\u00e9s\u0151bb m\u00e1rcius 31-ig kell megt\u00f6rt\u00e9nni\u00fck.<\/li>\n<\/ol>\n<p><strong>Pl\u00e1gium-szab\u00e1lyok<\/strong><\/p>\n<p>A dolgozat elk\u00e9sz\u00edt\u00e9sekor szigor\u00faan szem el\u0151tt kell tartani, hogy a szakdolgozat \u00f6n\u00e1ll\u00f3 kutat\u00f3munka eredm\u00e9nyek\u00e9nt j\u00f6n l\u00e9tre. A szerz\u0151nek\/szerz\u0151knek fokozottan figyelni\u00fck kell arra, hogy betarts\u00e1k a szerz\u0151i jogr\u00f3l sz\u00f3l\u00f3 1999. LXXVI. t\u00f6rv\u00e9ny szab\u00e1lyait, k\u00fcl\u00f6n\u00f6sen az id\u00e9z\u00e9sek \u00e9s hivatkoz\u00e1sok tekintet\u00e9ben \u2013 l\u00e1sd: 34. \u00a7 (1). A m\u0171 r\u00e9szlet\u00e9t \u2013 az \u00e1tvev\u0151 m\u0171 jellege \u00e9s c\u00e9lja \u00e1ltal indokolt terjedelemben \u00e9s az eredetihez h\u00edven \u2013 a forr\u00e1s megnevez\u00e9s\u00e9vel b\u00e1rki id\u00e9zheti. A sz\u00f3 szerinti id\u00e9zetek \u00e1ltal\u00e1ban ker\u00fclend\u0151k, amennyiben haszn\u00e1latuk m\u00e9gis sz\u00fcks\u00e9ges (pl. defin\u00edci\u00f3 eset\u00e9n), akkor id\u00e9z\u0151jelbe kell tenni a sz\u00f3 szerint \u00e1tvett r\u00e9szt \u00e9s forr\u00e1s\u00e1t pontosan fel kell t\u00fcntetni.<\/p>\n<p>Amennyiben a b\u00edr\u00e1lat sor\u00e1n kider\u00fcl, hogy a dolgozat hivatkoz\u00e1s n\u00e9lk\u00fcli, illetve nem megfelel\u0151en hivatkozott anyagokat, r\u00e9szeket, \u00e1br\u00e1kat, t\u00e1bl\u00e1zatokat tartalmaz, a dolgozat el\u00e9gtelen \u00e9rdemjeggyel v\u00e9d\u00e9s n\u00e9lk\u00fcl elutas\u00edt\u00e1sra ker\u00fcl. A pl\u00e1gium egyben fegyelmi elj\u00e1r\u00e1st is maga ut\u00e1n von.<\/p>\n<p><strong>A v\u00e9d\u00e9s<\/strong><\/p>\n<p>A szakdolgozat sz\u00f3beli v\u00e9d\u00e9se h\u00e1romtag\u00fa bizotts\u00e1g el\u0151tt t\u00f6rt\u00e9nik. A bizotts\u00e1g tagja a t\u00e9mavezet\u0151 is, akinek szint\u00e9n javaslatot kell tennie a szakdolgozat \u00e9rt\u00e9kel\u00e9s\u00e9re. A hallgat\u00f3nak 5-10 perces vet\u00edtett el\u0151ad\u00e1s keret\u00e9ben kell bemutatnia a t\u00e9m\u00e1t. Az el\u0151ad\u00e1st k\u00f6vet\u0151en a hallgat\u00f3nak az el\u0151re kapott k\u00e9rd\u00e9sekre kell v\u00e1laszolnia, kifejtenie v\u00e9lem\u00e9ny\u00e9t, illetve megv\u00e9denie \u00e1ll\u00e1spontj\u00e1t a vit\u00e1ban. A bizotts\u00e1g a v\u00e9d\u00e9s sor\u00e1n tov\u00e1bbi k\u00e9rd\u00e9seket is feltehet. A szakdolgozat b\u00edr\u00e1lati jegy\u00e9nek \u00e9s a sz\u00f3beli v\u00e9d\u00e9s eredm\u00e9ny\u00e9nek \u00e1tlaga adja meg a v\u00e9gs\u0151 \u00e9rdemjegyet.<\/p>\n<\/div>\n","protected":false},"excerpt":{"rendered":"<p>Szakdolgozati \u00fatmutat\u00f3 A jelentkez\u00e9s m\u00f3dja: a FOK-os hallgat\u00f3k a v\u00e1lasztott t\u00e9ma vezet\u0151j\u00e9vel t\u00f6rt\u00e9nt szem\u00e9lyes megbesz\u00e9l\u00e9s ut\u00e1n jelentkezzenek a FOK D\u00e9k\u00e1ni Hivatalban, ahol \u00edr\u00e1sbeli enged\u00e9lyt kapnak \u2013 ezt a t\u00e9mavezet\u0151vel t\u00f6rt\u00e9n\u0151 egyeztet\u00e9s ut\u00e1n adj\u00e1k le az Int\u00e9zet titk\u00e1rs\u00e1g\u00e1n! \u00c1ltal\u00e1nos k\u00f6vetelm\u00e9nyek: Legal\u00e1bb 6 h\u00f3nap sz\u00fcks\u00e9ges a szakdolgozat\u00edr\u00e1shoz, amelynek elemei: a munka felm\u00e9r\u00e9se, a szakirodalom feldolgoz\u00e1sa, az \u00f6n\u00e1ll\u00f3 &hellip;<\/p>\n","protected":false},"author":102212,"featured_media":0,"parent":28,"menu_order":4,"comment_status":"closed","ping_status":"closed","template":"","meta":{"_acf_changed":false,"footnotes":""},"categories":[],"tags":[],"class_list":["post-2887","page","type-page","status-publish","hentry"],"acf":[],"_links":{"self":[{"href":"https:\/\/semmelweis.hu\/oralbiologia\/wp-json\/wp\/v2\/pages\/2887","targetHints":{"allow":["GET"]}}],"collection":[{"href":"https:\/\/semmelweis.hu\/oralbiologia\/wp-json\/wp\/v2\/pages"}],"about":[{"href":"https:\/\/semmelweis.hu\/oralbiologia\/wp-json\/wp\/v2\/types\/page"}],"author":[{"embeddable":true,"href":"https:\/\/semmelweis.hu\/oralbiologia\/wp-json\/wp\/v2\/users\/102212"}],"replies":[{"embeddable":true,"href":"https:\/\/semmelweis.hu\/oralbiologia\/wp-json\/wp\/v2\/comments?post=2887"}],"version-history":[{"count":4,"href":"https:\/\/semmelweis.hu\/oralbiologia\/wp-json\/wp\/v2\/pages\/2887\/revisions"}],"predecessor-version":[{"id":2975,"href":"https:\/\/semmelweis.hu\/oralbiologia\/wp-json\/wp\/v2\/pages\/2887\/revisions\/2975"}],"up":[{"embeddable":true,"href":"https:\/\/semmelweis.hu\/oralbiologia\/wp-json\/wp\/v2\/pages\/28"}],"wp:attachment":[{"href":"https:\/\/semmelweis.hu\/oralbiologia\/wp-json\/wp\/v2\/media?parent=2887"}],"wp:term":[{"taxonomy":"category","embeddable":true,"href":"https:\/\/semmelweis.hu\/oralbiologia\/wp-json\/wp\/v2\/categories?post=2887"},{"taxonomy":"post_tag","embeddable":true,"href":"https:\/\/semmelweis.hu\/oralbiologia\/wp-json\/wp\/v2\/tags?post=2887"}],"curies":[{"name":"wp","href":"https:\/\/api.w.org\/{rel}","templated":true}]}}