{"id":11,"date":"2012-02-04T15:18:42","date_gmt":"2012-02-04T15:18:42","guid":{"rendered":"http:\/\/semmelweis-egyetem.hu\/oralbiologia\/?page_id=11"},"modified":"2023-05-30T10:02:39","modified_gmt":"2023-05-30T08:02:39","slug":"meghirdetett-tdk-temak","status":"publish","type":"page","link":"https:\/\/semmelweis.hu\/oralbiologia\/oktatas\/meghirdetett-tdk-temak\/","title":{"rendered":"Meghirdetett TDK-t\u00e9m\u00e1k"},"content":{"rendered":"<p><strong>Az Or\u00e1lbiol\u00f3giai Tansz\u00e9k \u00e1ltal meghirdetett TDK-t\u00e9m\u00e1k:\u00a0<\/strong><\/p>\n<ul style=\"list-style-type: circle\">\n<li>A sz\u00e1j\u00fcregi l\u00e1gy- \u00e9s kem\u00e9nysz\u00f6veti regener\u00e1ci\u00f3 vizsg\u00e1lata<\/li>\n<li>A ny\u00e1lmirigyek acin\u00e1lis \u00e9s dukt\u00e1lis sejtjeinek oszt\u00f3d\u00e1s\u00e1t, differenci\u00e1l\u00f3d\u00e1s\u00e1t \u00e9s transzdifferenci\u00e1ci\u00f3j\u00e1t megalapoz\u00f3 molekul\u00e1ris mechanizmusok vizsg\u00e1lata<\/li>\n<li>A periodont\u00e1lis ligamentum, a fogpulpa \u0151ssejt-differenci\u00e1l\u00f3d\u00e1s kutat\u00e1sa<\/li>\n<li>G\u00e9npolimorfizmusok parodont\u00e1lis gyullad\u00e1sban<\/li>\n<li>Fogcs\u00edrahi\u00e1nyok genomikai h\u00e1ttere<\/li>\n<li>Implant\u00e1tumok osseointegr\u00e1ci\u00f3j\u00e1nak vizsg\u00e1lata<\/li>\n<li>A ny\u00e1lmirigy hipertr\u00f3fi\u00e1k kialakul\u00e1s\u00e1nak molekul\u00e1ris mechanizmusa<\/li>\n<li>Hum\u00e1n \u00e9s \u00e1llati eredet\u0171 ny\u00e1lmirigyek vizsg\u00e1lata, biok\u00e9miai, morfol\u00f3giai, PCR \u00e9s Northern blot technik\u00e1k alkalmaz\u00e1s\u00e1val<\/li>\n<li>Epitheli\u00e1lis transzportfolyamatok sejt \u00e9s molekul\u00e1ris szint\u0171 vizsg\u00e1lata, g\u00e9nter\u00e1pi\u00e1s lehet\u0151s\u00e9gek<\/li>\n<li>Dent\u00e1lis er\u00f3zi\u00f3 kialakul\u00e1s\u00e1nak kutat\u00e1sa<\/li>\n<li>A hagyom\u00e1nyos kismolekul\u00e1j\u00fa gy\u00f3gyszerek \u00e9s az \u00fajabb immuno farmakonok hall\u00e1sra, hall\u00e1sk\u00e1rosod\u00e1sokra \u00e9s a periodontitisre gyakorolt hat\u00e1sainak \u00e9s mell\u00e9khat\u00e1sainak vizsg\u00e1lata<\/li>\n<li>Purinerg kalcium szignaliz\u00e1ci\u00f3 a csig\u00e1ban \u00e9s a fogakban a fejl\u0151d\u00e9s sor\u00e1n \u00e9s kifejlett \u00e1llapotban\n<\/li>\n<\/ul>\n","protected":false},"excerpt":{"rendered":"<p>Az Or\u00e1lbiol\u00f3giai Tansz\u00e9k \u00e1ltal meghirdetett TDK-t\u00e9m\u00e1k:\u00a0 A sz\u00e1j\u00fcregi l\u00e1gy- \u00e9s kem\u00e9nysz\u00f6veti regener\u00e1ci\u00f3 vizsg\u00e1lata A ny\u00e1lmirigyek acin\u00e1lis \u00e9s dukt\u00e1lis sejtjeinek oszt\u00f3d\u00e1s\u00e1t, differenci\u00e1l\u00f3d\u00e1s\u00e1t \u00e9s transzdifferenci\u00e1ci\u00f3j\u00e1t megalapoz\u00f3 molekul\u00e1ris mechanizmusok vizsg\u00e1lata A periodont\u00e1lis ligamentum, a fogpulpa \u0151ssejt-differenci\u00e1l\u00f3d\u00e1s kutat\u00e1sa G\u00e9npolimorfizmusok parodont\u00e1lis gyullad\u00e1sban Fogcs\u00edrahi\u00e1nyok genomikai h\u00e1ttere Implant\u00e1tumok osseointegr\u00e1ci\u00f3j\u00e1nak vizsg\u00e1lata A ny\u00e1lmirigy hipertr\u00f3fi\u00e1k kialakul\u00e1s\u00e1nak molekul\u00e1ris mechanizmusa Hum\u00e1n \u00e9s \u00e1llati eredet\u0171 ny\u00e1lmirigyek vizsg\u00e1lata, &hellip;<\/p>\n","protected":false},"author":109,"featured_media":0,"parent":28,"menu_order":4,"comment_status":"open","ping_status":"open","template":"","meta":{"_acf_changed":false,"footnotes":""},"categories":[],"tags":[],"class_list":["post-11","page","type-page","status-publish","hentry"],"acf":[],"_links":{"self":[{"href":"https:\/\/semmelweis.hu\/oralbiologia\/wp-json\/wp\/v2\/pages\/11","targetHints":{"allow":["GET"]}}],"collection":[{"href":"https:\/\/semmelweis.hu\/oralbiologia\/wp-json\/wp\/v2\/pages"}],"about":[{"href":"https:\/\/semmelweis.hu\/oralbiologia\/wp-json\/wp\/v2\/types\/page"}],"author":[{"embeddable":true,"href":"https:\/\/semmelweis.hu\/oralbiologia\/wp-json\/wp\/v2\/users\/109"}],"replies":[{"embeddable":true,"href":"https:\/\/semmelweis.hu\/oralbiologia\/wp-json\/wp\/v2\/comments?post=11"}],"version-history":[{"count":5,"href":"https:\/\/semmelweis.hu\/oralbiologia\/wp-json\/wp\/v2\/pages\/11\/revisions"}],"predecessor-version":[{"id":3029,"href":"https:\/\/semmelweis.hu\/oralbiologia\/wp-json\/wp\/v2\/pages\/11\/revisions\/3029"}],"up":[{"embeddable":true,"href":"https:\/\/semmelweis.hu\/oralbiologia\/wp-json\/wp\/v2\/pages\/28"}],"wp:attachment":[{"href":"https:\/\/semmelweis.hu\/oralbiologia\/wp-json\/wp\/v2\/media?parent=11"}],"wp:term":[{"taxonomy":"category","embeddable":true,"href":"https:\/\/semmelweis.hu\/oralbiologia\/wp-json\/wp\/v2\/categories?post=11"},{"taxonomy":"post_tag","embeddable":true,"href":"https:\/\/semmelweis.hu\/oralbiologia\/wp-json\/wp\/v2\/tags?post=11"}],"curies":[{"name":"wp","href":"https:\/\/api.w.org\/{rel}","templated":true}]}}

Meghirdetett TDK-témák

<p><strong>Az Orálbiológiai Tanszék által meghirdetett TDK-témák: </strong></p>
<ul style="list-style-type: circle">
<li>A szájüregi lágy- és keményszöveti regeneráció vizsgálata</li>
<li>A nyálmirigyek acinális és duktális sejtjeinek osztódását, differenciálódását és transzdifferenciációját megalapozó molekuláris mechanizmusok vizsgálata</li>
<li>A periodontális ligamentum, a fogpulpa őssejt-differenciálódás kutatása</li>
<li>Génpolimorfizmusok parodontális gyulladásban</li>
<li>Fogcsírahiányok genomikai háttere</li>
<li>Implantátumok osseointegrációjának vizsgálata</li>
<li>A nyálmirigy hipertrófiák kialakulásának molekuláris mechanizmusa</li>
<li>Humán és állati eredetű nyálmirigyek vizsgálata, biokémiai, morfológiai, PCR és Northern blot technikák alkalmazásával</li>
<li>Epitheliális transzportfolyamatok sejt és molekuláris szintű vizsgálata, génterápiás lehetőségek</li>
<li>Dentális erózió kialakulásának kutatása</li>
<li>A hagyományos kismolekulájú gyógyszerek és az újabb immuno farmakonok hallásra, halláskárosodásokra és a periodontitisre gyakorolt hatásainak és mellékhatásainak vizsgálata</li>
<li>Purinerg kalcium szignalizáció a csigában és a fogakban a fejlődés során és kifejlett állapotban
</li>
</ul>

<p>Az Orálbiológiai Tanszék által meghirdetett TDK-témák:  A szájüregi lágy- és keményszöveti regeneráció vizsgálata A nyálmirigyek acinális és duktális sejtjeinek osztódását, differenciálódását és transzdifferenciációját megalapozó molekuláris mechanizmusok vizsgálata A periodontális ligamentum, a fogpulpa őssejt-differenciálódás kutatása Génpolimorfizmusok parodontális gyulladásban Fogcsírahiányok genomikai háttere Implantátumok osseointegrációjának vizsgálata A nyálmirigy hipertrófiák kialakulásának molekuláris mechanizmusa Humán és állati eredetű nyálmirigyek vizsgálata, &hellip;</p>
