{"id":418,"date":"2025-12-13T18:41:58","date_gmt":"2025-12-13T17:41:58","guid":{"rendered":"https:\/\/semmelweis.hu\/onkologiai-tanszek\/?page_id=418"},"modified":"2026-03-09T09:04:10","modified_gmt":"2026-03-09T08:04:10","slug":"research","status":"publish","type":"page","link":"https:\/\/semmelweis.hu\/onkologiai-tanszek\/en\/research\/","title":{"rendered":"Research"},"content":{"rendered":"<div class=\"keretes w-100\">\n<p style=\"text-align: justify\">The number of oncological diseases is increasing significantly worldwide. Nearly 20 million cases of newly discovered malignant tumors are registered worldwide, and 100,000 of them in Hungary. Unfortunately, more than 10 million people die from the disease. Malignant tumors are a collective name for more than 200 different diseases. The diagnostics and therapy of cancer diseases is one of the fastest developing areas of international medicine. Due to all these factors, active research work at the Department, in addition to patient care and education, is extremely important.<\/p>\n<\/div>\n<p style=\"text-align: justify\">Our multidisciplinary research team \u2013 which includes not only medical colleagues but also a biostatistician, biologist, coordinator, chemist and other specialists \u2013 is responsible for coordinating research conducted at the National Institute of Oncology and Semmelweis University. Our researchers assist numerous TDK, thesis and Ph.D. students.<\/p>\n<h5>Published scientific papers:<\/h5>\n<ul>\n<li>Panczel I, Herold M, Borbenyi E, Horanyi D, Novak Z, Dank M, Szasz AM, Herold Z.<br \/>\n<strong>Survival Difference in Advanced-Stage Cervical and Ovarian Cancer Patients Treated with Concomitant Modulated Electro-Hyperthermia in Comparison to Classic Treatment Modalities: Results of a Pilot Study and Meta-Analysis.<\/strong><br \/>\n<em><strong>Med. Sci.<\/strong><\/em> <em>2026<\/em>, <em><strong>14<\/strong><\/em>(1):105; DOI: <a href=\"https:\/\/doi.org\/10.3390\/medsci14010105\">10.3390\/medsci14010105<\/a><\/li>\n<li>Madarasz B, Balazs MA, Palfi E, Konczos J, Toth A, Szentmartoni Gy, Herold Z, Dank M. <br \/>\n<strong>Ultra-processed foods and dietary habits of oncology patients: Risk factor or survival strategy.<\/strong> <br \/>\n<em><strong>World. J. Clin. Oncol.<\/strong><\/em> <em>2025<\/em>, <em><strong>16<\/strong><\/em>(12):111372; DOI: <a href=\"https:\/\/doi.org\/10.5306\/wjco.v16.i12.111372\">10.5306\/wjco.v16.i12.111372<\/a><\/li>\n<li>Herold Z, Herold M, Szentm\u00e1rtoni Gy, Sz\u00e1lasy R, Lohinszky J, Somogyi A, Sz\u00e1sz AM, Dank M. <br \/>\n<strong>Are Calculated Immune Markers with or Without Comorbidities Good Predictors of Colorectal Cancer Survival? The Results of a Longitudinal Study.<\/strong> <br \/>\n<em><strong>Med. Sci.<\/strong><\/em> <em>2025<\/em>, <em><strong>13<\/strong><\/em>(3):108; DOI: <a href=\"https:\/\/doi.org\/10.3390\/medsci13030108\">10.3390\/medsci13030108<\/a><\/li>\n<\/ul>\n","protected":false},"excerpt":{"rendered":"<p>The number of oncological diseases is increasing significantly worldwide. Nearly 20 million cases of newly discovered malignant tumors are registered worldwide, and 100,000 of them in Hungary. Unfortunately, more than 10 million people die from the disease. Malignant tumors are a collective name for more than 200 different diseases. The diagnostics and therapy of cancer &hellip;<\/p>\n","protected":false},"author":102054,"featured_media":0,"parent":0,"menu_order":0,"comment_status":"closed","ping_status":"closed","template":"","meta":{"_acf_changed":false,"footnotes":""},"categories":[],"tags":[],"class_list":["post-418","page","type-page","status-publish","hentry"],"acf":[],"_links":{"self":[{"href":"https:\/\/semmelweis.hu\/onkologiai-tanszek\/wp-json\/wp\/v2\/pages\/418","targetHints":{"allow":["GET"]}}],"collection":[{"href":"https:\/\/semmelweis.hu\/onkologiai-tanszek\/wp-json\/wp\/v2\/pages"}],"about":[{"href":"https:\/\/semmelweis.hu\/onkologiai-tanszek\/wp-json\/wp\/v2\/types\/page"}],"author":[{"embeddable":true,"href":"https:\/\/semmelweis.hu\/onkologiai-tanszek\/wp-json\/wp\/v2\/users\/102054"}],"replies":[{"embeddable":true,"href":"https:\/\/semmelweis.hu\/onkologiai-tanszek\/wp-json\/wp\/v2\/comments?post=418"}],"version-history":[{"count":5,"href":"https:\/\/semmelweis.hu\/onkologiai-tanszek\/wp-json\/wp\/v2\/pages\/418\/revisions"}],"predecessor-version":[{"id":473,"href":"https:\/\/semmelweis.hu\/onkologiai-tanszek\/wp-json\/wp\/v2\/pages\/418\/revisions\/473"}],"wp:attachment":[{"href":"https:\/\/semmelweis.hu\/onkologiai-tanszek\/wp-json\/wp\/v2\/media?parent=418"}],"wp:term":[{"taxonomy":"category","embeddable":true,"href":"https:\/\/semmelweis.hu\/onkologiai-tanszek\/wp-json\/wp\/v2\/categories?post=418"},{"taxonomy":"post_tag","embeddable":true,"href":"https:\/\/semmelweis.hu\/onkologiai-tanszek\/wp-json\/wp\/v2\/tags?post=418"}],"curies":[{"name":"wp","href":"https:\/\/api.w.org\/{rel}","templated":true}]}}