{"id":407,"date":"2025-12-13T14:13:41","date_gmt":"2025-12-13T13:13:41","guid":{"rendered":"https:\/\/semmelweis.hu\/onkologiai-tanszek\/?page_id=407"},"modified":"2026-01-21T19:05:59","modified_gmt":"2026-01-21T18:05:59","slug":"tdk-and-thesis-titles","status":"publish","type":"page","link":"https:\/\/semmelweis.hu\/onkologiai-tanszek\/en\/education\/tdk-and-thesis-titles\/","title":{"rendered":"TDK and Thesis Topics"},"content":{"rendered":"<h3>Dear Students,<\/h3>\n<p style=\"text-align: justify\">Below you can find the <strong>Scientific Students&#8217; Association (TDK)<\/strong> and <strong>thesis topics<\/strong> announced for the 2025\/2026 academic year by the faculty members of our Department and the associate researchers of the National Institute of Oncology. If a topic captures your interest, please <em><strong>click on the nam<\/strong><strong>e<\/strong><strong> of the<\/strong> <\/em>respective <em><strong>supervisor<\/strong><\/em> to view their contact information.<\/p>\n<div class=\"lead\"><strong>Topic Titles:<\/strong><\/div>\n<ul>\n<li>Sarcopenic obesity in tumor patients (<a href=\"https:\/\/semmelweis.hu\/telefonkonyv?emp_id=20735\">Prof. Dr. Magdolna Dank Ph.D.<\/a>)<\/li>\n<li>Co-occurrence of testicular cancer and sarcoidosis (<a href=\"https:\/\/semmelweis.hu\/telefonkonyv?emp_id=25557\">Dr. Krisztina Bir\u00f3 Ph.D.<\/a>)<\/li>\n<li>Neoadjuvant treatment of testicular tumors (<a href=\"mailto:geczi.lajos@oncol.hu\">Dr. Lajos G\u00e9czi Ph.D.<\/a>)<\/li>\n<li>Prognostic and predictive factors and treatment of adenoid cystic carcinoma (<a href=\"https:\/\/semmelweis.hu\/telefonkonyv?emp_id=25545\">Dr. habil. Erika Hitre Ph.D.<\/a> and <a href=\"mailto:pinter.tamas@oncol.hu\">Dr. Tam\u00e1s Pint\u00e9r Ph.D.<\/a>)<\/li>\n<li>Immunotherapy of urogenital tumors (<a href=\"https:\/\/semmelweis.hu\/telefonkonyv?emp_id=25553\">Dr. Orsolya Horv\u00e1th Ph.D.<\/a>)<\/li>\n<li>Integration of active oncological treatment and palliative care (<a href=\"https:\/\/semmelweis.hu\/telefonkonyv?emp_id=25553\">Dr. Orsolya Horv\u00e1th Ph.D.<\/a>)<\/li>\n<li>Retrospective analysis of breast cancer patients under forty years of age (<a href=\"mailto:huszar.orsolya@oncol.hu\">Dr. Orsolya Husz\u00e1r Ph.D.<\/a>)<\/li>\n<li>Clinicopathology of sex cord-stromal tumors of the testis (<a href=\"mailto:kuthi.levente@oncol.hu\">Dr. Levente Kuthi Ph.D.<\/a>)<\/li>\n<li>Clinicopathology of renal tumors (<a href=\"mailto:kuthi.levente@oncol.hu\">Dr. Levente Kuthi Ph.D.<\/a>)<\/li>\n<li>Molecular genetic alterations in prostate cancer (<a href=\"mailto:kuthi.levente@oncol.hu\">Dr. Levente Kuthi Ph.D.<\/a>)<\/li>\n<li>Clinical aspects and prognostic factors of lymphoproliferative diseases (<a href=\"mailto:masszi.andras@oncol.hu\">Dr. Andr\u00e1s Masszi Ph.D.<\/a>)<\/li>\n<li>Primary bone lymphoma (<a href=\"mailto:masszi.andras@oncol.hu\">Dr. Andr\u00e1s Masszi Ph.D.<\/a>, <a href=\"mailto:schneider.tamas@oncol.hu\">Dr. Tam\u00e1s Schneider Ph.D.<\/a>\u00a0and <a href=\"mailto:varnai.balint@oncol.hu\">Dr. B\u00e1lint V\u00e1rnai<\/a>)<\/li>\n<li>The role of minimally invasive surgery in the complex oncological treatment plan (<a href=\"https:\/\/semmelweis.hu\/telefonkonyv?emp_id=25541\">Dr. Tam\u00e1s Mersich Ph.D.<\/a>)\n<ul>\n<li>Laparoscopic and robot-assisted gastric cancer surgery (<a href=\"https:\/\/semmelweis.hu\/telefonkonyv?emp_id=25541\">Dr. Tam\u00e1s Mersich Ph.D.<\/a>)<\/li>\n<li>Laparoscopic liver surgery (<a href=\"https:\/\/semmelweis.hu\/telefonkonyv?emp_id=25559\">Dr. D\u00e1niel Wettstein<\/a>)<\/li>\n<li>Laparoscopic rectal resections (<a href=\"mailto:polk.nandor@oncol.hu\">Dr. N\u00e1ndor Polk<\/a>)<\/li>\n<\/ul>\n<\/li>\n<li>New techniques in minimally invasive tumor surgery (<a href=\"https:\/\/semmelweis.hu\/telefonkonyv?emp_id=25541\">Dr. Tam\u00e1s Mersich Ph.D.<\/a><span style=\"font-size: 1rem\">)<\/span>\n<ul>\n<li>Robot-assisted liver surgeries (<a href=\"https:\/\/semmelweis.hu\/telefonkonyv?emp_id=25541\">Dr. Tam\u00e1s Mersich Ph.D.<\/a> and <a href=\"https:\/\/semmelweis.hu\/telefonkonyv?emp_id=25559\">Dr. D\u00e1niel Wettstein<\/a>)<\/li>\n<li>Robot-assisted esophageal surgeries (<a href=\"mailto:duboczki.zsolt@oncol.hu\">Dr. Zsolt Dub\u00f3czki<\/a>)<\/li>\n<\/ul>\n<\/li>\n<li>Limits of surgical radicality in complex oncological treatment (<a href=\"https:\/\/semmelweis.hu\/telefonkonyv?emp_id=25541\">Dr. Tam\u00e1s Mersich Ph.D.<\/a>)\n<ul>\n<li>ELAPRE technique in rectal surgery (<a href=\"mailto:nagy.gergely@oncol.hu\">Dr. Gergely Nagy<\/a>)<\/li>\n<li>Radical pancreatic surgeries (<a href=\"mailto:duboczki.zsolt@oncol.hu\">Dr. Zsolt Dub\u00f3czki<\/a>)<\/li>\n<li>HIPEC treatment and its results (<a href=\"mailto:nagy.gergely@oncol.hu\">Dr. Gergely Nagy<\/a>)<\/li>\n<li>Multivisceral resections in the treatment of retroperitoneal sarcomas (<a href=\"mailto:kovacs.tibor@oncol.hu\">Dr. Tibor Kov\u00e1cs Ph.D.<\/a>)<\/li>\n<\/ul>\n<\/li>\n<li>Increasing efficiency in oncological surgery (<a href=\"https:\/\/semmelweis.hu\/telefonkonyv?emp_id=25541\">Dr. Tam\u00e1s Mersich Ph.D.<\/a>)\n<ul>\n<li>Perioperative preparation during extensive radical oncological surgeries (<a href=\"mailto:kovacs.tibor@oncol.hu\">Dr. Tibor Kov\u00e1cs Ph.D.<\/a>)<\/li>\n<li>Psycho-neuro-immunological factors and surgical morbidity (<a href=\"https:\/\/semmelweis.hu\/telefonkonyv?emp_id=25541\">Dr. Tam\u00e1s Mersich Ph.D.<\/a>)<\/li>\n<li>Patient education and surgical outcome (<a href=\"mailto:dr.olah.gergely@oncol.hu\">Dr. Gergely Ol\u00e1h<\/a>)<\/li>\n<li>Critical evaluation of new technologies (<a href=\"https:\/\/semmelweis.hu\/telefonkonyv?emp_id=25541\">Dr. Tam\u00e1s Mersich Ph.D.<\/a>)<\/li>\n<\/ul>\n<\/li>\n<li>Investigation of the efficacy of CDK 4\/6 inhibitors in metastatic breast cancer based on real-world data (<a href=\"mailto:pinter.tamas@oncol.hu\">Dr. Tam\u00e1s Pint\u00e9r Ph.D.<\/a>)<\/li>\n<li>Investigation of modern therapy, predictive and prognostic markers of gastrointestinal tumors (<a href=\"mailto:pinter.tamas@oncol.hu\">Dr. Tam\u00e1s Pint\u00e9r Ph.D.<\/a>)<\/li>\n<li>Investigation of modern therapy, predictive and prognostic markers of breast tumors (<a href=\"mailto:szekely.borbala@oncol.hu\">Dr. Borb\u00e1la Sz\u00e9kely Ph.D.<\/a>)<\/li>\n<li>Treatment of local recurrence of breast tumors (<a href=\"https:\/\/semmelweis.hu\/telefonkonyv?emp_id=25555\">Dr. habil. \u00c1d\u00e1m Domonkos T\u00e1rnoki Ph.D.<\/a> and <a href=\"https:\/\/semmelweis.hu\/telefonkonyv?emp_id=25556\">Dr. habil. D\u00e1vid L\u00e1szl\u00f3 T\u00e1rnoki Ph.D.<\/a>)<\/li>\n<li>Radiomic analysis of tumors, radiogenomics (<a href=\"https:\/\/semmelweis.hu\/telefonkonyv?emp_id=25555\">Dr. habil. \u00c1d\u00e1m Domonkos T\u00e1rnoki Ph.D.<\/a> and <a href=\"https:\/\/semmelweis.hu\/telefonkonyv?emp_id=25556\">Dr. habil. D\u00e1vid L\u00e1szl\u00f3 T\u00e1rnoki Ph.D.<\/a>)<\/li>\n<li>Radiomic examination of colorectal tumors (<a href=\"https:\/\/semmelweis.hu\/telefonkonyv?emp_id=25555\">Dr. habil. \u00c1d\u00e1m Domonkos T\u00e1rnoki Ph.D.<\/a> and <a href=\"https:\/\/semmelweis.hu\/telefonkonyv?emp_id=25556\">Dr. habil. D\u00e1vid L\u00e1szl\u00f3 T\u00e1rnoki Ph.D.<\/a>)<\/li>\n<li>Investigation of primary resistance mechanisms against CDK 4\/6 inhibitors in histological sections (<a href=\"mailto:tovari.jozsef@oncol.hu\">Dr. J\u00f3zsef T\u00f3v\u00e1ri Ph.D.<\/a> and <a href=\"mailto:klement.gyorgy@oncol.hu\">Dr. Gy\u00f6rgy Kl\u00e9ment<\/a>)<\/li>\n<li>Hereditary gynecological malignant syndromes \u2013 screening, follow-up, prevention, genetic counseling \u2013 challenges and opportunities (<a href=\"mailto:horanyi.daniel@oncol.hu\">Dr. D\u00e1niel Hor\u00e1nyi Ph.D.<\/a>)<\/li>\n<li>Prognostic significance of preoperative inflammatory parameters in endometrial cancer \u2013 a retrospective analysis (<a href=\"mailto:horanyi.daniel@oncol.hu\">Dr. D\u00e1niel Hor\u00e1nyi Ph.D.<\/a>)<\/li>\n<li>Genetic profiling in gynecologic oncology (<a href=\"mailto:horanyi.daniel@oncol.hu\">Dr. D\u00e1niel Hor\u00e1nyi Ph.D.<\/a>)<\/li>\n<li>Significance of Homologous Recombination Deficiency (HRD) in ovarian cancers \u2013 the role of PARP inhibitors (<a href=\"mailto:horanyi.daniel@oncol.hu\">Dr. D\u00e1niel Hor\u00e1nyi Ph.D.<\/a>)<\/li>\n<\/ul>\n","protected":false},"excerpt":{"rendered":"<p>Dear Students, Below you can find the Scientific Students&#8217; Association (TDK) and thesis topics announced for the 2025\/2026 academic year by the faculty members of our Department and the associate researchers of the National Institute of Oncology. If a topic captures your interest, please click on the name of the respective supervisor to view their &hellip;<\/p>\n","protected":false},"author":102054,"featured_media":0,"parent":389,"menu_order":0,"comment_status":"closed","ping_status":"closed","template":"","meta":{"_acf_changed":false,"footnotes":""},"categories":[],"tags":[],"class_list":["post-407","page","type-page","status-publish","hentry"],"acf":[],"_links":{"self":[{"href":"https:\/\/semmelweis.hu\/onkologiai-tanszek\/wp-json\/wp\/v2\/pages\/407","targetHints":{"allow":["GET"]}}],"collection":[{"href":"https:\/\/semmelweis.hu\/onkologiai-tanszek\/wp-json\/wp\/v2\/pages"}],"about":[{"href":"https:\/\/semmelweis.hu\/onkologiai-tanszek\/wp-json\/wp\/v2\/types\/page"}],"author":[{"embeddable":true,"href":"https:\/\/semmelweis.hu\/onkologiai-tanszek\/wp-json\/wp\/v2\/users\/102054"}],"replies":[{"embeddable":true,"href":"https:\/\/semmelweis.hu\/onkologiai-tanszek\/wp-json\/wp\/v2\/comments?post=407"}],"version-history":[{"count":7,"href":"https:\/\/semmelweis.hu\/onkologiai-tanszek\/wp-json\/wp\/v2\/pages\/407\/revisions"}],"predecessor-version":[{"id":415,"href":"https:\/\/semmelweis.hu\/onkologiai-tanszek\/wp-json\/wp\/v2\/pages\/407\/revisions\/415"}],"up":[{"embeddable":true,"href":"https:\/\/semmelweis.hu\/onkologiai-tanszek\/wp-json\/wp\/v2\/pages\/389"}],"wp:attachment":[{"href":"https:\/\/semmelweis.hu\/onkologiai-tanszek\/wp-json\/wp\/v2\/media?parent=407"}],"wp:term":[{"taxonomy":"category","embeddable":true,"href":"https:\/\/semmelweis.hu\/onkologiai-tanszek\/wp-json\/wp\/v2\/categories?post=407"},{"taxonomy":"post_tag","embeddable":true,"href":"https:\/\/semmelweis.hu\/onkologiai-tanszek\/wp-json\/wp\/v2\/tags?post=407"}],"curies":[{"name":"wp","href":"https:\/\/api.w.org\/{rel}","templated":true}]}}