{"id":402,"date":"2025-12-13T14:09:07","date_gmt":"2025-12-13T13:09:07","guid":{"rendered":"https:\/\/semmelweis.hu\/onkologiai-tanszek\/?page_id=402"},"modified":"2026-01-21T19:05:38","modified_gmt":"2026-01-21T18:05:38","slug":"useful-information-for-students","status":"publish","type":"page","link":"https:\/\/semmelweis.hu\/onkologiai-tanszek\/en\/education\/useful-information-for-students\/","title":{"rendered":"Useful Information for Students"},"content":{"rendered":"<p>Dear Students,<\/p>\n<p>Useful information regarding the Institute\u2014such as directions to the lecture hall, locations of nearby shops and cafeterias, etc. was gathered\u2014to help you navigate our facility more easily. These include:<\/p>\n<ul>\n<li><a href=\"#tomegkozl\">Accessing the Institute by public transport<\/a><\/li>\n<li><a href=\"#terkep\">Map of the OOI buildings<\/a><\/li>\n<li><a href=\"#tanterem\">Directions to the Lecture Hall<\/a><\/li>\n<li><a href=\"#wc\">Restroom near the Lecture Hall<\/a><\/li>\n<li><a href=\"#bicikli\">Bicycle storage<\/a><\/li>\n<li><a href=\"#cigi\">Designated smoking area<\/a><\/li>\n<li><a href=\"#boltok\">Shops and cafeterias around the Institute<\/a><\/li>\n<\/ul>\n<h5><a id=\"tomegkozl\"><\/a>Accessing the National Institute of Oncology by Public Transport:<\/h5>\n<ul>\n<li>M2 Metro, from the end station &#8222;<strong>D\u00e9li p\u00e1lyaudvar<\/strong>&#8222;: <a href=\"https:\/\/maps.app.goo.gl\/gETupL9sQsFMkqHy8\">view on Google Maps<\/a><\/li>\n<li>Trams 17, 41, 59, 59A, 59B and 61\n<ul>\n<li>from stop &#8222;<strong>D\u00e9li p\u00e1lyaudvar<\/strong>&#8222;: <a href=\"https:\/\/maps.app.goo.gl\/3tRcpb1PhuiWKqHC6\">view on Google Maps<\/a><\/li>\n<li>from stop &#8222;<strong>Nagyenyed utca<\/strong>&#8222;: <a href=\"https:\/\/maps.app.goo.gl\/hB3MFKwagbSRKMyY9\">view on Google Maps<\/a><\/li>\n<\/ul>\n<\/li>\n<li>Bus 39, from the stop <strong>R\u00e1th Gy\u00f6rgy utca<\/strong>: <a href=\"https:\/\/maps.app.goo.gl\/EGRwkgS1qg2X9mze8\">view on Google Maps<\/a><\/li>\n<li>Buses 21, 21A, 59, 102, 221 and trams 59, 59A, 59B from the stop &#8222;<strong>K\u00e9kgoly\u00f3 utca<\/strong>&#8222;: <a href=\"https:\/\/maps.app.goo.gl\/t6xkvCYVGyjNRpkL6\">view on Google Maps<\/a><\/li>\n<\/ul>\n<h5><a id=\"terkep\"><\/a>Map of the Institute&#8217;s Buildings:\u00a0<\/h5>\n<p><img loading=\"lazy\" decoding=\"async\" class=\"alignnone wp-image-273 size-large\" src=\"https:\/\/semmelweis.hu\/onkologiai-tanszek\/files\/2025\/08\/ooi-terkep-1280-e1755860156226-1024x614.png\" alt=\"\" width=\"753\" height=\"452\" srcset=\"https:\/\/semmelweis.hu\/onkologiai-tanszek\/files\/2025\/08\/ooi-terkep-1280-e1755860156226-1024x614.png 1024w, https:\/\/semmelweis.hu\/onkologiai-tanszek\/files\/2025\/08\/ooi-terkep-1280-e1755860156226-400x240.png 400w, https:\/\/semmelweis.hu\/onkologiai-tanszek\/files\/2025\/08\/ooi-terkep-1280-e1755860156226-768x460.png 768w, https:\/\/semmelweis.hu\/onkologiai-tanszek\/files\/2025\/08\/ooi-terkep-1280-e1755860156226-753x451.png 753w, https:\/\/semmelweis.hu\/onkologiai-tanszek\/files\/2025\/08\/ooi-terkep-1280-e1755860156226.png 1175w\" sizes=\"auto, (max-width: 753px) 100vw, 753px\" \/><br \/>\n<a href=\"https:\/\/semmelweis.hu\/onkologiai-tanszek\/files\/2025\/08\/ooi-terkep-1280-e1755860156226.png\">Full size image<\/a><\/p>\n<p>&nbsp;<\/p>\n<h5><a id=\"tanterem\"><\/a>Directions to the Lecture Hall from the <strong>Main Entrance<\/strong> (<strong>R\u00e1th Gy\u00f6rgy u. 7-9.<\/strong>):<\/h5>\n<ol>\n<li>Enter the Institute through the <strong>Main Entrance<\/strong> and <strong>turn left<\/strong> at the end of the road.<br \/>\n<img loading=\"lazy\" decoding=\"async\" class=\"alignnone size-large wp-image-264\" src=\"https:\/\/semmelweis.hu\/onkologiai-tanszek\/files\/2025\/08\/IMG_7941-1024x768.jpg\" alt=\"\" width=\"753\" height=\"565\" srcset=\"https:\/\/semmelweis.hu\/onkologiai-tanszek\/files\/2025\/08\/IMG_7941-1024x768.jpg 1024w, https:\/\/semmelweis.hu\/onkologiai-tanszek\/files\/2025\/08\/IMG_7941-400x300.jpg 400w, https:\/\/semmelweis.hu\/onkologiai-tanszek\/files\/2025\/08\/IMG_7941-768x576.jpg 768w, https:\/\/semmelweis.hu\/onkologiai-tanszek\/files\/2025\/08\/IMG_7941-1536x1152.jpg 1536w, https:\/\/semmelweis.hu\/onkologiai-tanszek\/files\/2025\/08\/IMG_7941-753x565.jpg 753w, https:\/\/semmelweis.hu\/onkologiai-tanszek\/files\/2025\/08\/IMG_7941.jpg 2000w\" sizes=\"auto, (max-width: 753px) 100vw, 753px\" \/><\/li>\n<li>After turning left, you will see the <strong>main entrance<\/strong> of <strong>Building 1<\/strong> straight ahead. Enter the building here.<br \/>\n<img loading=\"lazy\" decoding=\"async\" class=\"alignnone size-large wp-image-268\" src=\"https:\/\/semmelweis.hu\/onkologiai-tanszek\/files\/2025\/08\/IMG_7945-1024x768.jpg\" alt=\"\" width=\"753\" height=\"565\" srcset=\"https:\/\/semmelweis.hu\/onkologiai-tanszek\/files\/2025\/08\/IMG_7945-1024x768.jpg 1024w, https:\/\/semmelweis.hu\/onkologiai-tanszek\/files\/2025\/08\/IMG_7945-400x300.jpg 400w, https:\/\/semmelweis.hu\/onkologiai-tanszek\/files\/2025\/08\/IMG_7945-768x576.jpg 768w, https:\/\/semmelweis.hu\/onkologiai-tanszek\/files\/2025\/08\/IMG_7945-1536x1152.jpg 1536w, https:\/\/semmelweis.hu\/onkologiai-tanszek\/files\/2025\/08\/IMG_7945-753x565.jpg 753w, https:\/\/semmelweis.hu\/onkologiai-tanszek\/files\/2025\/08\/IMG_7945.jpg 2000w\" sizes=\"auto, (max-width: 753px) 100vw, 753px\" \/>\u00a0<\/li>\n<li>As you enter the building, you will find a staircase\/elevator immediately in front of you. Go up to the <strong>first floor<\/strong>.<br \/>\n<img loading=\"lazy\" decoding=\"async\" class=\"alignnone size-large wp-image-269\" src=\"https:\/\/semmelweis.hu\/onkologiai-tanszek\/files\/2025\/08\/IMG_7946-1024x768.jpg\" alt=\"\" width=\"753\" height=\"565\" srcset=\"https:\/\/semmelweis.hu\/onkologiai-tanszek\/files\/2025\/08\/IMG_7946-1024x768.jpg 1024w, https:\/\/semmelweis.hu\/onkologiai-tanszek\/files\/2025\/08\/IMG_7946-400x300.jpg 400w, https:\/\/semmelweis.hu\/onkologiai-tanszek\/files\/2025\/08\/IMG_7946-768x576.jpg 768w, https:\/\/semmelweis.hu\/onkologiai-tanszek\/files\/2025\/08\/IMG_7946-1536x1152.jpg 1536w, https:\/\/semmelweis.hu\/onkologiai-tanszek\/files\/2025\/08\/IMG_7946-753x565.jpg 753w, https:\/\/semmelweis.hu\/onkologiai-tanszek\/files\/2025\/08\/IMG_7946.jpg 2000w\" sizes=\"auto, (max-width: 753px) 100vw, 753px\" \/><\/li>\n<li>Arriving <strong>at the first floor<\/strong>, <strong>turn right<\/strong> in the corridor.<br \/>\n<img loading=\"lazy\" decoding=\"async\" class=\"alignnone size-large wp-image-270\" src=\"https:\/\/semmelweis.hu\/onkologiai-tanszek\/files\/2025\/08\/IMG_7947-1024x768.jpg\" alt=\"\" width=\"753\" height=\"565\" srcset=\"https:\/\/semmelweis.hu\/onkologiai-tanszek\/files\/2025\/08\/IMG_7947-1024x768.jpg 1024w, https:\/\/semmelweis.hu\/onkologiai-tanszek\/files\/2025\/08\/IMG_7947-400x300.jpg 400w, https:\/\/semmelweis.hu\/onkologiai-tanszek\/files\/2025\/08\/IMG_7947-768x576.jpg 768w, https:\/\/semmelweis.hu\/onkologiai-tanszek\/files\/2025\/08\/IMG_7947-1536x1152.jpg 1536w, https:\/\/semmelweis.hu\/onkologiai-tanszek\/files\/2025\/08\/IMG_7947-753x565.jpg 753w, https:\/\/semmelweis.hu\/onkologiai-tanszek\/files\/2025\/08\/IMG_7947.jpg 2000w\" sizes=\"auto, (max-width: 753px) 100vw, 753px\" \/><\/li>\n<li>The <strong>Council Room (<em>Tan\u00e1csterem<\/em>)<\/strong> is located at the end of the corridor. Please wait here until the Lecturer arrives.<br \/>\n<img loading=\"lazy\" decoding=\"async\" class=\"alignnone size-large wp-image-271\" src=\"https:\/\/semmelweis.hu\/onkologiai-tanszek\/files\/2025\/08\/IMG_7948-768x1024.jpg\" alt=\"\" width=\"753\" height=\"1004\" srcset=\"https:\/\/semmelweis.hu\/onkologiai-tanszek\/files\/2025\/08\/IMG_7948-768x1024.jpg 768w, https:\/\/semmelweis.hu\/onkologiai-tanszek\/files\/2025\/08\/IMG_7948-300x400.jpg 300w, https:\/\/semmelweis.hu\/onkologiai-tanszek\/files\/2025\/08\/IMG_7948-1152x1536.jpg 1152w, https:\/\/semmelweis.hu\/onkologiai-tanszek\/files\/2025\/08\/IMG_7948-753x1004.jpg 753w, https:\/\/semmelweis.hu\/onkologiai-tanszek\/files\/2025\/08\/IMG_7948.jpg 1500w\" sizes=\"auto, (max-width: 753px) 100vw, 753px\" \/><\/li>\n<\/ol>\n<p>&nbsp;<\/p>\n<h5><a id=\"wc\"><\/a>Restroom: Located next to the Council Room, at the end of the corridor.<br \/>\n<img loading=\"lazy\" decoding=\"async\" class=\"alignnone size-large wp-image-272\" src=\"https:\/\/semmelweis.hu\/onkologiai-tanszek\/files\/2025\/08\/IMG_7949-768x1024.jpg\" alt=\"\" width=\"753\" height=\"1004\" srcset=\"https:\/\/semmelweis.hu\/onkologiai-tanszek\/files\/2025\/08\/IMG_7949-768x1024.jpg 768w, https:\/\/semmelweis.hu\/onkologiai-tanszek\/files\/2025\/08\/IMG_7949-300x400.jpg 300w, https:\/\/semmelweis.hu\/onkologiai-tanszek\/files\/2025\/08\/IMG_7949-1152x1536.jpg 1152w, https:\/\/semmelweis.hu\/onkologiai-tanszek\/files\/2025\/08\/IMG_7949-753x1004.jpg 753w, https:\/\/semmelweis.hu\/onkologiai-tanszek\/files\/2025\/08\/IMG_7949.jpg 1500w\" sizes=\"auto, (max-width: 753px) 100vw, 753px\" \/><\/h5>\n<p>&nbsp;<\/p>\n<h5><a id=\"bicikli\"><\/a>Bicycle Storage: Located <strong>to the left of the Main Entrance<\/strong>, <strong>behind <\/strong>the <strong>Reception<\/strong> (Porta) building.<br \/>\n<img loading=\"lazy\" decoding=\"async\" class=\"alignnone size-large wp-image-266\" src=\"https:\/\/semmelweis.hu\/onkologiai-tanszek\/files\/2025\/08\/IMG_7943-1024x768.jpg\" alt=\"\" width=\"753\" height=\"565\" srcset=\"https:\/\/semmelweis.hu\/onkologiai-tanszek\/files\/2025\/08\/IMG_7943-1024x768.jpg 1024w, https:\/\/semmelweis.hu\/onkologiai-tanszek\/files\/2025\/08\/IMG_7943-400x300.jpg 400w, https:\/\/semmelweis.hu\/onkologiai-tanszek\/files\/2025\/08\/IMG_7943-768x576.jpg 768w, https:\/\/semmelweis.hu\/onkologiai-tanszek\/files\/2025\/08\/IMG_7943-1536x1152.jpg 1536w, https:\/\/semmelweis.hu\/onkologiai-tanszek\/files\/2025\/08\/IMG_7943-753x565.jpg 753w, https:\/\/semmelweis.hu\/onkologiai-tanszek\/files\/2025\/08\/IMG_7943.jpg 2000w\" sizes=\"auto, (max-width: 753px) 100vw, 753px\" \/><\/h5>\n<h5><a id=\"cigi\"><\/a> Smoking<\/h5>\n<p><span style=\"color: #000000\"><strong><span style=\"color: #ff0000\">Smokingis prohibited<\/span><\/strong> throughout the entire Institute territory, <strong>except<\/strong> in <strong>designated smoking areas<\/strong>. The designated smoking area closest to the Lecture Hall is located opposite Building 1. It can be accessed via the stairs between the Reception and Building 1.<br \/>\n<\/span><img loading=\"lazy\" decoding=\"async\" class=\"alignnone size-large wp-image-267\" src=\"https:\/\/semmelweis.hu\/onkologiai-tanszek\/files\/2025\/08\/IMG_7944-1024x768.jpg\" alt=\"\" width=\"753\" height=\"565\" srcset=\"https:\/\/semmelweis.hu\/onkologiai-tanszek\/files\/2025\/08\/IMG_7944-1024x768.jpg 1024w, https:\/\/semmelweis.hu\/onkologiai-tanszek\/files\/2025\/08\/IMG_7944-400x300.jpg 400w, https:\/\/semmelweis.hu\/onkologiai-tanszek\/files\/2025\/08\/IMG_7944-768x576.jpg 768w, https:\/\/semmelweis.hu\/onkologiai-tanszek\/files\/2025\/08\/IMG_7944-1536x1152.jpg 1536w, https:\/\/semmelweis.hu\/onkologiai-tanszek\/files\/2025\/08\/IMG_7944-753x565.jpg 753w, https:\/\/semmelweis.hu\/onkologiai-tanszek\/files\/2025\/08\/IMG_7944.jpg 2000w\" sizes=\"auto, (max-width: 753px) 100vw, 753px\" \/><\/p>\n<p>&nbsp;<\/p>\n<h5><a id=\"boltok\"><\/a>Az Int\u00e9zet k\u00f6r\u00fcl tal\u00e1lhat\u00f3 boltok, b\u00fcf\u00e9k:<\/h5>\n<ul>\n<li>The Institute&#8217;s <strong>own cafeteria<\/strong> is open between <strong>07:00 and 14:00<\/strong>, on the <strong>ground floor<\/strong> of <strong>Building 14<\/strong>.<\/li>\n<li>CBA (K\u00e9kgyoly\u00f3 utca &#8211; R\u00e1th Gy\u00f6rgy utca sarok): <a href=\"https:\/\/maps.app.goo.gl\/gzkBjRee6QSmPtkX8\">view on Google Maps<\/a><\/li>\n<li>Manna ABC (Alkot\u00e1s utca): <a href=\"https:\/\/maps.app.goo.gl\/18hyraDRXfkQwKTU7\">view on Google Maps<\/a><\/li>\n<li>Gyros: <a href=\"https:\/\/maps.app.goo.gl\/s7CwpyHjAtnuMfKm9\">view on Google Maps<\/a><\/li>\n<li>Chinese Restaurant: <a href=\"https:\/\/maps.app.goo.gl\/xPPqBnRVp56dKX749\">view on Google Maps<\/a><\/li>\n<li>Confectionery\/Patisserie: view on Google Maps <a href=\"https:\/\/maps.app.goo.gl\/uEtjky2Faj9kbdeZ7\">(\u00c9desebb \u00e9let)<\/a>\u00a0and <a href=\"https:\/\/maps.app.goo.gl\/AkSgP1Q97ezocuwj7\">(S\u00fctierd\u0151)<\/a><\/li>\n<li>Pharmacy: <a href=\"https:\/\/maps.app.goo.gl\/97RvfZVdu43H3NXq6\">view on Google Maps<\/a><\/li>\n<\/ul>\n","protected":false},"excerpt":{"rendered":"<p>Dear Students, Useful information regarding the Institute\u2014such as directions to the lecture hall, locations of nearby shops and cafeterias, etc. was gathered\u2014to help you navigate our facility more easily. These include: <a href=\"#tomegkozl\">Accessing the Institute by public transport<\/a> <a href=\"#terkep\">Map of the OOI buildings<\/a> <a href=\"#tanterem\">Directions to the Lecture Hall<\/a> <a href=\"#wc\">Restroom near the Lecture Hall<\/a> <a href=\"#bicikli\">Bicycle storage<\/a> <a href=\"#cigi\">Designated smoking area<\/a> <a href=\"#boltok\">Shops and cafeterias around the Institute<\/a> <a id=\"tomegkozl\"><\/a> Accessing the National Institute of Oncology by Public Transport: M2 Metro, from the end station &#8222;D\u00e9li p\u00e1lyaudvar&#8222;: <a href=\"https:\/\/maps.app.goo.gl\/gETupL9sQsFMkqHy8\">view on Google Maps<\/a> Trams 17, 41, 59, 59A, 59B and &hellip;<\/p>\n","protected":false},"author":102054,"featured_media":0,"parent":389,"menu_order":0,"comment_status":"closed","ping_status":"closed","template":"","meta":{"_acf_changed":false,"footnotes":""},"categories":[],"tags":[],"class_list":["post-402","page","type-page","status-publish","hentry"],"acf":[],"_links":{"self":[{"href":"https:\/\/semmelweis.hu\/onkologiai-tanszek\/wp-json\/wp\/v2\/pages\/402","targetHints":{"allow":["GET"]}}],"collection":[{"href":"https:\/\/semmelweis.hu\/onkologiai-tanszek\/wp-json\/wp\/v2\/pages"}],"about":[{"href":"https:\/\/semmelweis.hu\/onkologiai-tanszek\/wp-json\/wp\/v2\/types\/page"}],"author":[{"embeddable":true,"href":"https:\/\/semmelweis.hu\/onkologiai-tanszek\/wp-json\/wp\/v2\/users\/102054"}],"replies":[{"embeddable":true,"href":"https:\/\/semmelweis.hu\/onkologiai-tanszek\/wp-json\/wp\/v2\/comments?post=402"}],"version-history":[{"count":3,"href":"https:\/\/semmelweis.hu\/onkologiai-tanszek\/wp-json\/wp\/v2\/pages\/402\/revisions"}],"predecessor-version":[{"id":405,"href":"https:\/\/semmelweis.hu\/onkologiai-tanszek\/wp-json\/wp\/v2\/pages\/402\/revisions\/405"}],"up":[{"embeddable":true,"href":"https:\/\/semmelweis.hu\/onkologiai-tanszek\/wp-json\/wp\/v2\/pages\/389"}],"wp:attachment":[{"href":"https:\/\/semmelweis.hu\/onkologiai-tanszek\/wp-json\/wp\/v2\/media?parent=402"}],"wp:term":[{"taxonomy":"category","embeddable":true,"href":"https:\/\/semmelweis.hu\/onkologiai-tanszek\/wp-json\/wp\/v2\/categories?post=402"},{"taxonomy":"post_tag","embeddable":true,"href":"https:\/\/semmelweis.hu\/onkologiai-tanszek\/wp-json\/wp\/v2\/tags?post=402"}],"curies":[{"name":"wp","href":"https:\/\/api.w.org\/{rel}","templated":true}]}}