{"id":257,"date":"2025-08-22T12:18:36","date_gmt":"2025-08-22T10:18:36","guid":{"rendered":"https:\/\/semmelweis.hu\/onkologiai-tanszek\/?page_id=257"},"modified":"2025-08-28T10:55:10","modified_gmt":"2025-08-28T08:55:10","slug":"hasznos-informacio-hallgatoknak","status":"publish","type":"page","link":"https:\/\/semmelweis.hu\/onkologiai-tanszek\/oktatas\/hasznos-informacio-hallgatoknak\/","title":{"rendered":"Hasznos inform\u00e1ci\u00f3k hallgat\u00f3knak"},"content":{"rendered":"<p>Kedves Hallgat\u00f3k!<\/p>\n<p>\u00d6sszegy\u0171jt\u00f6tt\u00fck az Int\u00e9zettel kapcsolatos hasznos inform\u00e1ci\u00f3kat, mint a tanterem megk\u00f6zel\u00edt\u00e9se, a k\u00f6rny\u00e9ken tal\u00e1lhat\u00f3 boltok \u00e9s b\u00fcf\u00e9k helye, stb, hogy k\u00f6nnyebben eligazodjanak Int\u00e9zet\u00fcnkben. Ezek az al\u00e1bbiak:<\/p>\n<ul>\n<li><a href=\"#tomegkozl\">Int\u00e9zet megk\u00f6zel\u00edt\u00e9se t\u00f6megk\u00f6zleked\u00e9ssel<\/a><\/li>\n<li><a href=\"#terkep\">Az OOI \u00e9p\u00fcleteinek t\u00e9rk\u00e9pe<\/a><\/li>\n<li><a href=\"#tanterem\">Tanterem megk\u00f6zel\u00edt\u00e9se<\/a><\/li>\n<li><a href=\"#wc\">Mosd\u00f3 a tanterem k\u00f6zl\u00e9ben<\/a><\/li>\n<li><a href=\"#bicikli\">Biciklit\u00e1rol\u00f3<\/a><\/li>\n<li><a href=\"#cigi\">Kijel\u00f6lt doh\u00e1nyz\u00f3hely<\/a><\/li>\n<li><a href=\"#boltok\">Int\u00e9zet k\u00f6r\u00fcl tal\u00e1lhat\u00f3 boltok, b\u00fcf\u00e9k<\/a><\/li>\n<\/ul>\n<h5><a id=\"tomegkozl\"><\/a>Az Orsz\u00e1gos Onkol\u00f3giai Int\u00e9zet megk\u00f6zel\u00edt\u00e9se t\u00f6megk\u00f6zleked\u00e9ssel:<\/h5>\n<ul>\n<li>M2 metr\u00f3, <strong>D\u00e9li p\u00e1lyaudvar<\/strong> meg\u00e1ll\u00f3t\u00f3l: <a href=\"https:\/\/maps.app.goo.gl\/gETupL9sQsFMkqHy8\">megtekint\u00e9s Google t\u00e9k\u00e9pen<\/a><\/li>\n<li>17, 41 59, 59A, 59B, 61 villamos\n<ul>\n<li><strong>D\u00e9li p\u00e1lyaudvar<\/strong> meg\u00e1ll\u00f3t\u00f3l: <a href=\"https:\/\/maps.app.goo.gl\/3tRcpb1PhuiWKqHC6\">megtekint\u00e9s Google t\u00e9rt\u00e9k\u00e9pen<\/a><\/li>\n<li><strong>Nagyenyed utca<\/strong> meg\u00e1ll\u00f3t\u00f3l: <a href=\"https:\/\/maps.app.goo.gl\/hB3MFKwagbSRKMyY9\">megtekint\u00e9s Google t\u00e9rk\u00e9pen<\/a><\/li>\n<\/ul>\n<\/li>\n<li>39-es busz, <strong>R\u00e1th Gy\u00f6rgy utca<\/strong> meg\u00e1ll\u00f3b\u00f3l: <a href=\"https:\/\/maps.app.goo.gl\/EGRwkgS1qg2X9mze8\">megtekint\u00e9s Google t\u00e9rk\u00e9pen<\/a><\/li>\n<li>21, 21A, 59, 102, 221 buszok \u00e9s 59, 59A, 59B villamosok, <strong>K\u00e9kgoly\u00f3 utca<\/strong> meg\u00e1ll\u00f3b\u00f3l: <a href=\"https:\/\/maps.app.goo.gl\/t6xkvCYVGyjNRpkL6\">megtekint\u00e1s Google t\u00e9rk\u00e9pen<\/a><\/li>\n<\/ul>\n<h5><a id=\"terkep\"><\/a>Az int\u00e9zet \u00e9p\u00fcleteinek t\u00e9rk\u00e9pe:\u00a0<\/h5>\n<p><img loading=\"lazy\" decoding=\"async\" class=\"alignnone wp-image-273 size-large\" src=\"https:\/\/semmelweis.hu\/onkologiai-tanszek\/files\/2025\/08\/ooi-terkep-1280-e1755860156226-1024x614.png\" alt=\"\" width=\"753\" height=\"452\" srcset=\"https:\/\/semmelweis.hu\/onkologiai-tanszek\/files\/2025\/08\/ooi-terkep-1280-e1755860156226-1024x614.png 1024w, https:\/\/semmelweis.hu\/onkologiai-tanszek\/files\/2025\/08\/ooi-terkep-1280-e1755860156226-400x240.png 400w, https:\/\/semmelweis.hu\/onkologiai-tanszek\/files\/2025\/08\/ooi-terkep-1280-e1755860156226-768x460.png 768w, https:\/\/semmelweis.hu\/onkologiai-tanszek\/files\/2025\/08\/ooi-terkep-1280-e1755860156226-753x451.png 753w, https:\/\/semmelweis.hu\/onkologiai-tanszek\/files\/2025\/08\/ooi-terkep-1280-e1755860156226.png 1175w\" sizes=\"auto, (max-width: 753px) 100vw, 753px\" \/><br \/>\n<a href=\"https:\/\/semmelweis.hu\/onkologiai-tanszek\/files\/2025\/08\/ooi-terkep-1280-e1755860156226.png\">Teljes m\u00e9ret<\/a><\/p>\n<p>&nbsp;<\/p>\n<h5><a id=\"tanterem\"><\/a>Tanterem megk\u00f6zel\u00edt\u00e9se a <strong>F\u0151bej\u00e1rat<\/strong>t\u00f3l (<strong>R\u00e1th Gy\u00f6rgy u. 7-9.<\/strong>):<\/h5>\n<ol>\n<li>Menjen be a <strong>F\u0151bej\u00e1rat<\/strong>on az Int\u00e9zetbe, \u00e9s forduljon <strong>balra<\/strong> az \u00fat v\u00e9g\u00e9n\u00e9l<br \/>\n<img loading=\"lazy\" decoding=\"async\" class=\"alignnone size-large wp-image-264\" src=\"https:\/\/semmelweis.hu\/onkologiai-tanszek\/files\/2025\/08\/IMG_7941-1024x768.jpg\" alt=\"\" width=\"753\" height=\"565\" srcset=\"https:\/\/semmelweis.hu\/onkologiai-tanszek\/files\/2025\/08\/IMG_7941-1024x768.jpg 1024w, https:\/\/semmelweis.hu\/onkologiai-tanszek\/files\/2025\/08\/IMG_7941-400x300.jpg 400w, https:\/\/semmelweis.hu\/onkologiai-tanszek\/files\/2025\/08\/IMG_7941-768x576.jpg 768w, https:\/\/semmelweis.hu\/onkologiai-tanszek\/files\/2025\/08\/IMG_7941-1536x1152.jpg 1536w, https:\/\/semmelweis.hu\/onkologiai-tanszek\/files\/2025\/08\/IMG_7941-753x565.jpg 753w, https:\/\/semmelweis.hu\/onkologiai-tanszek\/files\/2025\/08\/IMG_7941.jpg 2000w\" sizes=\"auto, (max-width: 753px) 100vw, 753px\" \/><\/li>\n<li>Miut\u00e1n balra fordult, szemben lesz az <strong>1-es \u00e9p\u00fclet<\/strong> f\u0151<strong>bej\u00e1rata<\/strong>. Ezen menjen be az \u00e9p\u00fcletbe.<br \/>\n<img loading=\"lazy\" decoding=\"async\" class=\"alignnone size-large wp-image-268\" src=\"https:\/\/semmelweis.hu\/onkologiai-tanszek\/files\/2025\/08\/IMG_7945-1024x768.jpg\" alt=\"\" width=\"753\" height=\"565\" srcset=\"https:\/\/semmelweis.hu\/onkologiai-tanszek\/files\/2025\/08\/IMG_7945-1024x768.jpg 1024w, https:\/\/semmelweis.hu\/onkologiai-tanszek\/files\/2025\/08\/IMG_7945-400x300.jpg 400w, https:\/\/semmelweis.hu\/onkologiai-tanszek\/files\/2025\/08\/IMG_7945-768x576.jpg 768w, https:\/\/semmelweis.hu\/onkologiai-tanszek\/files\/2025\/08\/IMG_7945-1536x1152.jpg 1536w, https:\/\/semmelweis.hu\/onkologiai-tanszek\/files\/2025\/08\/IMG_7945-753x565.jpg 753w, https:\/\/semmelweis.hu\/onkologiai-tanszek\/files\/2025\/08\/IMG_7945.jpg 2000w\" sizes=\"auto, (max-width: 753px) 100vw, 753px\" \/>\u00a0<\/li>\n<li>Ahogy bel\u00e9p az \u00e9p\u00fcletbe, r\u00f6gt\u00f6n szemben tal\u00e1l egy l\u00e9pcs\u0151h\u00e1zat \/ liftet. Menjen fel az <strong>els\u0151 emlet<\/strong>re.<br \/>\n<img loading=\"lazy\" decoding=\"async\" class=\"alignnone size-large wp-image-269\" src=\"https:\/\/semmelweis.hu\/onkologiai-tanszek\/files\/2025\/08\/IMG_7946-1024x768.jpg\" alt=\"\" width=\"753\" height=\"565\" srcset=\"https:\/\/semmelweis.hu\/onkologiai-tanszek\/files\/2025\/08\/IMG_7946-1024x768.jpg 1024w, https:\/\/semmelweis.hu\/onkologiai-tanszek\/files\/2025\/08\/IMG_7946-400x300.jpg 400w, https:\/\/semmelweis.hu\/onkologiai-tanszek\/files\/2025\/08\/IMG_7946-768x576.jpg 768w, https:\/\/semmelweis.hu\/onkologiai-tanszek\/files\/2025\/08\/IMG_7946-1536x1152.jpg 1536w, https:\/\/semmelweis.hu\/onkologiai-tanszek\/files\/2025\/08\/IMG_7946-753x565.jpg 753w, https:\/\/semmelweis.hu\/onkologiai-tanszek\/files\/2025\/08\/IMG_7946.jpg 2000w\" sizes=\"auto, (max-width: 753px) 100vw, 753px\" \/><\/li>\n<li>Az <strong>els\u0151 emelet<\/strong>re \u00e9rkezve, a folyos\u00f3n forduljon <strong>jobbra<\/strong>.<br \/>\n<img loading=\"lazy\" decoding=\"async\" class=\"alignnone size-large wp-image-270\" src=\"https:\/\/semmelweis.hu\/onkologiai-tanszek\/files\/2025\/08\/IMG_7947-1024x768.jpg\" alt=\"\" width=\"753\" height=\"565\" srcset=\"https:\/\/semmelweis.hu\/onkologiai-tanszek\/files\/2025\/08\/IMG_7947-1024x768.jpg 1024w, https:\/\/semmelweis.hu\/onkologiai-tanszek\/files\/2025\/08\/IMG_7947-400x300.jpg 400w, https:\/\/semmelweis.hu\/onkologiai-tanszek\/files\/2025\/08\/IMG_7947-768x576.jpg 768w, https:\/\/semmelweis.hu\/onkologiai-tanszek\/files\/2025\/08\/IMG_7947-1536x1152.jpg 1536w, https:\/\/semmelweis.hu\/onkologiai-tanszek\/files\/2025\/08\/IMG_7947-753x565.jpg 753w, https:\/\/semmelweis.hu\/onkologiai-tanszek\/files\/2025\/08\/IMG_7947.jpg 2000w\" sizes=\"auto, (max-width: 753px) 100vw, 753px\" \/><\/li>\n<li>A folyos\u00f3 v\u00e9g\u00e9n tal\u00e1lhat\u00f3 a <strong>Tan\u00e1csterem<\/strong>. Legyenek sz\u00edvesek itt v\u00e1rakozni az El\u0151ad\u00f3 \u00e9rkez\u00e9s\u00e9ig.<br \/>\n<img loading=\"lazy\" decoding=\"async\" class=\"alignnone size-large wp-image-271\" src=\"https:\/\/semmelweis.hu\/onkologiai-tanszek\/files\/2025\/08\/IMG_7948-768x1024.jpg\" alt=\"\" width=\"753\" height=\"1004\" srcset=\"https:\/\/semmelweis.hu\/onkologiai-tanszek\/files\/2025\/08\/IMG_7948-768x1024.jpg 768w, https:\/\/semmelweis.hu\/onkologiai-tanszek\/files\/2025\/08\/IMG_7948-300x400.jpg 300w, https:\/\/semmelweis.hu\/onkologiai-tanszek\/files\/2025\/08\/IMG_7948-1152x1536.jpg 1152w, https:\/\/semmelweis.hu\/onkologiai-tanszek\/files\/2025\/08\/IMG_7948-753x1004.jpg 753w, https:\/\/semmelweis.hu\/onkologiai-tanszek\/files\/2025\/08\/IMG_7948.jpg 1500w\" sizes=\"auto, (max-width: 753px) 100vw, 753px\" \/><\/li>\n<\/ol>\n<p>&nbsp;<\/p>\n<h5><a id=\"wc\"><\/a>Mosd\u00f3 a Tan\u00e1csterem mellett tal\u00e1lhat\u00f3, a folyos\u00f3 v\u00e9g\u00e9n.<br \/>\n<img loading=\"lazy\" decoding=\"async\" class=\"alignnone size-large wp-image-272\" src=\"https:\/\/semmelweis.hu\/onkologiai-tanszek\/files\/2025\/08\/IMG_7949-768x1024.jpg\" alt=\"\" width=\"753\" height=\"1004\" srcset=\"https:\/\/semmelweis.hu\/onkologiai-tanszek\/files\/2025\/08\/IMG_7949-768x1024.jpg 768w, https:\/\/semmelweis.hu\/onkologiai-tanszek\/files\/2025\/08\/IMG_7949-300x400.jpg 300w, https:\/\/semmelweis.hu\/onkologiai-tanszek\/files\/2025\/08\/IMG_7949-1152x1536.jpg 1152w, https:\/\/semmelweis.hu\/onkologiai-tanszek\/files\/2025\/08\/IMG_7949-753x1004.jpg 753w, https:\/\/semmelweis.hu\/onkologiai-tanszek\/files\/2025\/08\/IMG_7949.jpg 1500w\" sizes=\"auto, (max-width: 753px) 100vw, 753px\" \/><\/h5>\n<p>&nbsp;<\/p>\n<h5><a id=\"bicikli\"><\/a>Biciklit\u00e1rol\u00f3 az Int\u00e9zet ter\u00fclet\u00e9n, a <strong>F\u0151bej\u00e1ratt\u00f3l balra<\/strong>, a <strong>Porta \u00e9p\u00fclete m\u00f6g\u00f6tt<\/strong> tal\u00e1lhat\u00f3.<br \/>\n<img loading=\"lazy\" decoding=\"async\" class=\"alignnone size-large wp-image-266\" src=\"https:\/\/semmelweis.hu\/onkologiai-tanszek\/files\/2025\/08\/IMG_7943-1024x768.jpg\" alt=\"\" width=\"753\" height=\"565\" srcset=\"https:\/\/semmelweis.hu\/onkologiai-tanszek\/files\/2025\/08\/IMG_7943-1024x768.jpg 1024w, https:\/\/semmelweis.hu\/onkologiai-tanszek\/files\/2025\/08\/IMG_7943-400x300.jpg 400w, https:\/\/semmelweis.hu\/onkologiai-tanszek\/files\/2025\/08\/IMG_7943-768x576.jpg 768w, https:\/\/semmelweis.hu\/onkologiai-tanszek\/files\/2025\/08\/IMG_7943-1536x1152.jpg 1536w, https:\/\/semmelweis.hu\/onkologiai-tanszek\/files\/2025\/08\/IMG_7943-753x565.jpg 753w, https:\/\/semmelweis.hu\/onkologiai-tanszek\/files\/2025\/08\/IMG_7943.jpg 2000w\" sizes=\"auto, (max-width: 753px) 100vw, 753px\" \/><\/h5>\n<h5><a id=\"cigi\"><\/a> Doh\u00e1nyz\u00e1s<\/h5>\n<p><span style=\"color: #ff0000;\"><strong>Doh\u00e1nyozni<\/strong> <\/span>az eg\u00e9sz Int\u00e9zet ter\u00fclet\u00e9n <span style=\"color: #ff0000;\"><strong>tilos<\/strong><\/span>, kiv\u00e9ve a <strong>kijel\u00f6lt doh\u00e1nyz\u00f3hely<\/strong>eken. A Tanteremhez legk\u00f6zelebbi kijel\u00f6lt doh\u00e1nyz\u00f3hely az 1-es \u00e9p\u00fclettel szemben tal\u00e1lhat\u00f3. Megk\u00f6zel\u00edt\u00e9se a Porta \u00e9s az 1-es \u00e9p\u00fclet k\u00f6z\u00f6tti l\u00e9pcs\u0151 fel\u0151l lehets\u00e9ges.<br \/>\n<img loading=\"lazy\" decoding=\"async\" class=\"alignnone size-large wp-image-267\" src=\"https:\/\/semmelweis.hu\/onkologiai-tanszek\/files\/2025\/08\/IMG_7944-1024x768.jpg\" alt=\"\" width=\"753\" height=\"565\" srcset=\"https:\/\/semmelweis.hu\/onkologiai-tanszek\/files\/2025\/08\/IMG_7944-1024x768.jpg 1024w, https:\/\/semmelweis.hu\/onkologiai-tanszek\/files\/2025\/08\/IMG_7944-400x300.jpg 400w, https:\/\/semmelweis.hu\/onkologiai-tanszek\/files\/2025\/08\/IMG_7944-768x576.jpg 768w, https:\/\/semmelweis.hu\/onkologiai-tanszek\/files\/2025\/08\/IMG_7944-1536x1152.jpg 1536w, https:\/\/semmelweis.hu\/onkologiai-tanszek\/files\/2025\/08\/IMG_7944-753x565.jpg 753w, https:\/\/semmelweis.hu\/onkologiai-tanszek\/files\/2025\/08\/IMG_7944.jpg 2000w\" sizes=\"auto, (max-width: 753px) 100vw, 753px\" \/><\/p>\n<p>&nbsp;<\/p>\n<h5><a id=\"boltok\"><\/a>Az Int\u00e9zet k\u00f6r\u00fcl tal\u00e1lhat\u00f3 boltok, b\u00fcf\u00e9k:<\/h5>\n<ul>\n<li>Az Int\u00e9zetben tal\u00e1lhat\u00f3 saj\u00e1t b\u00fcf\u00e9 7-14 \u00f3ra k\u00f6z\u00f6tt van nyitva, a 14-es \u00e9p\u00fclet f\u00f6ldszintj\u00e9n.<\/li>\n<li>CBA (K\u00e9kgyoly\u00f3 utca &#8211; R\u00e1th Gy\u00f6rgy utca sarok): <a href=\"https:\/\/maps.app.goo.gl\/gzkBjRee6QSmPtkX8\">T\u00e9rk\u00e9p<\/a><\/li>\n<li>Manna ABC (Alkot\u00e1s utca): <a href=\"https:\/\/maps.app.goo.gl\/18hyraDRXfkQwKTU7\">T\u00e9rk\u00e9p<\/a><\/li>\n<li>Gyros: <a href=\"https:\/\/maps.app.goo.gl\/s7CwpyHjAtnuMfKm9\">T\u00e9rk\u00e9p<\/a><\/li>\n<li>K\u00ednai: <a href=\"https:\/\/maps.app.goo.gl\/xPPqBnRVp56dKX749\">T\u00e9rk\u00e9p<\/a><\/li>\n<li>Cukr\u00e1szda: <a href=\"https:\/\/maps.app.goo.gl\/uEtjky2Faj9kbdeZ7\">T\u00e9rk\u00e9p (\u00c9desebb \u00e9let)<\/a>, <a href=\"https:\/\/maps.app.goo.gl\/AkSgP1Q97ezocuwj7\">t\u00e9rk\u00e9p (S\u00fctierd\u0151)<\/a><\/li>\n<li>Gy\u00f3gszert\u00e1r: <a href=\"https:\/\/maps.app.goo.gl\/97RvfZVdu43H3NXq6\">T\u00e9rk\u00e9p<\/a><\/li>\n<\/ul>\n","protected":false},"excerpt":{"rendered":"<p>Kedves Hallgat\u00f3k! \u00d6sszegy\u0171jt\u00f6tt\u00fck az Int\u00e9zettel kapcsolatos hasznos inform\u00e1ci\u00f3kat, mint a tanterem megk\u00f6zel\u00edt\u00e9se, a k\u00f6rny\u00e9ken tal\u00e1lhat\u00f3 boltok \u00e9s b\u00fcf\u00e9k helye, stb, hogy k\u00f6nnyebben eligazodjanak Int\u00e9zet\u00fcnkben. Ezek az al\u00e1bbiak: <a href=\"#tomegkozl\">Int\u00e9zet megk\u00f6zel\u00edt\u00e9se t\u00f6megk\u00f6zleked\u00e9ssel<\/a> <a href=\"#terkep\">Az OOI \u00e9p\u00fcleteinek t\u00e9rk\u00e9pe<\/a> <a href=\"#tanterem\">Tanterem megk\u00f6zel\u00edt\u00e9se<\/a> <a href=\"#wc\">Mosd\u00f3 a tanterem k\u00f6zl\u00e9ben<\/a> <a href=\"#bicikli\">Biciklit\u00e1rol\u00f3<\/a> <a href=\"#cigi\">Kijel\u00f6lt doh\u00e1nyz\u00f3hely<\/a> <a href=\"#boltok\">Int\u00e9zet k\u00f6r\u00fcl tal\u00e1lhat\u00f3 boltok, b\u00fcf\u00e9k<\/a> <a id=\"tomegkozl\"><\/a> Az Orsz\u00e1gos Onkol\u00f3giai Int\u00e9zet megk\u00f6zel\u00edt\u00e9se t\u00f6megk\u00f6zleked\u00e9ssel: M2 metr\u00f3, D\u00e9li p\u00e1lyaudvar meg\u00e1ll\u00f3t\u00f3l: <a href=\"https:\/\/maps.app.goo.gl\/gETupL9sQsFMkqHy8\">megtekint\u00e9s Google t\u00e9k\u00e9pen<\/a> 17, 41 59, 59A, 59B, 61 villamos D\u00e9li p\u00e1lyaudvar meg\u00e1ll\u00f3t\u00f3l: <a href=\"https:\/\/maps.app.goo.gl\/3tRcpb1PhuiWKqHC6\">megtekint\u00e9s Google t\u00e9rt\u00e9k\u00e9pen<\/a> Nagyenyed utca meg\u00e1ll\u00f3t\u00f3l: <a href=\"https:\/\/maps.app.goo.gl\/hB3MFKwagbSRKMyY9\">megtekint\u00e9s Google t\u00e9rk\u00e9pen<\/a> 39-es busz, R\u00e1th Gy\u00f6rgy &hellip;<\/p>\n","protected":false},"author":102054,"featured_media":0,"parent":19,"menu_order":0,"comment_status":"closed","ping_status":"closed","template":"","meta":{"_acf_changed":false,"footnotes":""},"categories":[],"tags":[],"class_list":["post-257","page","type-page","status-publish","hentry"],"acf":[],"_links":{"self":[{"href":"https:\/\/semmelweis.hu\/onkologiai-tanszek\/wp-json\/wp\/v2\/pages\/257","targetHints":{"allow":["GET"]}}],"collection":[{"href":"https:\/\/semmelweis.hu\/onkologiai-tanszek\/wp-json\/wp\/v2\/pages"}],"about":[{"href":"https:\/\/semmelweis.hu\/onkologiai-tanszek\/wp-json\/wp\/v2\/types\/page"}],"author":[{"embeddable":true,"href":"https:\/\/semmelweis.hu\/onkologiai-tanszek\/wp-json\/wp\/v2\/users\/102054"}],"replies":[{"embeddable":true,"href":"https:\/\/semmelweis.hu\/onkologiai-tanszek\/wp-json\/wp\/v2\/comments?post=257"}],"version-history":[{"count":10,"href":"https:\/\/semmelweis.hu\/onkologiai-tanszek\/wp-json\/wp\/v2\/pages\/257\/revisions"}],"predecessor-version":[{"id":337,"href":"https:\/\/semmelweis.hu\/onkologiai-tanszek\/wp-json\/wp\/v2\/pages\/257\/revisions\/337"}],"up":[{"embeddable":true,"href":"https:\/\/semmelweis.hu\/onkologiai-tanszek\/wp-json\/wp\/v2\/pages\/19"}],"wp:attachment":[{"href":"https:\/\/semmelweis.hu\/onkologiai-tanszek\/wp-json\/wp\/v2\/media?parent=257"}],"wp:term":[{"taxonomy":"category","embeddable":true,"href":"https:\/\/semmelweis.hu\/onkologiai-tanszek\/wp-json\/wp\/v2\/categories?post=257"},{"taxonomy":"post_tag","embeddable":true,"href":"https:\/\/semmelweis.hu\/onkologiai-tanszek\/wp-json\/wp\/v2\/tags?post=257"}],"curies":[{"name":"wp","href":"https:\/\/api.w.org\/{rel}","templated":true}]}}