{"id":686,"date":"2016-07-29T15:38:30","date_gmt":"2016-07-29T13:38:30","guid":{"rendered":"http:\/\/semmelweis.hu\/onkologiai-kozpont\/?page_id=686"},"modified":"2023-07-10T19:59:05","modified_gmt":"2023-07-10T17:59:05","slug":"pszichologiai-szakambulanca","status":"publish","type":"page","link":"https:\/\/semmelweis.hu\/onkologiai-kozpont\/betegellatas\/komplex-onkologiai-rehabilitacio\/pszichologiai-szakambulanca\/","title":{"rendered":"Onkopszichol\u00f3giai ambulancia"},"content":{"rendered":"<p style=\"text-align: justify\">A Belgy\u00f3gy\u00e1szati \u00e9s Onkol\u00f3giai Klinika Onkol\u00f3giai Profilon kezelt betegeknek lehet\u0151s\u00e9g\u00fck van t\u00e1rsadalombiztos\u00edt\u00e1si kereten bel\u00fcl pszichol\u00f3giai seg\u00edts\u00e9g ig\u00e9nybev\u00e9tel\u00e9re. Biztos\u00edt\u00e1ssal nem rendelkez\u0151 betegeket nem \u00e1ll m\u00f3dunkban ell\u00e1tni, fizet\u0151s ell\u00e1t\u00e1st nem tudunk biztos\u00edtani. A szupport\u00edv ter\u00e1pi\u00e1s munka ambul\u00e1nsan, egy\u00e9ni \u00fcl\u00e9sek keret\u00e9ben, hetente\u2013k\u00e9thetente t\u00f6rt\u00e9nik, id\u0151tartama 50 perc\/alkalom. Az els\u0151 alkalommal \u00e1llapotfelm\u00e9r\u00e9st v\u00e9gz\u00fcnk, majd a probl\u00e9m\u00e1k felt\u00e1r\u00e1sa ut\u00e1n a beteg ig\u00e9nyei szerint kit\u0171zz\u00fck a k\u00f6z\u00f6s munka c\u00e9lj\u00e1t, ami k\u00e9s\u0151bb m\u00e9g m\u00f3dos\u00edthat\u00f3. A ter\u00e1pia szem\u00e9lyes r\u00e9szv\u00e9tellel, de egyes esetekben online (telemedicina form\u00e1j\u00e1ban) is t\u00f6rt\u00e9nhet. Id\u0151pontot k\u00e9rhet telefonon (telefonsz\u00e1m a kezel\u0151orvost\u00f3l k\u00e9rhet\u0151), illetve e-mailen (k\u00e9rj\u00fck adja meg nev\u00e9t, TAJ sz\u00e1m\u00e1t, telefonsz\u00e1m\u00e1t \u00e9s hogy milyen probl\u00e9ma miatt k\u00e9ri a seg\u00edts\u00e9g\u00fcnket). S\u00fcrg\u0151ss\u00e9gi ell\u00e1t\u00e1st nem tudunk v\u00e1llalni, ilyen esetekben a h\u00e1ziorvos, vagy a ter\u00fcletileg illet\u00e9kes pszichi\u00e1triai ell\u00e1t\u00e1s felkeres\u00e9s\u00e9t javasoljuk.<\/p>\n<ul>\n<li><a href=\"https:\/\/semmelweis.hu\/telefonkonyv\/?emp_id=11569\">Dr. D\u00e9sfalvi Judit<\/a>, alkalmazott eg\u00e9szs\u00e9gpszichol\u00f3giai szakpszichol\u00f3gus<\/li>\n<li><a href=\"https:\/\/semmelweis.hu\/telefonkonyv\/?emp_id=14912\">Dr. Ker\u00e9k Barbara<\/a>, klinikai szakpszichol\u00f3gus k\u00e9pz\u00e9sben<\/li>\n<\/ul>\n<p>&nbsp;<\/p>\n<p style=\"text-align: justify\"><em>Az oldalon tal\u00e1lhat\u00f3 el\u00e9rhet\u0151s\u00e9gi adatok nem haszn\u00e1lhat\u00f3k fel az 1995. \u00e9vi CXIX. t\u00f6rv\u00e9ny szerinti kutat\u00e1s \u00e9s k\u00f6zvetlen \u00fczletszerz\u00e9s c\u00e9lj\u00e1ra.<\/em><\/p>\n","protected":false},"excerpt":{"rendered":"<p>A Belgy\u00f3gy\u00e1szati \u00e9s Onkol\u00f3giai Klinika Onkol\u00f3giai Profilon kezelt betegeknek lehet\u0151s\u00e9g\u00fck van t\u00e1rsadalombiztos\u00edt\u00e1si kereten bel\u00fcl pszichol\u00f3giai seg\u00edts\u00e9g ig\u00e9nybev\u00e9tel\u00e9re. Biztos\u00edt\u00e1ssal nem rendelkez\u0151 betegeket nem \u00e1ll m\u00f3dunkban ell\u00e1tni, fizet\u0151s ell\u00e1t\u00e1st nem tudunk biztos\u00edtani. A szupport\u00edv ter\u00e1pi\u00e1s munka ambul\u00e1nsan, egy\u00e9ni \u00fcl\u00e9sek keret\u00e9ben, hetente\u2013k\u00e9thetente t\u00f6rt\u00e9nik, id\u0151tartama 50 perc\/alkalom. Az els\u0151 alkalommal \u00e1llapotfelm\u00e9r\u00e9st v\u00e9gz\u00fcnk, majd a probl\u00e9m\u00e1k felt\u00e1r\u00e1sa ut\u00e1n a beteg &hellip;<\/p>\n","protected":false},"author":101105,"featured_media":0,"parent":3032,"menu_order":3,"comment_status":"closed","ping_status":"closed","template":"","meta":{"_acf_changed":false,"footnotes":""},"categories":[],"tags":[],"class_list":["post-686","page","type-page","status-publish","hentry"],"acf":[],"_links":{"self":[{"href":"https:\/\/semmelweis.hu\/onkologiai-kozpont\/wp-json\/wp\/v2\/pages\/686","targetHints":{"allow":["GET"]}}],"collection":[{"href":"https:\/\/semmelweis.hu\/onkologiai-kozpont\/wp-json\/wp\/v2\/pages"}],"about":[{"href":"https:\/\/semmelweis.hu\/onkologiai-kozpont\/wp-json\/wp\/v2\/types\/page"}],"author":[{"embeddable":true,"href":"https:\/\/semmelweis.hu\/onkologiai-kozpont\/wp-json\/wp\/v2\/users\/101105"}],"replies":[{"embeddable":true,"href":"https:\/\/semmelweis.hu\/onkologiai-kozpont\/wp-json\/wp\/v2\/comments?post=686"}],"version-history":[{"count":12,"href":"https:\/\/semmelweis.hu\/onkologiai-kozpont\/wp-json\/wp\/v2\/pages\/686\/revisions"}],"predecessor-version":[{"id":3195,"href":"https:\/\/semmelweis.hu\/onkologiai-kozpont\/wp-json\/wp\/v2\/pages\/686\/revisions\/3195"}],"up":[{"embeddable":true,"href":"https:\/\/semmelweis.hu\/onkologiai-kozpont\/wp-json\/wp\/v2\/pages\/3032"}],"wp:attachment":[{"href":"https:\/\/semmelweis.hu\/onkologiai-kozpont\/wp-json\/wp\/v2\/media?parent=686"}],"wp:term":[{"taxonomy":"category","embeddable":true,"href":"https:\/\/semmelweis.hu\/onkologiai-kozpont\/wp-json\/wp\/v2\/categories?post=686"},{"taxonomy":"post_tag","embeddable":true,"href":"https:\/\/semmelweis.hu\/onkologiai-kozpont\/wp-json\/wp\/v2\/tags?post=686"}],"curies":[{"name":"wp","href":"https:\/\/api.w.org\/{rel}","templated":true}]}}

Onkopszichológiai ambulancia

<p style="text-align: justify">A Belgyógyászati és Onkológiai Klinika Onkológiai Profilon kezelt betegeknek lehetőségük van társadalombiztosítási kereten belül pszichológiai segítség igénybevételére. Biztosítással nem rendelkező betegeket nem áll módunkban ellátni, fizetős ellátást nem tudunk biztosítani. A szupportív terápiás munka ambulánsan, egyéni ülések keretében, hetente–kéthetente történik, időtartama 50 perc/alkalom. Az első alkalommal állapotfelmérést végzünk, majd a problémák feltárása után a beteg igényei szerint kitűzzük a közös munka célját, ami később még módosítható. A terápia személyes részvétellel, de egyes esetekben online (telemedicina formájában) is történhet. Időpontot kérhet telefonon (telefonszám a kezelőorvostól kérhető), illetve e-mailen (kérjük adja meg nevét, TAJ számát, telefonszámát és hogy milyen probléma miatt kéri a segítségünket). Sürgősségi ellátást nem tudunk vállalni, ilyen esetekben a háziorvos, vagy a területileg illetékes pszichiátriai ellátás felkeresését javasoljuk.</p>
<ul>
<li><a href="https://semmelweis.hu/telefonkonyv/?emp_id=11569">Dr. Désfalvi Judit</a>, alkalmazott egészségpszichológiai szakpszichológus</li>
<li><a href="https://semmelweis.hu/telefonkonyv/?emp_id=14912">Dr. Kerék Barbara</a>, klinikai szakpszichológus képzésben</li>
</ul>
<p>&nbsp;</p>
<p style="text-align: justify"><em>Az oldalon található elérhetőségi adatok nem használhatók fel az 1995. évi CXIX. törvény szerinti kutatás és közvetlen üzletszerzés céljára.</em></p>

<p>A Belgyógyászati és Onkológiai Klinika Onkológiai Profilon kezelt betegeknek lehetőségük van társadalombiztosítási kereten belül pszichológiai segítség igénybevételére. Biztosítással nem rendelkező betegeket nem áll módunkban ellátni, fizetős ellátást nem tudunk biztosítani. A szupportív terápiás munka ambulánsan, egyéni ülések keretében, hetente–kéthetente történik, időtartama 50 perc/alkalom. Az első alkalommal állapotfelmérést végzünk, majd a problémák feltárása után a beteg &hellip;</p>
