{"id":679,"date":"2016-07-29T14:57:04","date_gmt":"2016-07-29T12:57:04","guid":{"rendered":"http:\/\/semmelweis.hu\/onkologiai-kozpont\/?page_id=679"},"modified":"2023-06-08T10:38:53","modified_gmt":"2023-06-08T08:38:53","slug":"onkologia-gondozo","status":"publish","type":"page","link":"https:\/\/semmelweis.hu\/onkologiai-kozpont\/betegellatas\/onkologia-gondozo\/","title":{"rendered":"Onkol\u00f3gia gondoz\u00e1s \u00e9s hossz\u00fat\u00e1v\u00fa ut\u00e1nk\u00f6vet\u00e9s"},"content":{"rendered":"<p style=\"text-align: justify;\">Az onkol\u00f3giai ell\u00e1t\u00e1s c\u00e9lja, hogy a daganatos betegs\u00e9get eljuttass\u00e1k egy olyan st\u00e1diumba, amikor m\u00e1r nincsen sz\u00fcks\u00e9g akt\u00edv kemoter\u00e1pi\u00e1s vagy egy\u00e9b daganatellenes kezel\u00e9sre, \u00e9s el\u00e9gs\u00e9gess\u00e9 v\u00e1lik vagy valamilyen fenntart\u00f3 ter\u00e1pia (pl. endokrin ter\u00e1pia) ad\u00e1sa, vagy bizonyos esetekben a beteg ut\u00e1nk\u00f6vet\u00e9se is el\u00e9gs\u00e9ges. Ilyen esetekben egy\u00e1ltal\u00e1n nincs sz\u00fcks\u00e9g daganatellenes kezel\u00e9s ad\u00e1s\u00e1ra, azonban kiemelten fontos hogy ezekben az esetekben is megt\u00f6rt\u00e9njenek a rendszeres onkol\u00f3giai kontroll vizsg\u00e1latok.<\/p>\n<div class=\"keretes w-100\">\n<p>A gondoz\u00f3 orvos \u00e1ltal el\u0151\u00edrt vizsg\u00e1latokra beutal\u00f3k\u00e9rt \u00e9s id\u0151pont\u00e9rt Int\u00e9zet\u00fcnk Adminisztr\u00e1ci\u00f3j\u00e1n, a betegfelv\u00e9teli pultn\u00e1l kell jelentkezni. Tov\u00e1bbi inform\u00e1ci\u00f3\u00e9rt az id\u0151pont k\u00e9r\u00e9ssel, valamint a vizsg\u00e1latokkal \u00e9s azokra t\u00f6rt\u00e9n\u0151 beutal\u00e1ssal kapcsolatban kattintson az al\u00e1bbi men\u00fcpontra: <a href=\"https:\/\/semmelweis.hu\/onkologiai-kozpont\/betegellatas\/idopontkeres\/\">Beteg el\u0151jegyz\u00e9s \u2192<\/a><\/p>\n<\/div>\n<h4><strong>Mit jelent \u00e9s mi a c\u00e9lja a vizsg\u00e1latoknak?<\/strong><\/h4>\n<p style=\"text-align: justify;\">A vizsg\u00e1latok c\u00e9lja a beteg \u00e1llapot\u00e1nak a k\u00f6vet\u00e9se, k\u00fcl\u00f6n\u00f6sen az esetleges visszaes\u00e9s \u00e9s az alapbetegs\u00e9g ki\u00fajul\u00e1s\u00e1nak korai felismer\u00e9se, bele\u00e9rtve mind a helyi ki\u00fajul\u00e1st, mind a t\u00e1voli \u00e1tt\u00e9t kialakul\u00e1s\u00e1t tekintve.<\/p>\n<p style=\"text-align: justify;\">Az ilyen jelleg\u0171 <strong>hossz\u00fat\u00e1v\u00fa onkol\u00f3giai ut\u00e1nk\u00f6vet\u00e9s rendszeres<\/strong> <strong>orvosi viziteket \u00e9s betegvizsg\u00e1latot jelent,<\/strong> valamint eszk\u00f6z\u00f6s \u2013 \u00fagynevezett invaz\u00edv \u00e9s non-invaz\u00edv \u2013 orvosi vizsg\u00e1latokat foglal mag\u00e1ban. A megfelel\u0151 szakmai ir\u00e1nyelvek alapj\u00e1n ezek k\u00f6z\u00e9 tartoznak a minim\u00e1lis beavatkoz\u00e1ssal j\u00e1r\u00f3 v\u00e9rv\u00e9telek sor\u00e1n levett mint\u00e1k laborat\u00f3riumi vizsg\u00e1lata (\u00e1ltal\u00e1nos v\u00e9rvizsg\u00e1latok mellett sz\u00fcks\u00e9ges lehet a tumormarker szintek ellen\u0151rz\u00e9se is), valamint a k\u00fcl\u00f6nb\u00f6z\u0151 k\u00e9palkot\u00f3 vizsg\u00e1latok (pl. mellkas r\u00f6ntgen felv\u00e9tel, hasi ultrahang vizsg\u00e1lat, komputer tomogr\u00e1fia (CT) vizsg\u00e1lat, m\u00e1gneses rezonancia vizsg\u00e1latok (MRI), csontszcintigr\u00e1fia vizsg\u00e1latok, stb.). A modern onkol\u00f3giai ell\u00e1t\u00e1s ma m\u00e1r fontos kieg\u00e9sz\u00edt\u0151 eleme a k\u00fcl\u00f6nb\u00f6z\u0151 telemedicina k\u00edn\u00e1lta megold\u00e1sok, \u00edgy ak\u00e1r a beteggel t\u00f6rt\u00e9n\u0151 telefonos konzult\u00e1ci\u00f3, valamint a betegekkel val\u00f3 online kapcsolattart\u00e1s \u00e9s megbesz\u00e9l\u00e9s.<\/p>\n<h4><strong>Gyakoris\u00e1g<\/strong><\/h4>\n<p style=\"text-align: justify;\">A kontroll vizsg\u00e1latokat a daganatos betegs\u00e9g t\u00edpusa, a kor\u00e1bban alkalmazott kezel\u00e9s, valamint egy\u00e9b szakmai szempontok figyelembe v\u00e9tel\u00e9vel egy\u00e9nre szabottan tervezik meg, amelyr\u0151l a beteget minden esetben t\u00e1j\u00e9koztatj\u00e1k, arr\u00f3l r\u00e9szletes felvil\u00e1gos\u00edt\u00e1st kap, \u00e9s a beteggel egyet\u00e9rt\u00e9sben a szakma szab\u00e1lyainak keretein bel\u00fc al betegpreferenci\u00e1t is figyelembe v\u00e9ve k\u00f6z\u00f6sen alak\u00edtj\u00e1k ki. \u00c1ltal\u00e1noss\u00e1gban elmondhat\u00f3, hogy a daganatellenes kezel\u00e9s \u2013 ak\u00e1r konzervat\u00edv onkol\u00f3giai kezel\u00e9s, ak\u00e1r egy\u00e9b onkol\u00f3giai kezel\u00e9sek (mint p\u00e9ld\u00e1ul seb\u00e9szeti, intervenci\u00f3s radiol\u00f3giai megold\u00e1sok, sug\u00e1rter\u00e1pia) \u2013 ut\u00e1ni els\u0151-m\u00e1sodik \u00e9vben 3-4 havonta t\u00f6rt\u00e9nnek, a harmadik-\u00f6t\u00f6dik \u00e9vben f\u00e9l\u00e9vente, \u00e9s \u00f6t \u00e9v ut\u00e1n pedig \u00e9ves gyakoris\u00e1ggal.\u00a0 Amennyiben ki\u00fajul\u00e1sra utal\u00f3 panaszt, vagy t\u00fcnetet \u00e9szlelnek, a beteget soron k\u00edv\u00fcl tov\u00e1bbi vizsg\u00e1latokra utalj\u00e1k, hogy az esetleges ki\u00fajul\u00e1st idej\u00e9ben \u00e9szlelj\u00e9k, a kezel\u00e9s tervez\u00e9s\u00e9t pedig mihamarabb elkezdhess\u00e9k. Az onkol\u00f3giai gondoz\u00e1s r\u00e9sze a sz\u0171r\u0151vizsg\u00e1latokon val\u00f3 r\u00e9szv\u00e9tel (pl. b\u0151rgy\u00f3gy\u00e1szati, n\u0151gy\u00f3gy\u00e1szati r\u00e1ksz\u0171r\u00e9s) biztos\u00edt\u00e1sa is, mivel az alapbetegs\u00e9g mellett, vagy azok ut\u00e1n ak\u00e1r \u00e9vekkel k\u00e9s\u0151bb kialakul\u00f3 \u00fagynevezett m\u00e1sodlagos daganatok megel\u0151z\u00e9se is fontos c\u00e9lja az onkol\u00f3giai gondoz\u00e1snak. \u00a0<\/p>\n<h4><strong>Hol?<\/strong><\/h4>\n<p style=\"text-align: justify;\">Az onkol\u00f3giai gondoz\u00e1s el\u00e9rhet\u0151 betegeink sz\u00e1m\u00e1ra <strong>mind saj\u00e1t int\u00e9zeti keretek k\u00f6z\u00f6tt, mind a lakhely\u00fck szerinti, ter\u00fcletileg illet\u00e9kes onkol\u00f3giai gondoz\u00f3kban, szakrendel\u0151kben.<\/strong> Az onkol\u00f3gia gondoz\u00e1sban r\u00e9szvev\u0151 koll\u00e9g\u00e1ink el\u0151jegyz\u00e9s alapj\u00e1n fogadj\u00e1k a betegeket. <strong>A gondoz\u00e1st v\u00e9gz\u0151 orvoshoz id\u0151pontot kell k\u00e9rni<\/strong>, amikor m\u00e1r minden, kor\u00e1bban el\u0151\u00edrt kontroll vizsg\u00e1latot elv\u00e9geztek \u00e9s azok leletei rendelkez\u00e9sre \u00e1llnak, illetve ha b\u00e1rmilyen panasza van a betegnek onkol\u00f3giai betegs\u00e9g\u00e9vel kapcsolatban.<\/p>\n<h4><strong>Mikor?<\/strong><\/h4>\n<p style=\"text-align: justify;\">A betegnek <strong>a megadott napon az id\u0151pont el\u0151tt 30 perccel sz\u00fcks\u00e9ges a betegfelv\u00e9teli pultn\u00e1l jelentkeznie<\/strong>, ahol elir\u00e1ny\u00edtj\u00e1k az adott kezel\u0151orvoshoz, vagy az \u00e9ppen szolg\u00e1latot teljes\u00edt\u0151 oszt\u00e1lyos orvoshoz. Az orvosi konzult\u00e1ci\u00f3 sor\u00e1n a beteget kik\u00e9rdezik aktu\u00e1lis panaszair\u00f3l, eg\u00e9szs\u00e9gi \u00e1llapot\u00e1r\u00f3l, sz\u00fcks\u00e9g szerint fizik\u00e1lis vizsg\u00e1lt t\u00f6rt\u00e9nik, ki\u00e9rt\u00e9kelik az elv\u00e9gzett vizsg\u00e1latok eredm\u00e9ny\u00e9t, \u00e9s t\u00e1j\u00e9koztatj\u00e1k a tov\u00e1bbi ut\u00e1nk\u00f6vet\u00e9si tervr\u0151l, esetleges tov\u00e1bbi vizsg\u00e1latok vagy beavatkoz\u00e1sok sz\u00fcks\u00e9gess\u00e9g\u00e9r\u0151l. A konzult\u00e1ci\u00f3t k\u00f6vet\u0151en a beteg megkapja a j\u00e1r\u00f3beteg ell\u00e1t\u00e1s z\u00e1r\u00f3dokument\u00e1ci\u00f3j\u00e1t, amely tartalmazza a k\u00f6vetkez\u0151 konzult\u00e1ci\u00f3 vagy kontrollvizsg\u00e1lat id\u0151pontj\u00e1t, az otthoni kieg\u00e9sz\u00edt\u0151 gy\u00f3gyszeres ter\u00e1pi\u00e1ra vonatkoz\u00f3 orvosi \u00e9s egy\u00e9b utas\u00edt\u00e1sokat, tov\u00e1bb\u00e1 az esetleges soron k\u00f6vetkez\u0151 vizsg\u00e1latok \u00e9s beavatkoz\u00e1sok hely\u00e9t \u00e9s idej\u00e9t. Fontos tudni, hogy az elv\u00e9gzett kontroll vizsg\u00e1latok \u00f6sszefoglal\u00f3i, leletei valamint vizsg\u00e1lati eredm\u00e9nyei az Elektronikus Eg\u00e9szs\u00e9g\u00fcgyi Szolg\u00e1ltat\u00e1si T\u00e9r (EESZT) rendszer\u00e9ben el\u00e9rhet\u0151ek az onkol\u00f3giai gondoz\u00e1st v\u00e9gz\u0151 orvoskoll\u00e9g\u00e1k sz\u00e1m\u00e1ra, ez\u00e9rt azok pap\u00edrra t\u00f6rt\u00e9n\u0151 kinyomtat\u00e1sa nem sz\u00fcks\u00e9ges.<\/p>\n<h4><strong>K\u00e9rdezzen b\u00e1tran!<\/strong><\/h4>\n<p style=\"text-align: justify;\">Amennyiben a betegnek az onkol\u00f3giai gondoz\u00e1ssal \u00e9s ut\u00e1nk\u00f6vet\u00e9ssel kapcsolatban b\u00e1rmilyen k\u00e9rd\u00e9se mer\u00fcl fel, azt b\u00e1rmikor van lehet\u0151s\u00e9ge feltenni kezel\u0151orvos\u00e1nak vagy az eg\u00e9szs\u00e9g\u00fcgyi szakszem\u00e9lyzet b\u00e1rmelyik tagj\u00e1nak, k\u00e9szs\u00e9ggel fognak seg\u00edteni k\u00e9rd\u00e9seik megv\u00e1laszol\u00e1s\u00e1ban.<\/p>\n<p style=\"text-align: justify;\">\u00a0<\/p>\n","protected":false},"excerpt":{"rendered":"<p>Az onkol\u00f3giai ell\u00e1t\u00e1s c\u00e9lja, hogy a daganatos betegs\u00e9get eljuttass\u00e1k egy olyan st\u00e1diumba, amikor m\u00e1r nincsen sz\u00fcks\u00e9g akt\u00edv kemoter\u00e1pi\u00e1s vagy egy\u00e9b daganatellenes kezel\u00e9sre, \u00e9s el\u00e9gs\u00e9gess\u00e9 v\u00e1lik vagy valamilyen fenntart\u00f3 ter\u00e1pia (pl. endokrin ter\u00e1pia) ad\u00e1sa, vagy bizonyos esetekben a beteg ut\u00e1nk\u00f6vet\u00e9se is el\u00e9gs\u00e9ges. Ilyen esetekben egy\u00e1ltal\u00e1n nincs sz\u00fcks\u00e9g daganatellenes kezel\u00e9s ad\u00e1s\u00e1ra, azonban kiemelten fontos hogy ezekben az &hellip;<\/p>\n","protected":false},"author":101105,"featured_media":0,"parent":11,"menu_order":3,"comment_status":"closed","ping_status":"closed","template":"","meta":{"_acf_changed":false,"footnotes":""},"categories":[],"tags":[],"class_list":["post-679","page","type-page","status-publish","hentry"],"acf":[],"_links":{"self":[{"href":"https:\/\/semmelweis.hu\/onkologiai-kozpont\/wp-json\/wp\/v2\/pages\/679","targetHints":{"allow":["GET"]}}],"collection":[{"href":"https:\/\/semmelweis.hu\/onkologiai-kozpont\/wp-json\/wp\/v2\/pages"}],"about":[{"href":"https:\/\/semmelweis.hu\/onkologiai-kozpont\/wp-json\/wp\/v2\/types\/page"}],"author":[{"embeddable":true,"href":"https:\/\/semmelweis.hu\/onkologiai-kozpont\/wp-json\/wp\/v2\/users\/101105"}],"replies":[{"embeddable":true,"href":"https:\/\/semmelweis.hu\/onkologiai-kozpont\/wp-json\/wp\/v2\/comments?post=679"}],"version-history":[{"count":10,"href":"https:\/\/semmelweis.hu\/onkologiai-kozpont\/wp-json\/wp\/v2\/pages\/679\/revisions"}],"predecessor-version":[{"id":3131,"href":"https:\/\/semmelweis.hu\/onkologiai-kozpont\/wp-json\/wp\/v2\/pages\/679\/revisions\/3131"}],"up":[{"embeddable":true,"href":"https:\/\/semmelweis.hu\/onkologiai-kozpont\/wp-json\/wp\/v2\/pages\/11"}],"wp:attachment":[{"href":"https:\/\/semmelweis.hu\/onkologiai-kozpont\/wp-json\/wp\/v2\/media?parent=679"}],"wp:term":[{"taxonomy":"category","embeddable":true,"href":"https:\/\/semmelweis.hu\/onkologiai-kozpont\/wp-json\/wp\/v2\/categories?post=679"},{"taxonomy":"post_tag","embeddable":true,"href":"https:\/\/semmelweis.hu\/onkologiai-kozpont\/wp-json\/wp\/v2\/tags?post=679"}],"curies":[{"name":"wp","href":"https:\/\/api.w.org\/{rel}","templated":true}]}}