{"id":534,"date":"2016-04-02T11:46:52","date_gmt":"2016-04-02T09:46:52","guid":{"rendered":"http:\/\/semmelweis.hu\/onkologiai-kozpont\/?page_id=534"},"modified":"2023-06-07T15:53:56","modified_gmt":"2023-06-07T13:53:56","slug":"betegjogi-kepviselo","status":"publish","type":"page","link":"https:\/\/semmelweis.hu\/onkologiai-kozpont\/betegellatas\/betegjogi-kepviselo\/","title":{"rendered":"Betegjogi k\u00e9pvisel\u0151"},"content":{"rendered":"<p><span style=\"font-size: 14pt\">Betegjogi k\u00e9pvisel\u0151:<\/span><\/p>\n<p style=\"text-align: center\"><span style=\"font-size: 14pt\"><strong><span style=\"font-size: 18pt\">Dr. Mina Andr\u00e1s<\/span><br \/>\nTelefon: +36 20\/489-9577<\/strong><\/span><span style=\"font-size: 14pt\"><strong><br \/>\nEmail:\u00a0<a href=\"mailto:andras.mina@ijb.emmi.gov.hu\">andras.mina@ijb.emmi.gov.hu<\/a><\/strong><\/span><\/p>\n<p style=\"text-align: justify\">Az <a href=\"http:\/\/www.ijsz.hu\/\">Integr\u00e1lt Jogv\u00e9delmi Szolg\u00e1lat<\/a> \u00e1ltal foglalkoztatott betegjogi k\u00e9pvisel\u0151 az eg\u00e9szs\u00e9g\u00fcgyi int\u00e9zm\u00e9nyekt\u0151l f\u00fcggetlen szem\u00e9lyk\u00e9nt a hat\u00e1lyos eg\u00e9szs\u00e9g\u00fcgyi t\u00f6rv\u00e9nyben (1997. \u00e9vi CLIV. t\u00f6rv\u00e9ny) \u00e9s a 381\/2016. (XII.2.) Korm\u00e1nyrendeletben foglaltak alapj\u00e1n j\u00e1rhat el.<\/p>\n<p style=\"text-align: justify\">A betegjogi k\u00e9pvisel\u0151 tev\u00e9kenys\u00e9ge:<\/p>\n<ul>\n<li style=\"text-align: justify\">seg\u00edti a beteget az eg\u00e9szs\u00e9g\u00fcgyi dokument\u00e1ci\u00f3hoz val\u00f3 hozz\u00e1jut\u00e1sban, azzal kapcsolatos megjegyz\u00e9sek, k\u00e9rd\u00e9sek megfogalmaz\u00e1s\u00e1ban \u00e9s felt\u00e9tel\u00e9ben;<\/li>\n<li style=\"text-align: justify\">seg\u00edt a betegnek panasza megfogalmaz\u00e1s\u00e1ban, kezdem\u00e9nyezheti annak kivizsg\u00e1l\u00e1s\u00e1t;<\/li>\n<li style=\"text-align: justify\">a beteg \u00edr\u00e1sbeli meghatalmaz\u00e1sa alapj\u00e1n panaszt tehet az eg\u00e9szs\u00e9g\u00fcgyi szolg\u00e1ltat\u00f3 vezet\u0151j\u00e9n\u00e9l, fenntart\u00f3j\u00e1n\u00e1l, illetve \u2013 a beteg gy\u00f3gykezel\u00e9s\u00e9vel \u00f6sszef\u00fcgg\u0151 \u00fcgyekben elj\u00e1r az arra hat\u00e1sk\u00f6rrel \u00e9s illet\u00e9kess\u00e9ggel rendelkez\u0151 hat\u00f3s\u00e1gn\u00e1l, \u00e9s ennek sor\u00e1n k\u00e9pviseli a beteget.<\/li>\n<\/ul>\n<p>Integr\u00e1lt Jogv\u00e9delmi Szolg\u00e1lat<\/p>\n<ul>\n<li>C\u00edm: H-1134 Budapest, T\u00fcz\u00e9r u. 33. II. em.<\/li>\n<li>Postac\u00edm: 1365 Bp., Pf.: 646.<\/li>\n<li>Telefon: +36-1\/8969-000<\/li>\n<li>Z\u00f6ld sz\u00e1m: 06-80-620-055<\/li>\n<li>(k\u00fclf\u00f6ldr\u0151l): +36-20-489-96-14<\/li>\n<li>Honalp: <a href=\"http:\/\/www.ijsz.hu\/\">http:\/\/www.ijsz.hu\/<\/a><\/li>\n<\/ul>\n<p style=\"padding-left: 60px\"><a href=\"http:\/\/binged.it\/1RCqhAc\">\n<!-- iframe plugin v.4.9 wordpress.org\/plugins\/iframe\/ -->\n<iframe loading=\"lazy\" src=\"https:\/\/www.google.com\/maps\/embed?pb=!1m18!1m12!1m3!1d4402.051111938329!2d19.07181457004011!3d47.5254926352685!2m3!1f0!2f0!3f0!3m2!1i1024!2i768!4f13.1!3m3!1m2!1s0x4741db8d6a347ead%3A0xab5dd030029b22e1!2zQnVkYXBlc3QsIFTDvHrDqXIgdS4gMzMsIDExMzQ!5e0!3m2!1shu!2shu!4v1686134823507!5m2!1shu!2shu\" width=\"100%\" height=\"511\" scrolling=\"yes\" class=\"iframe-class\" frameborder=\"0\"><\/iframe>\n<\/a><\/p>\n<p>&nbsp;<\/p>\n<p style=\"text-align: justify\"><em>Az al\u00e1bbi el\u00e9rhet\u0151s\u00e9gi adatok nem haszn\u00e1lhat\u00f3k fel az 1995. \u00e9vi CXIX. t\u00f6rv\u00e9ny szerinti kutat\u00e1s \u00e9s k\u00f6zvetlen \u00fczletszerz\u00e9s c\u00e9lj\u00e1ra.<\/em>\u00a0<b>\u00a0 \u00a0<\/b><\/p>\n","protected":false},"excerpt":{"rendered":"<p>Betegjogi k\u00e9pvisel\u0151: Dr. Mina Andr\u00e1s Telefon: +36 20\/489-9577 Email:\u00a0 <a href=\"mailto:andras.mina@ijb.emmi.gov.hu\">andras.mina@ijb.emmi.gov.hu<\/a> Az <a href=\"http:\/\/www.ijsz.hu\/\">Integr\u00e1lt Jogv\u00e9delmi Szolg\u00e1lat<\/a> \u00e1ltal foglalkoztatott betegjogi k\u00e9pvisel\u0151 az eg\u00e9szs\u00e9g\u00fcgyi int\u00e9zm\u00e9nyekt\u0151l f\u00fcggetlen szem\u00e9lyk\u00e9nt a hat\u00e1lyos eg\u00e9szs\u00e9g\u00fcgyi t\u00f6rv\u00e9nyben (1997. \u00e9vi CLIV. t\u00f6rv\u00e9ny) \u00e9s a 381\/2016. (XII.2.) Korm\u00e1nyrendeletben foglaltak alapj\u00e1n j\u00e1rhat el. A betegjogi k\u00e9pvisel\u0151 tev\u00e9kenys\u00e9ge: seg\u00edti a beteget az eg\u00e9szs\u00e9g\u00fcgyi dokument\u00e1ci\u00f3hoz val\u00f3 hozz\u00e1jut\u00e1sban, azzal kapcsolatos megjegyz\u00e9sek, k\u00e9rd\u00e9sek megfogalmaz\u00e1s\u00e1ban \u00e9s felt\u00e9tel\u00e9ben; &hellip;<\/p>\n","protected":false},"author":101105,"featured_media":0,"parent":11,"menu_order":9,"comment_status":"closed","ping_status":"closed","template":"","meta":{"_acf_changed":false,"footnotes":""},"categories":[],"tags":[],"class_list":["post-534","page","type-page","status-publish","hentry"],"acf":[],"_links":{"self":[{"href":"https:\/\/semmelweis.hu\/onkologiai-kozpont\/wp-json\/wp\/v2\/pages\/534","targetHints":{"allow":["GET"]}}],"collection":[{"href":"https:\/\/semmelweis.hu\/onkologiai-kozpont\/wp-json\/wp\/v2\/pages"}],"about":[{"href":"https:\/\/semmelweis.hu\/onkologiai-kozpont\/wp-json\/wp\/v2\/types\/page"}],"author":[{"embeddable":true,"href":"https:\/\/semmelweis.hu\/onkologiai-kozpont\/wp-json\/wp\/v2\/users\/101105"}],"replies":[{"embeddable":true,"href":"https:\/\/semmelweis.hu\/onkologiai-kozpont\/wp-json\/wp\/v2\/comments?post=534"}],"version-history":[{"count":11,"href":"https:\/\/semmelweis.hu\/onkologiai-kozpont\/wp-json\/wp\/v2\/pages\/534\/revisions"}],"predecessor-version":[{"id":3086,"href":"https:\/\/semmelweis.hu\/onkologiai-kozpont\/wp-json\/wp\/v2\/pages\/534\/revisions\/3086"}],"up":[{"embeddable":true,"href":"https:\/\/semmelweis.hu\/onkologiai-kozpont\/wp-json\/wp\/v2\/pages\/11"}],"wp:attachment":[{"href":"https:\/\/semmelweis.hu\/onkologiai-kozpont\/wp-json\/wp\/v2\/media?parent=534"}],"wp:term":[{"taxonomy":"category","embeddable":true,"href":"https:\/\/semmelweis.hu\/onkologiai-kozpont\/wp-json\/wp\/v2\/categories?post=534"},{"taxonomy":"post_tag","embeddable":true,"href":"https:\/\/semmelweis.hu\/onkologiai-kozpont\/wp-json\/wp\/v2\/tags?post=534"}],"curies":[{"name":"wp","href":"https:\/\/api.w.org\/{rel}","templated":true}]}}