{"id":479,"date":"2016-03-31T15:30:53","date_gmt":"2016-03-31T13:30:53","guid":{"rendered":"http:\/\/semmelweis.hu\/onkologiai-kozpont\/?page_id=479"},"modified":"2024-07-16T13:03:51","modified_gmt":"2024-07-16T11:03:51","slug":"oktatas","status":"publish","type":"page","link":"https:\/\/semmelweis.hu\/onkologiai-kozpont\/oktatas-2\/oktatas\/","title":{"rendered":"Kurzusok, t\u00e1rgyak"},"content":{"rendered":"<p style=\"text-align: justify\">A kurzusokr\u00f3l tov\u00e1bbi inform\u00e1ci\u00f3k a <a href=\"https:\/\/semmelweis.hu\/neptun\/hu\/neptun-inditasa\/\">Neptun<\/a>-ban, illetve a <a href=\"https:\/\/semmelweis.hu\/phd\/kurzusok\/kurzusok\/\">SE DI Kurzusadatb\u00e1zis\u00e1ban<\/a> \u00e9rhet\u0151ek el.<\/p>\n<ul>\n<li><strong>Prof. Dr. Dank Magdolna<\/strong>\n<ul>\n<li><a href=\"https:\/\/semmelweis.hu\/onkologiai-tanszek\/oktatas\/\">Onkol\u00f3gia (\u00c1OK IV.)<\/a><\/li>\n<\/ul>\n<\/li>\n<li><strong>Dr. Szentm\u00e1rtoni Gy\u00f6ngyv\u00e9r<\/strong>\n<ul>\n<li>Propedeutika (\u00c1OK III.)<\/li>\n<li>Klinikai kutat\u00e1sok m\u00f3dszertana I. magyar \u00e9s angol nyelven (k\u00f6telez\u0151en v\u00e1laszthat\u00f3 kurzus)<\/li>\n<li>Klinikai kutat\u00e1sok m\u00f3dszertana II. magyar \u00e9s angol nyelven (k\u00f6telez\u0151en v\u00e1laszthat\u00f3 kurzus)<\/li>\n<\/ul>\n<\/li>\n<li><strong>Dr. Bal\u00e1zs M\u00e1t\u00e9 \u00c1d\u00e1m<\/strong>\n<ul>\n<li>Farmakovigilancia blokk &#8211; Klinikai Farmakol\u00f3gia (\u00c1OK IV.)<\/li>\n<\/ul>\n<\/li>\n<li><strong>Dr. Herold Zolt\u00e1n<\/strong>\n<ul>\n<li>Up-to-date Hepatol\u00f3gia (PhD kurzus; 1 x 90 perces el\u0151ad\u00e1s)<\/li>\n<\/ul>\n<\/li>\n<\/ul>\n","protected":false},"excerpt":{"rendered":"<p>A kurzusokr\u00f3l tov\u00e1bbi inform\u00e1ci\u00f3k a <a href=\"https:\/\/semmelweis.hu\/neptun\/hu\/neptun-inditasa\/\">Neptun<\/a> -ban, illetve a <a href=\"https:\/\/semmelweis.hu\/phd\/kurzusok\/kurzusok\/\">SE DI Kurzusadatb\u00e1zis\u00e1ban<\/a> \u00e9rhet\u0151ek el. Prof. Dr. Dank Magdolna <a href=\"https:\/\/semmelweis.hu\/onkologiai-tanszek\/oktatas\/\">Onkol\u00f3gia (\u00c1OK IV.)<\/a> Dr. Szentm\u00e1rtoni Gy\u00f6ngyv\u00e9r Propedeutika (\u00c1OK III.) Klinikai kutat\u00e1sok m\u00f3dszertana I. magyar \u00e9s angol nyelven (k\u00f6telez\u0151en v\u00e1laszthat\u00f3 kurzus) Klinikai kutat\u00e1sok m\u00f3dszertana II. magyar \u00e9s angol nyelven (k\u00f6telez\u0151en v\u00e1laszthat\u00f3 kurzus) Dr. Bal\u00e1zs M\u00e1t\u00e9 \u00c1d\u00e1m Farmakovigilancia blokk &#8211; Klinikai Farmakol\u00f3gia (\u00c1OK IV.) Dr. Herold &hellip;<\/p>\n","protected":false},"author":101105,"featured_media":0,"parent":3010,"menu_order":1,"comment_status":"closed","ping_status":"closed","template":"","meta":{"_acf_changed":false,"footnotes":""},"categories":[],"tags":[],"class_list":["post-479","page","type-page","status-publish","hentry"],"acf":[],"_links":{"self":[{"href":"https:\/\/semmelweis.hu\/onkologiai-kozpont\/wp-json\/wp\/v2\/pages\/479","targetHints":{"allow":["GET"]}}],"collection":[{"href":"https:\/\/semmelweis.hu\/onkologiai-kozpont\/wp-json\/wp\/v2\/pages"}],"about":[{"href":"https:\/\/semmelweis.hu\/onkologiai-kozpont\/wp-json\/wp\/v2\/types\/page"}],"author":[{"embeddable":true,"href":"https:\/\/semmelweis.hu\/onkologiai-kozpont\/wp-json\/wp\/v2\/users\/101105"}],"replies":[{"embeddable":true,"href":"https:\/\/semmelweis.hu\/onkologiai-kozpont\/wp-json\/wp\/v2\/comments?post=479"}],"version-history":[{"count":12,"href":"https:\/\/semmelweis.hu\/onkologiai-kozpont\/wp-json\/wp\/v2\/pages\/479\/revisions"}],"predecessor-version":[{"id":3371,"href":"https:\/\/semmelweis.hu\/onkologiai-kozpont\/wp-json\/wp\/v2\/pages\/479\/revisions\/3371"}],"up":[{"embeddable":true,"href":"https:\/\/semmelweis.hu\/onkologiai-kozpont\/wp-json\/wp\/v2\/pages\/3010"}],"wp:attachment":[{"href":"https:\/\/semmelweis.hu\/onkologiai-kozpont\/wp-json\/wp\/v2\/media?parent=479"}],"wp:term":[{"taxonomy":"category","embeddable":true,"href":"https:\/\/semmelweis.hu\/onkologiai-kozpont\/wp-json\/wp\/v2\/categories?post=479"},{"taxonomy":"post_tag","embeddable":true,"href":"https:\/\/semmelweis.hu\/onkologiai-kozpont\/wp-json\/wp\/v2\/tags?post=479"}],"curies":[{"name":"wp","href":"https:\/\/api.w.org\/{rel}","templated":true}]}}