{"id":3071,"date":"2023-06-07T15:24:39","date_gmt":"2023-06-07T13:24:39","guid":{"rendered":"https:\/\/semmelweis.hu\/onkologiai-kozpont\/?page_id=3071"},"modified":"2023-06-08T08:10:26","modified_gmt":"2023-06-08T06:10:26","slug":"taplalas-terapia-dietetika","status":"publish","type":"page","link":"https:\/\/semmelweis.hu\/onkologiai-kozpont\/betegellatas\/komplex-onkologiai-rehabilitacio\/taplalas-terapia-dietetika\/","title":{"rendered":"T\u00e1pl\u00e1l\u00e1s-ter\u00e1pia (dietetika)"},"content":{"rendered":"<p style=\"text-align: justify\">Int\u00e9zet\u00fcnkben betegeink sz\u00e1m\u00e1ra a komplex onkol\u00f3giai rehabilit\u00e1ci\u00f3 keretein bel\u00fcl el\u00e9rhet\u0151 a dietetikai tan\u00e1csad\u00e1s (t\u00e1pl\u00e1l\u00e1s-ter\u00e1pia), amelyet kezel\u0151orvos javaslat\u00e1ra lehet ig\u00e9nybe venni. A dietetikai konzult\u00e1ci\u00f3 sor\u00e1n test\u00f6sszet\u00e9tel m\u00e9r\u00e9sre ker\u00fcl sor, majd felm\u00e9rve a jelenlegi t\u00e1pl\u00e1lts\u00e1gi \u00e1llapotot, figyelembe v\u00e9ve a beteg onkol\u00f3giai kezel\u00e9s\u00e9t, k\u00f3rel\u0151zm\u00e9ny\u00e9t, alapbetegs\u00e9geit, esetleges \u00e9telallergi\u00e1it \u00e9s preferenci\u00e1it, a beteggel egy\u00fcttm\u0171k\u00f6dve a szakmai ir\u00e1nyelveknek megfelel\u0151 \u00e9trendi javaslatot kap a beteg. Amennyiben sz\u00fcks\u00e9ges kieg\u00e9sz\u00edt\u0151 hozz\u00e1t\u00e1pl\u00e1l\u00e1s \u00e9rdek\u00e9ben t\u00e1pszerre t\u00f6rt\u00e9n\u0151 javaslattal l\u00e1tj\u00e1k el a beteget.<\/p>\n","protected":false},"excerpt":{"rendered":"<p>Int\u00e9zet\u00fcnkben betegeink sz\u00e1m\u00e1ra a komplex onkol\u00f3giai rehabilit\u00e1ci\u00f3 keretein bel\u00fcl el\u00e9rhet\u0151 a dietetikai tan\u00e1csad\u00e1s (t\u00e1pl\u00e1l\u00e1s-ter\u00e1pia), amelyet kezel\u0151orvos javaslat\u00e1ra lehet ig\u00e9nybe venni. A dietetikai konzult\u00e1ci\u00f3 sor\u00e1n test\u00f6sszet\u00e9tel m\u00e9r\u00e9sre ker\u00fcl sor, majd felm\u00e9rve a jelenlegi t\u00e1pl\u00e1lts\u00e1gi \u00e1llapotot, figyelembe v\u00e9ve a beteg onkol\u00f3giai kezel\u00e9s\u00e9t, k\u00f3rel\u0151zm\u00e9ny\u00e9t, alapbetegs\u00e9geit, esetleges \u00e9telallergi\u00e1it \u00e9s preferenci\u00e1it, a beteggel egy\u00fcttm\u0171k\u00f6dve a szakmai ir\u00e1nyelveknek megfelel\u0151 \u00e9trendi javaslatot &hellip;<\/p>\n","protected":false},"author":102054,"featured_media":0,"parent":3032,"menu_order":4,"comment_status":"closed","ping_status":"closed","template":"","meta":{"_acf_changed":false,"footnotes":""},"categories":[],"tags":[],"class_list":["post-3071","page","type-page","status-publish","hentry"],"acf":[],"_links":{"self":[{"href":"https:\/\/semmelweis.hu\/onkologiai-kozpont\/wp-json\/wp\/v2\/pages\/3071","targetHints":{"allow":["GET"]}}],"collection":[{"href":"https:\/\/semmelweis.hu\/onkologiai-kozpont\/wp-json\/wp\/v2\/pages"}],"about":[{"href":"https:\/\/semmelweis.hu\/onkologiai-kozpont\/wp-json\/wp\/v2\/types\/page"}],"author":[{"embeddable":true,"href":"https:\/\/semmelweis.hu\/onkologiai-kozpont\/wp-json\/wp\/v2\/users\/102054"}],"replies":[{"embeddable":true,"href":"https:\/\/semmelweis.hu\/onkologiai-kozpont\/wp-json\/wp\/v2\/comments?post=3071"}],"version-history":[{"count":1,"href":"https:\/\/semmelweis.hu\/onkologiai-kozpont\/wp-json\/wp\/v2\/pages\/3071\/revisions"}],"predecessor-version":[{"id":3072,"href":"https:\/\/semmelweis.hu\/onkologiai-kozpont\/wp-json\/wp\/v2\/pages\/3071\/revisions\/3072"}],"up":[{"embeddable":true,"href":"https:\/\/semmelweis.hu\/onkologiai-kozpont\/wp-json\/wp\/v2\/pages\/3032"}],"wp:attachment":[{"href":"https:\/\/semmelweis.hu\/onkologiai-kozpont\/wp-json\/wp\/v2\/media?parent=3071"}],"wp:term":[{"taxonomy":"category","embeddable":true,"href":"https:\/\/semmelweis.hu\/onkologiai-kozpont\/wp-json\/wp\/v2\/categories?post=3071"},{"taxonomy":"post_tag","embeddable":true,"href":"https:\/\/semmelweis.hu\/onkologiai-kozpont\/wp-json\/wp\/v2\/tags?post=3071"}],"curies":[{"name":"wp","href":"https:\/\/api.w.org\/{rel}","templated":true}]}}

Táplálás-terápia (dietetika)

<p style="text-align: justify">Intézetünkben betegeink számára a komplex onkológiai rehabilitáció keretein belül elérhető a dietetikai tanácsadás (táplálás-terápia), amelyet kezelőorvos javaslatára lehet igénybe venni. A dietetikai konzultáció során testösszetétel mérésre kerül sor, majd felmérve a jelenlegi tápláltsági állapotot, figyelembe véve a beteg onkológiai kezelését, kórelőzményét, alapbetegségeit, esetleges ételallergiáit és preferenciáit, a beteggel együttműködve a szakmai irányelveknek megfelelő étrendi javaslatot kap a beteg. Amennyiben szükséges kiegészítő hozzátáplálás érdekében tápszerre történő javaslattal látják el a beteget.</p>

<p>Intézetünkben betegeink számára a komplex onkológiai rehabilitáció keretein belül elérhető a dietetikai tanácsadás (táplálás-terápia), amelyet kezelőorvos javaslatára lehet igénybe venni. A dietetikai konzultáció során testösszetétel mérésre kerül sor, majd felmérve a jelenlegi tápláltsági állapotot, figyelembe véve a beteg onkológiai kezelését, kórelőzményét, alapbetegségeit, esetleges ételallergiáit és preferenciáit, a beteggel együttműködve a szakmai irányelveknek megfelelő étrendi javaslatot &hellip;</p>
