{"id":5865,"date":"2025-07-11T11:19:40","date_gmt":"2025-07-11T09:19:40","guid":{"rendered":"https:\/\/semmelweis.hu\/oktatasmodszertan\/?page_id=5865"},"modified":"2026-03-31T14:16:40","modified_gmt":"2026-03-31T12:16:40","slug":"jatekos-kviz","status":"publish","type":"page","link":"https:\/\/semmelweis.hu\/oktatasmodszertan\/kepzesek\/oktatoi-kozosseg\/edulab\/jatekos-kviz\/","title":{"rendered":"\u00cdgy k\u00e9sz\u00edts j\u00e1t\u00e9kos kv\u00edzt"},"content":{"rendered":"<div class=\"responsive-tabs\">\n<h2 class=\"tabtitle\"><strong>R\u00e9szletek<\/strong><\/h2>\n<div class=\"tabcontent\">\n\n<table width=\"99%\">\n<tbody>\n<tr>\n<td width=\"214\">\n<p><strong>a program c\u00edme<\/strong><\/p>\n<\/td>\n<td width=\"226\">\n<p><strong>a program jellege<\/strong><\/p>\n<\/td>\n<td width=\"192\">\n<p><strong>a program form\u00e1ja<\/strong><\/p>\n<\/td>\n<td width=\"196\">\n<p><strong>c\u00e9lcsoport<\/strong><\/p>\n<\/td>\n<td width=\"153\">\n<p><strong>helysz\u00edn<\/strong><\/p>\n<\/td>\n<\/tr>\n<tr>\n<td width=\"214\">\n<p>\u00cdgy k\u00e9sz\u00edts j\u00e1t\u00e9kos kv\u00edzeket<\/p>\n<\/td>\n<td width=\"226\">\n<p>tematikus workshop<\/p>\n<\/td>\n<td width=\"192\">\n<p><a href=\"https:\/\/itc.semmelweis.hu\/moodle\/course\/view.php?id=7178\" target=\"_blank\" rel=\"noopener\">blended<\/a><\/p>\n<\/td>\n<td width=\"196\">\n<p>minden oktat\u00f3<\/p>\n<\/td>\n<td width=\"153\">\n<p>offline<\/p>\n<\/td>\n<\/tr>\n<\/tbody>\n<\/table>\n<p><strong>A program c\u00e9lja:<\/strong><\/p>\n<p>Az alapszintr\u0151l indul\u00f3 k\u00e9pz\u00e9s r\u00e9sztvev\u0151i<\/p>\n<ul>\n<li>megismerik a kv\u00edz k\u00e9sz\u00edt\u00e9s\u00e9hez sz\u00fcks\u00e9ges alapvet\u0151 technikai \u00e9s oktat\u00e1sm\u00f3dszertani szempontokat<\/li>\n<li>k\u00e9pess\u00e9 v\u00e1lnak megtervezni \u00e9s \u00f6ssze\u00e1ll\u00edtani saj\u00e1t kv\u00edzeiket, megv\u00e1lasztani az oktat\u00e1si c\u00e9lnak megfelel\u0151 alkalmaz\u00e1st, valamint elsaj\u00e1t\u00edtj\u00e1k legal\u00e1bb 8 k\u00fcl\u00f6nb\u00f6z\u0151 program haszn\u00e1lat\u00e1nak gyakorlati k\u00e9szs\u00e9g\u00e9t (<a href=\"https:\/\/semmelweis.hu\/oktatasmodszertan\/oktatasi-segedanyagok\/online-oktatasi-eszkozok\/\" target=\"_blank\" rel=\"noopener\">https:\/\/semmelweis.hu\/oktatasmodszertan\/oktatasi-segedanyagok\/online-oktatasi-eszkozok\/<\/a>)<\/li>\n<li>bel\u00e1tj\u00e1k, hogy a kv\u00edzt, mint eszk\u00f6zt, nem el\u00e9g csup\u00e1n k\u00f6zz\u00e9 tenni, hanem a kurzusra adapt\u00e1ltan egy\u00e9ni vagy csoportos tev\u00e9kenys\u00e9gek valamint m\u00e9r\u00e9s-\u00e9rt\u00e9kel\u00e9si pontok r\u00e1\u00e9p\u00edt\u00e9s\u00e9vel \u00e9rdemes alkalmazni<\/li>\n<\/ul>\n<p>A workshop v\u00e9g\u00e9re a r\u00e9sztvev\u0151k a napi oktat\u00f3munk\u00e1ban azonnal hasznos\u00edthat\u00f3 gyakorlati k\u00e9szs\u00e9gekre tesztnek szert, \u00fagy mint:<\/p>\n<ul type=\"disc\">\n<li>Milyen a j\u00f3 kv\u00edz?<\/li>\n<li>Hogyan tervezz\u00fcnk j\u00e1t\u00e9kos kv\u00edzt?<\/li>\n<li>Milyen el\u0151k\u00e9sz\u00fcletekre van sz\u00fcks\u00e9g kv\u00edz \u00f6ssze\u00e1ll\u00edt\u00e1sa el\u0151tt?<\/li>\n<li>Hogyan v\u00e1lasszunk platformot\/eszk\u00f6zt?<\/li>\n<li>Hogyan illessz\u00fck a k\u00e9pz\u00e9sbe a j\u00e1t\u00e9kos kv\u00edzt?<\/li>\n<li>Milyen ut\u00f3munk\u00e1latokra van sz\u00fcks\u00e9g a kv\u00edz \u00f6ssze\u00e1ll\u00edt\u00e1sa ut\u00e1n?<\/li>\n<li>Hogyan tegy\u00fck k\u00f6zz\u00e9 a j\u00e1t\u00e9kos kv\u00edzt?<\/li>\n<li>Hogyan facilit\u00e1ljuk a j\u00e1t\u00e9kos kv\u00edzzel val\u00f3 munk\u00e1t, hogyan monitorozzuk az el\u0151rehalad\u00e1st?<\/li>\n<\/ul>\n<p><strong>A program jellege:<\/strong><\/p>\n<p>Ez egy tematikus, kiscsoportos oktat\u00f3i tov\u00e1bbk\u00e9pz\u00e9s, melyben a r\u00e9sztvev\u0151k saj\u00e1t p\u00e9ld\u00e1ikon kereszt\u00fcl ismerhetik meg a j\u00e1t\u00e9kos kv\u00edz k\u00e9sz\u00edt\u00e9s\u00e9nek lehet\u0151s\u00e9geit, a tervez\u00e9s folyamat\u00e1t, \u00e9s gyakorolhatj\u00e1k be a kv\u00edzk\u00e9sz\u00edt\u00e9st t\u00f6bbf\u00e9le platformon, valamint az ut\u00f3munk\u00e1latokat a Moodle-ban. \u00cdgy a workshopr\u00f3l saj\u00e1t j\u00e1t\u00e9kos kv\u00edzekkel t\u00e1vozhatnak, melyeket ak\u00e1r m\u00e1r a k\u00f6vetkez\u0151 \u00f3r\u00e1jukon alkalmazni tudnak. Az elk\u00e9sz\u00fclt kv\u00edzekre a program sor\u00e1n minden r\u00e9sztvev\u0151 t\u00f6bb alkalommal is kap szem\u00e9lyre szabott visszajelz\u00e9st szak\u00e9rt\u0151i \u00e9s t\u00e1rs\u00e9rt\u00e9kel\u00e9s form\u00e1j\u00e1ban.<\/p>\n<p>12 \u00f3r\u00e1s blended k\u00e9pz\u00e9s (2 \u00f3ra felk\u00e9sz\u00fcl\u00e9s, 8 \u00f3ra interakt\u00edv workshop, 2 \u00f3ra feladatmegold\u00e1s)<\/p>\n<p><strong>Jelentkez\u00e9si felt\u00e9telek:<\/strong><\/p>\n<ol id=\"yui_3_18_1_1_1712302621756_48\">\n<li>Ez egy tematikus alapk\u00e9pz\u00e9s, melyhez sz\u00fcks\u00e9ges legal\u00e1bb egy szemeszternyi oktat\u00e1sban elt\u00f6lt\u00f6tt id\u0151, hogy a r\u00e9sztvev\u0151 els\u0151dlegesen saj\u00e1t p\u00e9ld\u00e1ival tudjon dolgozni.<\/li>\n<li>Regisztr\u00e1ci\u00f3s k\u00e9rd\u0151\u00edv kit\u00f6lt\u00e9se<\/li>\n<li>A teljes program elv\u00e9gz\u00e9s\u00e9nek v\u00e1llal\u00e1sa: 8 kontakt \u00f3ra szem\u00e9lyes r\u00e9szv\u00e9tellel, ezen k\u00edv\u00fcl (maximum) 4 \u00f3ra \u00f6n\u00e1ll\u00f3 munka a program ideje alatt. Az \u00f6n\u00e1ll\u00f3 munka el\u0151zetesen kiadott seg\u00e9danyagok megtekint\u00e9s\u00e9b\u0151l, saj\u00e1t tant\u00e1rgyi p\u00e9ld\u00e1n val\u00f3 \u00f6n\u00e1ll\u00f3 munk\u00e1b\u00f3l, valamint a workshop ut\u00e1ni reflexi\u00f3b\u00f3l \u00e1ll.<\/li>\n<\/ol>\n<p><strong>Teljes\u00edt\u00e9si felt\u00e9telek:<\/strong><\/p>\n<p>A program elv\u00e9gz\u00e9s\u00e9r\u0151l tan\u00fas\u00edtv\u00e1nyt \u00e1ll\u00edtunk ki. A tan\u00fas\u00edtv\u00e1ny ki\u00e1ll\u00edt\u00e1s\u00e1nak felt\u00e9tele a workshop 100%-\u00e1n val\u00f3 szem\u00e9lyes r\u00e9szv\u00e9tel, a prekurzus feladat elk\u00e9sz\u00edt\u00e9se, \u00e9s a program v\u00e9g\u00e9n egy maximum 3 oldalas reflexi\u00f3 beny\u00fajt\u00e1sa. Felh\u00edvjuk sz\u00edves figyelm\u00e9t, hogy ez egy intenz\u00edv workshop, a tartalmi elemei szorosan egym\u00e1sra \u00e9p\u00fclnek, ez\u00e9rt r\u00e9szletekben t\u00f6rt\u00e9n\u0151 teljes\u00edt\u00e9s\u00e9re nincs m\u00f3d.<\/p>\n<p><strong>L\u00e9tsz\u00e1mkorl\u00e1t<\/strong>:\u00a0<\/p>\n<p>16 f\u0151 (a program minimum 4 f\u0151 jelentkez\u00e9s\u00e9vel indul!)<\/p>\n<p><strong>Helysz\u00edn<\/strong>: Nagyv\u00e1rad t\u00e9ri Elm\u00e9leti T\u00f6mb (NET), fsz. 18\/A.<\/p>\n<p><a class=\"button\" href=\"https:\/\/itc.semmelweis.hu\/moodle\/course\/view.php?id=7178\" target=\"_blank\" rel=\"noopener\">BEL\u00c9P\u00c9S A MOODLE-FEL\u00dcLETRE<\/a><\/p>\n<p><strong>Id\u0151pont: <\/strong><\/p>\n<p>2026. febru\u00e1r 10. kedd 9:00-16:00<\/p>\n<p>2026. \u00e1prilis 22. szerda 9:00-16:00<\/p>\n<p>2026. m\u00e1jus 14. cs\u00fct\u00f6rt\u00f6k 9:00-16:00<\/p>\n<p>2026. j\u00fanius 18. cs\u00fct\u00f6rt\u00f6k 9:00-16:00<\/p>\n<p><a class=\"btn btn-danger\" href=\"https:\/\/outlook.office.com\/book\/OktatsfejlesztsiKpzsiNaptr@unisemmelweis.onmicrosoft.com\/s\/k11gDadYJku_cqBQUMx10w2?ismsaljsauthenabled\" target=\"_blank\" rel=\"noopener\"><strong>JELENTKEZ\u00c9S<\/strong><\/a><\/p>\n<p><strong>Programfelel\u0151s \u00e9s kapcsolattart\u00f3:\u00a0<\/strong><a href=\"https:\/\/semmelweis.hu\/oktatasmodszertan\/magunkrol\/munkatarsak\/\" target=\"_blank\" rel=\"noopener noreferrer\">Kozma Borb\u00e1la<\/a><\/p>\n<p><strong>A workshopot tartja:<\/strong>\u00a0<a href=\"https:\/\/semmelweis.hu\/oktatasmodszertan\/magunkrol\/munkatarsak\/\" target=\"_blank\" rel=\"noopener\">Dr. Monz\u00e9ger Katalin<\/a><\/p>\n<div class=\"keretes w-100\">\n<p><strong>H\u00e1zhoz megy\u00fcnk<\/strong><\/p>\n<p>A fent megadott konkr\u00e9t id\u0151pontokon t\u00fal v\u00e1rjuk kisebb oktat\u00f3i teamek jelentkez\u00e9s\u00e9t egy-egy konkr\u00e9t fejleszt\u00e9s\u00fck kapcs\u00e1n, illetve v\u00e1llaljuk tansz\u00e9ki vagy kari szint\u0171 \u00e1tfog\u00f3 fejleszt\u00e9sek t\u00e1mogat\u00e1s\u00e1t is. Foglaljon <strong><a href=\"https:\/\/outlook.office.com\/book\/Hzhozmegynk@unisemmelweis.onmicrosoft.com\/\" target=\"_blank\" rel=\"noopener\">napt\u00e1runkban<\/a><\/strong> egy vagy t\u00f6bb alkalmat, melyet teamj\u00fckkel oktat\u00e1sfejleszt\u00e9sre sz\u00e1nnak. A foglal\u00e1s ut\u00e1n felvessz\u00fck \u00d6nnel a kapcsolatot a r\u00e9szletek egyeztet\u00e9se c\u00e9lj\u00e1b\u00f3l. A gyakran ism\u00e9telt k\u00e9rd\u00e9seket \u00e9s r\u00e9szleteket\u00a0<strong><a href=\"https:\/\/semmelweis.hu\/oktatasmodszertan\/kepzesek\/oktatastamogatas-esemenyek\/idopontfoglalas-gyik\/\" target=\"_blank\" rel=\"noopener\">az al\u00e1bbi linken<\/a><\/strong>\u00a0olvashatja.<\/p>\n<\/div>\n\n<\/div><h2 class=\"tabtitle\"><strong>Programterv<\/strong><\/h2>\n<div class=\"tabcontent\">\n\n<h5><strong>2026<\/strong><\/h5>\n<table style=\"width: 101.221%\">\n<tbody>\n<tr>\n<td style=\"width: 15.1722%\" width=\"93\">\n<p><strong>Id\u0151pont<\/strong><\/p>\n<\/td>\n<td style=\"width: 61.49%\" width=\"275\">\n<p><strong>T\u00e9ma<\/strong><\/p>\n<\/td>\n<td style=\"width: 24.4233%\" width=\"255\">\n<p><strong>Munkaforma<\/strong><\/p>\n<\/td>\n<\/tr>\n<tr>\n<td style=\"width: 15.1722%\" width=\"93\">\n<p><strong>9:00-9:45<\/strong>\u00a0<\/p>\n<\/td>\n<td style=\"width: 61.49%\" width=\"275\">\n<p>Bevezet\u0151, munkarend ismertet\u00e9se, r\u00e1hangol\u00f3d\u00e1s\u00a0<\/p>\n<\/td>\n<td style=\"width: 24.4233%\" width=\"255\">\n<p>prezent\u00e1ci\u00f3<br \/>\np\u00e1ros munka\u00a0<\/p>\n<\/td>\n<\/tr>\n<tr>\n<td style=\"width: 15.1722%\" width=\"93\">\n<p><strong>9:45-10:30<\/strong>\u00a0<\/p>\n<\/td>\n<td style=\"width: 61.49%\" width=\"275\">\n<p>Kv\u00edzk\u00e9sz\u00edt\u0151 applik\u00e1ci\u00f3k I.\u00a0<br \/>\n(Mentimeter, Kahoot, Slido)<\/p>\n<\/td>\n<td style=\"width: 24.4233%\" width=\"255\">\n<p>prezent\u00e1ci\u00f3 \u00a0<\/p>\n<\/td>\n<\/tr>\n<tr>\n<td style=\"width: 15.1722%\" width=\"93\">\n<p><strong>10:30-10:45<\/strong>\u00a0<\/p>\n<\/td>\n<td style=\"width: 61.49%\" width=\"275\">\n<p><em>Sz\u00fcnet\u00a0<\/em><\/p>\n<\/td>\n<td style=\"width: 24.4233%\" width=\"255\">\n<p>&nbsp;<\/p>\n<\/td>\n<\/tr>\n<tr>\n<td style=\"width: 15.1722%\" width=\"93\">\n<p><strong>10:45-12:15<\/strong>\u00a0<\/p>\n<\/td>\n<td style=\"width: 61.49%\" width=\"275\">\n<p>M\u00f3dszertan I.<br \/>\n(Hogyan v\u00e1lasszunk applik\u00e1ci\u00f3t? Hogyan illessz\u00fck a k\u00e9pz\u00e9sbe?)<\/p>\n<\/td>\n<td style=\"width: 24.4233%\" width=\"255\">\n<p>csoportos munka<br \/>\nprezent\u00e1ci\u00f3<br \/>\np\u00e1ros munka<\/p>\n<\/td>\n<\/tr>\n<tr>\n<td style=\"width: 15.1722%\" width=\"93\">\n<p><strong>12:15-13:00<\/strong>\u00a0<\/p>\n<\/td>\n<td style=\"width: 61.49%\" width=\"275\">\n<p><em>Eb\u00e9dsz\u00fcnet\u00a0<\/em><\/p>\n<\/td>\n<td style=\"width: 24.4233%\" width=\"255\">\n<p>&nbsp;<\/p>\n<\/td>\n<\/tr>\n<tr>\n<td style=\"width: 15.1722%\" width=\"93\">\n<p><strong>13:00-14:00<\/strong>\u00a0<\/p>\n<\/td>\n<td style=\"width: 61.49%\" width=\"275\">\n<p>Kv\u00edzk\u00e9sz\u00edt\u0151 applik\u00e1ci\u00f3k I.\u00a0<br \/>\n(Quizizz, PollEverywhere, Quizlet)<\/p>\n<\/td>\n<td style=\"width: 24.4233%\" width=\"255\">\n<p>prezent\u00e1ci\u00f3<br \/>\n\u00f6n\u00e1ll\u00f3 munka<\/p>\n<\/td>\n<\/tr>\n<tr>\n<td style=\"width: 15.1722%\" width=\"93\">\n<p><strong>14:00-14:15<\/strong>\u00a0<\/p>\n<\/td>\n<td style=\"width: 61.49%\" width=\"275\">\n<p><em>Sz\u00fcnet\u00a0<\/em><\/p>\n<\/td>\n<td style=\"width: 24.4233%\" width=\"255\">\n<p>&nbsp;<\/p>\n<\/td>\n<\/tr>\n<tr>\n<td style=\"width: 15.1722%\" width=\"93\">\n<p><strong>14:15-14:45<\/strong>\u00a0<\/p>\n<\/td>\n<td style=\"width: 61.49%\" width=\"275\">\n<p>M\u00f3dszertan II.<br \/>\n(Hogyan tervezz\u00fcnk kv\u00edzt?<\/p>\n<p>Milyen el\u0151k\u00e9sz\u00fcletekre van sz\u00fcks\u00e9g a kv\u00edz \u00f6ssze\u00e1ll\u00edt\u00e1sa el\u0151tt?<\/p>\n<p>Hogyan facilit\u00e1ljuk a kv\u00edzzel val\u00f3 munk\u00e1t?<\/p>\n<p>Milyen ut\u00f3munk\u00e1latokra van sz\u00fcks\u00e9g?)<\/p>\n<\/td>\n<td style=\"width: 24.4233%\" width=\"255\">\n<p>prezent\u00e1ci\u00f3<br \/>\n\u00f6n\u00e1ll\u00f3 munka<\/p>\n<\/td>\n<\/tr>\n<tr>\n<td style=\"width: 15.1722%\" width=\"93\">\n<p><strong>14:45-15:00<\/strong>\u00a0<\/p>\n<\/td>\n<td style=\"width: 61.49%\" width=\"275\">\n<p><em>Z\u00e1r\u00f3k\u00f6r + sz\u00fcnet<\/em>\u00a0<\/p>\n<\/td>\n<td style=\"width: 24.4233%\" width=\"255\">\n<p>&nbsp;<\/p>\n<\/td>\n<\/tr>\n<tr>\n<td style=\"width: 15.1722%\" width=\"93\">\n<p><strong>15:00-16:00<\/strong>\u00a0<\/p>\n<\/td>\n<td style=\"width: 61.49%\" width=\"275\">\n<p>Saj\u00e1t kv\u00edzek k\u00e9sz\u00edt\u00e9se (opcion\u00e1lis)\u00a0<\/p>\n<\/td>\n<td style=\"width: 24.4233%\" width=\"255\">\n<p>\u00f6n\u00e1ll\u00f3 munka<\/p>\n<\/td>\n<\/tr>\n<\/tbody>\n<\/table>\n<\/div><\/div>\n","protected":false},"excerpt":{"rendered":"<p>a program c\u00edme a program jellege a program form\u00e1ja c\u00e9lcsoport helysz\u00edn \u00cdgy k\u00e9sz\u00edts j\u00e1t\u00e9kos kv\u00edzeket tematikus workshop <a href=\"https:\/\/itc.semmelweis.hu\/moodle\/course\/view.php?id=7178\" target=\"_blank\" rel=\"noopener\">blended<\/a> minden oktat\u00f3 offline A program c\u00e9lja: Az alapszintr\u0151l indul\u00f3 k\u00e9pz\u00e9s r\u00e9sztvev\u0151i megismerik a kv\u00edz k\u00e9sz\u00edt\u00e9s\u00e9hez sz\u00fcks\u00e9ges alapvet\u0151 technikai \u00e9s oktat\u00e1sm\u00f3dszertani szempontokat k\u00e9pess\u00e9 v\u00e1lnak megtervezni \u00e9s \u00f6ssze\u00e1ll\u00edtani saj\u00e1t kv\u00edzeiket, megv\u00e1lasztani az oktat\u00e1si c\u00e9lnak megfelel\u0151 alkalmaz\u00e1st, valamint elsaj\u00e1t\u00edtj\u00e1k legal\u00e1bb 8 &hellip;<\/p>\n","protected":false},"author":101470,"featured_media":0,"parent":4876,"menu_order":2,"comment_status":"closed","ping_status":"closed","template":"","meta":{"_acf_changed":false,"footnotes":""},"categories":[],"tags":[],"class_list":["post-5865","page","type-page","status-publish","hentry"],"acf":[],"_links":{"self":[{"href":"https:\/\/semmelweis.hu\/oktatasmodszertan\/wp-json\/wp\/v2\/pages\/5865","targetHints":{"allow":["GET"]}}],"collection":[{"href":"https:\/\/semmelweis.hu\/oktatasmodszertan\/wp-json\/wp\/v2\/pages"}],"about":[{"href":"https:\/\/semmelweis.hu\/oktatasmodszertan\/wp-json\/wp\/v2\/types\/page"}],"author":[{"embeddable":true,"href":"https:\/\/semmelweis.hu\/oktatasmodszertan\/wp-json\/wp\/v2\/users\/101470"}],"replies":[{"embeddable":true,"href":"https:\/\/semmelweis.hu\/oktatasmodszertan\/wp-json\/wp\/v2\/comments?post=5865"}],"version-history":[{"count":10,"href":"https:\/\/semmelweis.hu\/oktatasmodszertan\/wp-json\/wp\/v2\/pages\/5865\/revisions"}],"predecessor-version":[{"id":6368,"href":"https:\/\/semmelweis.hu\/oktatasmodszertan\/wp-json\/wp\/v2\/pages\/5865\/revisions\/6368"}],"up":[{"embeddable":true,"href":"https:\/\/semmelweis.hu\/oktatasmodszertan\/wp-json\/wp\/v2\/pages\/4876"}],"wp:attachment":[{"href":"https:\/\/semmelweis.hu\/oktatasmodszertan\/wp-json\/wp\/v2\/media?parent=5865"}],"wp:term":[{"taxonomy":"category","embeddable":true,"href":"https:\/\/semmelweis.hu\/oktatasmodszertan\/wp-json\/wp\/v2\/categories?post=5865"},{"taxonomy":"post_tag","embeddable":true,"href":"https:\/\/semmelweis.hu\/oktatasmodszertan\/wp-json\/wp\/v2\/tags?post=5865"}],"curies":[{"name":"wp","href":"https:\/\/api.w.org\/{rel}","templated":true}]}}