{"id":5617,"date":"2025-02-19T13:59:04","date_gmt":"2025-02-19T12:59:04","guid":{"rendered":"https:\/\/semmelweis.hu\/oktatasmodszertan\/?page_id=5617"},"modified":"2026-01-23T14:25:59","modified_gmt":"2026-01-23T13:25:59","slug":"a-felsooktatas-kihivasai","status":"publish","type":"page","link":"https:\/\/semmelweis.hu\/oktatasmodszertan\/kepzesek\/oktatoi-kozosseg\/a-felsooktatas-kihivasai\/","title":{"rendered":"A fels\u0151oktat\u00e1s kih\u00edv\u00e1sai"},"content":{"rendered":"<div class=\"responsive-tabs\">\n<h2 class=\"tabtitle\"><strong>R\u00e9szletek<\/strong><\/h2>\n<div class=\"tabcontent\">\n\n<table style=\"width: %\">\n<tbody>\n<tr>\n<td style=\"width: 843px\" width=\"214\">\n<p><strong>a program c\u00edme<\/strong><\/p>\n<\/td>\n<td style=\"width: 148px\" width=\"226\">\n<p><strong>a program jellege<\/strong><\/p>\n<\/td>\n<td style=\"width: 150px\" width=\"192\">\n<p><strong>a program form\u00e1ja<\/strong><\/p>\n<\/td>\n<td style=\"width: 106px\" width=\"196\">\n<p><strong>c\u00e9lcsoport<\/strong><\/p>\n<\/td>\n<\/tr>\n<tr>\n<td style=\"width: 843px\" width=\"214\">\n<p>A fels\u0151oktat\u00e1s kih\u00edv\u00e1sai: oktat\u00f3i szerepek sokf\u00e9les\u00e9ge, elt\u00e9r\u0151 hallgat\u00f3i tanul\u00e1si strat\u00e9gi\u00e1k, j\u00f3 gyakorlatok megoszt\u00e1sa<\/p>\n<\/td>\n<td style=\"width: 148px\" width=\"226\">\n<p>tematikus workshop<\/p>\n<\/td>\n<td style=\"width: 150px\" width=\"192\">\n<p>offline<\/p>\n<\/td>\n<td style=\"width: 106px\" width=\"196\">\n<p>minden oktat\u00f3<\/p>\n<\/td>\n<\/tr>\n<\/tbody>\n<\/table>\n<p><strong>A program c\u00e9lja:<\/strong><\/p>\n<p>A program keret\u00e9ben \u00e1ttekintj\u00fck az egyetemi oktat\u00e1sban r\u00e9sztvev\u0151 \u00faj hallgat\u00f3i gener\u00e1ci\u00f3k megv\u00e1ltozott tanul\u00e1si strat\u00e9gi\u00e1it, szok\u00e1sait \u00e9s m\u00f3dszereit, a diskurzus r\u00e9sz\u00e9ve tessz\u00fck az oktat\u00f3i szerepek sokr\u00e9t\u0171s\u00e9g\u00e9t, esetleges kih\u00edv\u00e1sait, valamint lehet\u0151s\u00e9get biztos\u00edtunk a j\u00f3 gyakorlatok megoszt\u00e1s\u00e1nak, oktat\u00f3i tapasztalataink \u00e9s dilemm\u00e1ink egyeztet\u00e9s\u00e9nek, megold\u00e1si javaslataink szintetiz\u00e1l\u00e1s\u00e1nak. Mindezt az Egyetem oktat\u00e1sfejleszt\u00e9si strat\u00e9giai elk\u00e9pzel\u00e9sei \u00e9s curriculum-reform v\u00e1llal\u00e1sainak t\u00fckr\u00e9ben szervezz\u00fck.<\/p>\n<p><strong>A program jellege:<\/strong><\/p>\n<p><em>Hamarosan<\/em><\/p>\n<p><strong>Teljes\u00edt\u00e9si felt\u00e9telek:\u00a0<\/strong><em>Hamarosan<\/em><\/p>\n<p><strong>L\u00e9tsz\u00e1mkorl\u00e1t<\/strong>:\u00a0<em>Hamarosan<\/em><\/p>\n<p><strong>Helysz\u00edn \u00e9s id\u0151pont: <\/strong><em>Hamarosan<\/em><\/p>\n<p><strong>Programfelel\u0151s \u00e9s kapcsolattart\u00f3: <\/strong><a href=\"https:\/\/semmelweis.hu\/oktatasmodszertan\/magunkrol\/munkatarsak\/\" target=\"_blank\" rel=\"noopener\">Dr. T\u00fari Ibolya<\/a><\/p>\n<div class=\"keretes w-100\">\n<p><strong>H\u00e1zhoz megy\u00fcnk<\/strong><\/p>\n<p>A fent megadott konkr\u00e9t id\u0151pontokon t\u00fal v\u00e1rjuk kisebb oktat\u00f3i teamek jelentkez\u00e9s\u00e9t egy-egy konkr\u00e9t fejleszt\u00e9s\u00fck kapcs\u00e1n, illetve v\u00e1llaljuk tansz\u00e9ki vagy kari szint\u0171 \u00e1tfog\u00f3 fejleszt\u00e9sek t\u00e1mogat\u00e1s\u00e1t is. Foglaljon <strong><a href=\"https:\/\/outlook.office.com\/book\/Hzhozmegynk@unisemmelweis.onmicrosoft.com\/\" target=\"_blank\" rel=\"noopener\">napt\u00e1runkban<\/a><\/strong> egy vagy t\u00f6bb alkalmat, melyet teamj\u00fckkel oktat\u00e1sfejleszt\u00e9sre sz\u00e1nnak. A foglal\u00e1s ut\u00e1n felvessz\u00fck \u00d6nnel a kapcsolatot a r\u00e9szletek egyeztet\u00e9se c\u00e9lj\u00e1b\u00f3l. A gyakran ism\u00e9telt k\u00e9rd\u00e9seket \u00e9s r\u00e9szleteket\u00a0<strong><a href=\"https:\/\/semmelweis.hu\/oktatasmodszertan\/kepzesek\/oktatastamogatas-esemenyek\/idopontfoglalas-gyik\/\" target=\"_blank\" rel=\"noopener\">az al\u00e1bbi linken<\/a><\/strong>\u00a0olvashatja.<\/p>\n<\/div>\n\n<\/div><h2 class=\"tabtitle\"><strong>Programterv<\/strong><\/h2>\n<div class=\"tabcontent\">\n\n<h5><strong>2026<\/strong><\/h5>\n<p><em>Hamarosan<\/em><\/p>\n<\/div><\/div>\n","protected":false},"excerpt":{"rendered":"<p>a program c\u00edme a program jellege a program form\u00e1ja c\u00e9lcsoport A fels\u0151oktat\u00e1s kih\u00edv\u00e1sai: oktat\u00f3i szerepek sokf\u00e9les\u00e9ge, elt\u00e9r\u0151 hallgat\u00f3i tanul\u00e1si strat\u00e9gi\u00e1k, j\u00f3 gyakorlatok megoszt\u00e1sa tematikus workshop offline minden oktat\u00f3 A program c\u00e9lja: A program keret\u00e9ben \u00e1ttekintj\u00fck az egyetemi oktat\u00e1sban r\u00e9sztvev\u0151 \u00faj hallgat\u00f3i gener\u00e1ci\u00f3k megv\u00e1ltozott tanul\u00e1si strat\u00e9gi\u00e1it, szok\u00e1sait \u00e9s m\u00f3dszereit, a diskurzus r\u00e9sz\u00e9ve tessz\u00fck az oktat\u00f3i szerepek &hellip;<\/p>\n","protected":false},"author":101470,"featured_media":0,"parent":2322,"menu_order":6,"comment_status":"closed","ping_status":"closed","template":"","meta":{"_acf_changed":false,"footnotes":""},"categories":[],"tags":[],"class_list":["post-5617","page","type-page","status-publish","hentry"],"acf":[],"_links":{"self":[{"href":"https:\/\/semmelweis.hu\/oktatasmodszertan\/wp-json\/wp\/v2\/pages\/5617","targetHints":{"allow":["GET"]}}],"collection":[{"href":"https:\/\/semmelweis.hu\/oktatasmodszertan\/wp-json\/wp\/v2\/pages"}],"about":[{"href":"https:\/\/semmelweis.hu\/oktatasmodszertan\/wp-json\/wp\/v2\/types\/page"}],"author":[{"embeddable":true,"href":"https:\/\/semmelweis.hu\/oktatasmodszertan\/wp-json\/wp\/v2\/users\/101470"}],"replies":[{"embeddable":true,"href":"https:\/\/semmelweis.hu\/oktatasmodszertan\/wp-json\/wp\/v2\/comments?post=5617"}],"version-history":[{"count":10,"href":"https:\/\/semmelweis.hu\/oktatasmodszertan\/wp-json\/wp\/v2\/pages\/5617\/revisions"}],"predecessor-version":[{"id":6263,"href":"https:\/\/semmelweis.hu\/oktatasmodszertan\/wp-json\/wp\/v2\/pages\/5617\/revisions\/6263"}],"up":[{"embeddable":true,"href":"https:\/\/semmelweis.hu\/oktatasmodszertan\/wp-json\/wp\/v2\/pages\/2322"}],"wp:attachment":[{"href":"https:\/\/semmelweis.hu\/oktatasmodszertan\/wp-json\/wp\/v2\/media?parent=5617"}],"wp:term":[{"taxonomy":"category","embeddable":true,"href":"https:\/\/semmelweis.hu\/oktatasmodszertan\/wp-json\/wp\/v2\/categories?post=5617"},{"taxonomy":"post_tag","embeddable":true,"href":"https:\/\/semmelweis.hu\/oktatasmodszertan\/wp-json\/wp\/v2\/tags?post=5617"}],"curies":[{"name":"wp","href":"https:\/\/api.w.org\/{rel}","templated":true}]}}