{"id":3399,"date":"2022-01-17T14:31:02","date_gmt":"2022-01-17T13:31:02","guid":{"rendered":"https:\/\/semmelweis.hu\/oktatasmodszertan\/?page_id=3399"},"modified":"2024-12-02T19:54:36","modified_gmt":"2024-12-02T18:54:36","slug":"megjeleneseink","status":"publish","type":"page","link":"https:\/\/semmelweis.hu\/oktatasmodszertan\/magunkrol\/megjeleneseink\/","title":{"rendered":"Megjelen\u00e9seink"},"content":{"rendered":"<p><strong>Az al\u00e1bbi t\u00e1bl\u00e1zatban a Semmelweis Egyetem <a href=\"https:\/\/semmelweis.hu\/hirek\/\" target=\"_blank\" rel=\"noopener\">h\u00edrport\u00e1lj\u00e1n,<\/a> valamint tov\u00e1bbi honlapokon megjelent, szervezeti egys\u00e9g\u00fcnk munk\u00e1j\u00e1r\u00f3l sz\u00f3l\u00f3 cikkeket, interj\u00fakat gy\u0171jtj\u00fck.<\/strong><\/p>\n<table style=\"border-collapse: collapse;width: 100%\">\n<tbody>\n<tr>\n<td style=\"width: 26.5987%\">2024. augusztus 6.<\/td>\n<td style=\"width: 73.4013%\"><a href=\"https:\/\/www.timeshighereducation.com\/campus\/how-enhance-teaching-skills-multidisciplinary-environment\">How to enhance teaching skills in a multidisciplinary environment<\/a><\/td>\n<\/tr>\n<tr>\n<td style=\"width: 26.5987%\">2023. \u00e1prilis 17.<\/td>\n<td style=\"width: 73.4013%\"><a href=\"https:\/\/www.timeshighereducation.com\/campus\/how-immediate-feedback-motivates-both-students-and-educators\" target=\"_blank\" rel=\"noopener\">How immediate feedback motivates both students and educators<\/a><\/td>\n<\/tr>\n<tr>\n<td style=\"width: 26.5987%\">2023. m\u00e1jus 17.<\/td>\n<td style=\"width: 73.4013%\"><a href=\"https:\/\/semmelweis.hu\/hirek\/2023\/05\/17\/nemzetkozi-oktatasfejlesztesi-konferencia-a-semmelweis-egyetemen\/\" target=\"_blank\" rel=\"noopener\">Nemzetk\u00f6zi Oktat\u00e1sfejleszt\u00e9si Konferencia a Semmelweis Egyetemen<\/a><\/td>\n<\/tr>\n<tr>\n<td style=\"width: 26.5987%\">2022. janu\u00e1r 17.<\/td>\n<td style=\"width: 73.4013%\"><a href=\"https:\/\/semmelweis.hu\/hirek\/2022\/01\/17\/qr-kodos-rendszer-segiti-az-oktatoi-munka-hallgatoi-velemenyezeset-az-egyetemen\/\" target=\"_blank\" rel=\"noopener\">QR-k\u00f3dos rendszer seg\u00edti az oktat\u00f3i munka hallgat\u00f3i v\u00e9lem\u00e9nyez\u00e9s\u00e9t az egyetemen<\/a><\/td>\n<\/tr>\n<tr>\n<td style=\"width: 26.5987%\">2021. augusztus 23.<\/td>\n<td style=\"width: 73.4013%\"><a href=\"https:\/\/semmelweis.hu\/hirek\/2021\/08\/23\/semmelweis-hose-dijjal-ismertek-el-a-kozponti-szervezeti-egysegek-munkatarsait\/\" target=\"_blank\" rel=\"noopener\">Semmelweis H\u0151se d\u00edjjal ismert\u00e9k el a k\u00f6zponti szervezeti egys\u00e9gek munkat\u00e1rsait<\/a><\/td>\n<\/tr>\n<tr>\n<td style=\"width: 26.5987%\">2021. j\u00fanius 29.<\/td>\n<td style=\"width: 73.4013%\"><a href=\"https:\/\/semmelweis.hu\/hirek\/2021\/06\/29\/mintegy-ketszazan-vettek-at-egyetemi-elismerest-semmelweis-napon\/\" target=\"_blank\" rel=\"noopener\">Mintegy k\u00e9tsz\u00e1zan vettek \u00e1t egyetemi elismer\u00e9st Semmelweis napon<\/a><\/td>\n<\/tr>\n<tr>\n<td style=\"width: 26.5987%\">2021. j\u00fanius 6.<\/td>\n<td style=\"width: 73.4013%\"><a href=\"https:\/\/semmelweis.hu\/hirek\/2021\/06\/06\/az-en-egyetemem-dr-tornoci-laszlo-es-a-net-eloadoterme\/\" target=\"_blank\" rel=\"noopener\">Az \u00e9n egyetemem &#8211; Dr. Torn\u00f3ci L\u00e1szl\u00f3 \u00e9s a NET el\u0151ad\u00f3terme<\/a><\/td>\n<\/tr>\n<tr>\n<td style=\"width: 26.5987%\">2020. okt\u00f3ber 31.<\/td>\n<td style=\"width: 73.4013%\"><a href=\"https:\/\/semmelweis.hu\/hirek\/2020\/10\/31\/az-en-egyetemem-dr-kokovay-agnes-es-a-rektori-portrek\/\" target=\"_blank\" rel=\"noopener\">Az \u00e9n egyetemem &#8211; Dr. Kokovay \u00c1gnes \u00e9s a rektori portr\u00e9k<\/a><\/td>\n<\/tr>\n<tr>\n<td style=\"width: 26.5987%\">2020. okt\u00f3ber 30.<\/td>\n<td style=\"width: 73.4013%\"><a href=\"https:\/\/semmelweis.hu\/hirek\/2020\/10\/30\/egyetemi-e-mail-cimet-es-o365-hozzaferest-kapott-minden-hallgato-a-jubileumi-tanevben\/\" target=\"_blank\" rel=\"noopener\">Egyetemi e-mail-c\u00edmet \u00e9s Office 365 hozz\u00e1f\u00e9r\u00e9st kapott minden hallgat\u00f3 a jubileumi tan\u00e9vben<\/a><\/td>\n<\/tr>\n<tr>\n<td style=\"width: 26.5987%\">2020. okt\u00f3ber 10.<\/td>\n<td style=\"width: 73.4013%\"><a href=\"https:\/\/semmelweis.hu\/hirek\/2020\/10\/10\/az-en-egyetemem-dr-monzeger-katalin-es-az-eok-elotti-park\/\" target=\"_blank\" rel=\"noopener\">Az \u00e9n egyetemem &#8211; dr. Monz\u00e9ger Katalin \u00e9s az EOK el\u0151tti park<\/a><\/td>\n<\/tr>\n<tr>\n<td style=\"width: 26.5987%\">2020. m\u00e1jus 27.<\/td>\n<td style=\"width: 73.4013%\"><a href=\"https:\/\/semmelweis.hu\/hirek\/2020\/05\/27\/kozma-borbala-komoly-attorest-hozott-a-munkamban-a-jarvanyugyi-helyzet\/\" target=\"_blank\" rel=\"noopener\">Kozma Borb\u00e1la: Komoly \u00e1tt\u00f6r\u00e9st hozott a munk\u00e1mban a j\u00e1rv\u00e1ny\u00fcgyi helyzet<\/a><\/td>\n<\/tr>\n<tr>\n<td style=\"width: 26.5987%\">2020. m\u00e1rcius 24.<\/td>\n<td style=\"width: 73.4013%\"><a href=\"https:\/\/semmelweis.hu\/hirek\/2020\/03\/24\/zokkenomentesen-indult-el-a-tavoktatas-a-semmelweis-egyetemen\/\" target=\"_blank\" rel=\"noopener\">Z\u00f6kken\u0151mentesen indult el a t\u00e1voktat\u00e1s a Semmelweis Egyetemen<\/a><\/td>\n<\/tr>\n<tr>\n<td style=\"width: 26.5987%\">2020. m\u00e1rcius 20.<\/td>\n<td style=\"width: 73.4013%\"><a href=\"https:\/\/semmelweis.hu\/hirek\/2020\/03\/20\/tajekoztato-keszult-a-tavoktatas-meneterol-a-technikai-tudnivalokrol-es-a-zoom-telepiteserol\/\" target=\"_blank\" rel=\"noopener\">T\u00e1j\u00e9koztat\u00f3 k\u00e9sz\u00fclt a t\u00e1voktat\u00e1s menet\u00e9r\u0151l, a technikai tudnival\u00f3kr\u00f3l \u00e9s a Zoom telep\u00edt\u00e9s\u00e9r\u0151l<\/a><\/td>\n<\/tr>\n<tr>\n<td style=\"width: 26.5987%\">2020. m\u00e1rcius 18.<\/td>\n<td style=\"width: 73.4013%\"><a href=\"https:\/\/semmelweis.hu\/hirek\/2020\/03\/18\/indul-a-zoom-a-tavoktatas-mellett-ertekezleteket-is-lehet-online-tartani\/\" target=\"_blank\" rel=\"noopener\">Indul a Zoom: a t\u00e1voktat\u00e1s mellett \u00e9rtekezleteket is lehet online tartani<\/a><\/td>\n<\/tr>\n<tr>\n<td style=\"width: 26.5987%\">2018. augusztus 29.<\/td>\n<td style=\"width: 73.4013%\"><a href=\"https:\/\/semmelweis.hu\/eok\/hu\/2018\/09\/04\/oktatasmodszertani-centrum-segiti-az-aok-munkajat\/\" target=\"_blank\" rel=\"noopener\">Oktat\u00e1sm\u00f3dszertani Centrum seg\u00edti az \u00c1OK munk\u00e1j\u00e1t<\/a><\/td>\n<\/tr>\n<\/tbody>\n<\/table>\n","protected":false},"excerpt":{"rendered":"<p>Az al\u00e1bbi t\u00e1bl\u00e1zatban a Semmelweis Egyetem <a href=\"https:\/\/semmelweis.hu\/hirek\/\" target=\"_blank\" rel=\"noopener\">h\u00edrport\u00e1lj\u00e1n,<\/a> valamint tov\u00e1bbi honlapokon megjelent, szervezeti egys\u00e9g\u00fcnk munk\u00e1j\u00e1r\u00f3l sz\u00f3l\u00f3 cikkeket, interj\u00fakat gy\u0171jtj\u00fck. 2024. augusztus 6. <a href=\"https:\/\/www.timeshighereducation.com\/campus\/how-enhance-teaching-skills-multidisciplinary-environment\">How to enhance teaching skills in a multidisciplinary environment<\/a> 2023. \u00e1prilis 17. <a href=\"https:\/\/www.timeshighereducation.com\/campus\/how-immediate-feedback-motivates-both-students-and-educators\" target=\"_blank\" rel=\"noopener\">How immediate feedback motivates both students and educators<\/a> 2023. m\u00e1jus 17. <a href=\"https:\/\/semmelweis.hu\/hirek\/2023\/05\/17\/nemzetkozi-oktatasfejlesztesi-konferencia-a-semmelweis-egyetemen\/\" target=\"_blank\" rel=\"noopener\">Nemzetk\u00f6zi Oktat\u00e1sfejleszt\u00e9si Konferencia a Semmelweis Egyetemen<\/a> 2022. janu\u00e1r 17. <a href=\"https:\/\/semmelweis.hu\/hirek\/2022\/01\/17\/qr-kodos-rendszer-segiti-az-oktatoi-munka-hallgatoi-velemenyezeset-az-egyetemen\/\" target=\"_blank\" rel=\"noopener\">QR-k\u00f3dos rendszer seg\u00edti az oktat\u00f3i munka hallgat\u00f3i v\u00e9lem\u00e9nyez\u00e9s\u00e9t az egyetemen<\/a> 2021. augusztus 23. <a href=\"https:\/\/semmelweis.hu\/hirek\/2021\/08\/23\/semmelweis-hose-dijjal-ismertek-el-a-kozponti-szervezeti-egysegek-munkatarsait\/\" target=\"_blank\" rel=\"noopener\">Semmelweis H\u0151se d\u00edjjal ismert\u00e9k el a k\u00f6zponti szervezeti egys\u00e9gek munkat\u00e1rsait<\/a> 2021. j\u00fanius 29. <a href=\"https:\/\/semmelweis.hu\/hirek\/2021\/06\/29\/mintegy-ketszazan-vettek-at-egyetemi-elismerest-semmelweis-napon\/\" target=\"_blank\" rel=\"noopener\">Mintegy k\u00e9tsz\u00e1zan vettek \u00e1t egyetemi elismer\u00e9st Semmelweis napon<\/a> 2021. j\u00fanius 6. <a href=\"https:\/\/semmelweis.hu\/hirek\/2021\/06\/06\/az-en-egyetemem-dr-tornoci-laszlo-es-a-net-eloadoterme\/\" target=\"_blank\" rel=\"noopener\">Az \u00e9n egyetemem &#8211; Dr. Torn\u00f3ci L\u00e1szl\u00f3 \u00e9s a NET el\u0151ad\u00f3terme<\/a> 2020. okt\u00f3ber 31. <a href=\"https:\/\/semmelweis.hu\/hirek\/2020\/10\/31\/az-en-egyetemem-dr-kokovay-agnes-es-a-rektori-portrek\/\" target=\"_blank\" rel=\"noopener\">Az \u00e9n egyetemem &#8211; Dr. Kokovay \u00c1gnes \u00e9s a rektori portr\u00e9k<\/a> 2020. okt\u00f3ber 30. <a href=\"https:\/\/semmelweis.hu\/hirek\/2020\/10\/30\/egyetemi-e-mail-cimet-es-o365-hozzaferest-kapott-minden-hallgato-a-jubileumi-tanevben\/\" target=\"_blank\" rel=\"noopener\">Egyetemi e-mail-c\u00edmet \u00e9s Office 365 hozz\u00e1f\u00e9r\u00e9st kapott minden hallgat\u00f3 a jubileumi tan\u00e9vben<\/a> 2020. okt\u00f3ber 10. <a href=\"https:\/\/semmelweis.hu\/hirek\/2020\/10\/10\/az-en-egyetemem-dr-monzeger-katalin-es-az-eok-elotti-park\/\" target=\"_blank\" rel=\"noopener\">Az \u00e9n egyetemem &#8211; dr. Monz\u00e9ger Katalin \u00e9s az EOK el\u0151tti park<\/a> 2020. m\u00e1jus 27. <a href=\"https:\/\/semmelweis.hu\/hirek\/2020\/05\/27\/kozma-borbala-komoly-attorest-hozott-a-munkamban-a-jarvanyugyi-helyzet\/\" target=\"_blank\" rel=\"noopener\">Kozma Borb\u00e1la: Komoly \u00e1tt\u00f6r\u00e9st hozott a munk\u00e1mban a j\u00e1rv\u00e1ny\u00fcgyi helyzet<\/a> 2020. m\u00e1rcius 24. <a href=\"https:\/\/semmelweis.hu\/hirek\/2020\/03\/24\/zokkenomentesen-indult-el-a-tavoktatas-a-semmelweis-egyetemen\/\" target=\"_blank\" rel=\"noopener\">Z\u00f6kken\u0151mentesen indult el a t\u00e1voktat\u00e1s a Semmelweis Egyetemen<\/a> 2020. m\u00e1rcius &hellip;<\/p>\n","protected":false},"author":101470,"featured_media":0,"parent":507,"menu_order":4,"comment_status":"closed","ping_status":"closed","template":"","meta":{"_acf_changed":false,"footnotes":""},"categories":[],"tags":[],"class_list":["post-3399","page","type-page","status-publish","hentry"],"acf":[],"_links":{"self":[{"href":"https:\/\/semmelweis.hu\/oktatasmodszertan\/wp-json\/wp\/v2\/pages\/3399","targetHints":{"allow":["GET"]}}],"collection":[{"href":"https:\/\/semmelweis.hu\/oktatasmodszertan\/wp-json\/wp\/v2\/pages"}],"about":[{"href":"https:\/\/semmelweis.hu\/oktatasmodszertan\/wp-json\/wp\/v2\/types\/page"}],"author":[{"embeddable":true,"href":"https:\/\/semmelweis.hu\/oktatasmodszertan\/wp-json\/wp\/v2\/users\/101470"}],"replies":[{"embeddable":true,"href":"https:\/\/semmelweis.hu\/oktatasmodszertan\/wp-json\/wp\/v2\/comments?post=3399"}],"version-history":[{"count":10,"href":"https:\/\/semmelweis.hu\/oktatasmodszertan\/wp-json\/wp\/v2\/pages\/3399\/revisions"}],"predecessor-version":[{"id":5369,"href":"https:\/\/semmelweis.hu\/oktatasmodszertan\/wp-json\/wp\/v2\/pages\/3399\/revisions\/5369"}],"up":[{"embeddable":true,"href":"https:\/\/semmelweis.hu\/oktatasmodszertan\/wp-json\/wp\/v2\/pages\/507"}],"wp:attachment":[{"href":"https:\/\/semmelweis.hu\/oktatasmodszertan\/wp-json\/wp\/v2\/media?parent=3399"}],"wp:term":[{"taxonomy":"category","embeddable":true,"href":"https:\/\/semmelweis.hu\/oktatasmodszertan\/wp-json\/wp\/v2\/categories?post=3399"},{"taxonomy":"post_tag","embeddable":true,"href":"https:\/\/semmelweis.hu\/oktatasmodszertan\/wp-json\/wp\/v2\/tags?post=3399"}],"curies":[{"name":"wp","href":"https:\/\/api.w.org\/{rel}","templated":true}]}}