{"id":3255,"date":"2021-12-06T10:22:20","date_gmt":"2021-12-06T09:22:20","guid":{"rendered":"https:\/\/semmelweis.hu\/oktatasmodszertan\/?page_id=3255"},"modified":"2023-08-01T10:47:50","modified_gmt":"2023-08-01T08:47:50","slug":"kortars-egeszsegnevelok","status":"publish","type":"page","link":"https:\/\/semmelweis.hu\/oktatasmodszertan\/projektek\/interprofesszionalis-kepzesek\/kortars-egeszsegnevelok\/","title":{"rendered":"Kort\u00e1rs eg\u00e9szs\u00e9gnevel\u0151k"},"content":{"rendered":"<div>\n<h3><strong>Kort\u00e1rs eg\u00e9szs\u00e9gnevel\u0151k a kock\u00e1zati magatart\u00e1sok prevenci\u00f3j\u00e1ban \u2013 a Semmelweis Egyetem \u00e9s az \u00c9lm\u00e9ny T\u00e1r Tanoda k\u00f6z\u00f6s programja<\/strong><\/h3>\n<p><img loading=\"lazy\" decoding=\"async\" class=\"alignleft wp-image-2665\" src=\"https:\/\/semmelweis.hu\/oktatasmodszertan\/files\/2021\/02\/150368622_269995227895388_5862092748335742846_o.jpg\" alt=\"\" width=\"371\" height=\"247\" srcset=\"https:\/\/semmelweis.hu\/oktatasmodszertan\/files\/2021\/02\/150368622_269995227895388_5862092748335742846_o.jpg 1440w, https:\/\/semmelweis.hu\/oktatasmodszertan\/files\/2021\/02\/150368622_269995227895388_5862092748335742846_o-400x267.jpg 400w, https:\/\/semmelweis.hu\/oktatasmodszertan\/files\/2021\/02\/150368622_269995227895388_5862092748335742846_o-1024x683.jpg 1024w, https:\/\/semmelweis.hu\/oktatasmodszertan\/files\/2021\/02\/150368622_269995227895388_5862092748335742846_o-768x512.jpg 768w, https:\/\/semmelweis.hu\/oktatasmodszertan\/files\/2021\/02\/150368622_269995227895388_5862092748335742846_o-753x502.jpg 753w, https:\/\/semmelweis.hu\/oktatasmodszertan\/files\/2021\/02\/150368622_269995227895388_5862092748335742846_o-203x135.jpg 203w\" sizes=\"auto, (max-width: 371px) 100vw, 371px\" \/>Szeretn\u00e9d csapatban gyakorolni a csapatmunk\u00e1t? Fontosnak tartod, hogy a tanulm\u00e1nyaidba fektetett energia ne csak \u00e9rdemjegyben, hanem ak\u00e1r t\u00e1rsadalmi haszon form\u00e1j\u00e1ban is megt\u00e9r\u00fclj\u00f6n? Szeretsz j\u00e1tszani, \u00e9s nem riadsz vissza a rendhagy\u00f3 munkaform\u00e1kt\u00f3l?<\/p>\n<\/div>\n<div>\u00a0<\/div>\n<div>Akkor ezt a szabadon v\u00e1laszthat\u00f3 kurzust, melyet az Oktat\u00e1sfejleszt\u00e9si, -m\u00f3dszertani \u00e9s -szervez\u00e9si K\u00f6zpont, a T\u00e1rsadalomtudom\u00e1nyi Tansz\u00e9k \u00e9s az Addiktol\u00f3giai Tansz\u00e9k k\u00f6z\u00f6sen fejlesztett, Neked tal\u00e1lt\u00e1k ki!<\/div>\n<div>\u00a0<\/div>\n<div><strong><a class=\"button\" href=\"https:\/\/semmelweis.hu\/oktatasmodszertan\/files\/2021\/02\/PHP-Kurzusle%C3%ADr%C3%A1s-2020-21-2.pdf\" target=\"_blank\" rel=\"noopener noreferrer\">ELOLVASOM A KURZUSLE\u00cdR\u00c1ST<\/a><\/strong><\/div>\n<div>\u00a0<\/div>\n<div>A programr\u00f3l 2021. febru\u00e1r 17-\u00e9n 18h kezdettel t\u00e1j\u00e9koztat\u00f3t tartunk az \u00e9rdekl\u0151d\u0151knek.<\/div>\n<div>\u00a0<\/div>\n<div><strong>A t\u00e1j\u00e9koztat\u00f3ra itt lehet jelentkezni:\u00a0<a href=\"http:\/\/bit.ly\/IPE2020-2021\" target=\"_blank\" rel=\"noopener noreferrer\">http:\/\/bit.ly\/IPE2020-2021<\/a><\/strong><\/div>\n<div>\u00a0<\/div>\n<div>A kurzus legfeljebb 8 f\u0151vel indul, ezt meghalad\u00f3 jelentkez\u0151sz\u00e1m eset\u00e9n a Szervez\u0151k a jelentkez\u00e9shez le\u00edrt motiv\u00e1ci\u00f3 alapj\u00e1n rangsorolnak.<\/div>\n<div>\u00a0<\/div>\n<div>A k\u00e9pz\u00e9si program a\u00a0<a href=\"https:\/\/semmelweis.hu\/oktatasmodszertan\/files\/2021\/12\/Kozos-Nevezo-2020-2021-beszamolo.pdf\" target=\"_blank\" rel=\"noopener\">Centropa Alap\u00edtv\u00e1ny \u201eK\u00f6z\u00f6s nevez\u0151\u201d<\/a>\u00a0c\u00edm\u0171 p\u00e1ly\u00e1zat\u00e1nak keret\u00e9ben ker\u00fclt kidolgoz\u00e1sra a 2020\/21-es tan\u00e9vben.<\/div>\n<div>\u00a0<\/div>\n<div><strong>Kapcsolat:<\/strong> Kozma Borb\u00e1la (kozma.borbala@semmelweis.hu)<\/div>\n<div>\u00a0<\/div>\n<div><a class=\"button\" href=\"https:\/\/www.researchgate.net\/publication\/357092206_Projektalapu_kompetenciafejlesztes_online_megoldasok_ket_egyetem_gyakorlatabol\" target=\"_blank\" rel=\"noopener\">Tanulm\u00e1ny<\/a> <a class=\"button\" href=\"https:\/\/bit.ly\/el\u0151ad\u00e1s-Projekt-konferencia-2021\" target=\"_blank\" rel=\"noopener\">VIDE\u00d3<\/a> <a class=\"button\" href=\"https:\/\/bit.ly\/werkfilm-kozosnevez\u01512021\" target=\"_blank\" rel=\"noopener\">Werkfilm<\/a><\/div>\n","protected":false},"excerpt":{"rendered":"<p>Kort\u00e1rs eg\u00e9szs\u00e9gnevel\u0151k a kock\u00e1zati magatart\u00e1sok prevenci\u00f3j\u00e1ban \u2013 a Semmelweis Egyetem \u00e9s az \u00c9lm\u00e9ny T\u00e1r Tanoda k\u00f6z\u00f6s programja Szeretn\u00e9d csapatban gyakorolni a csapatmunk\u00e1t? Fontosnak tartod, hogy a tanulm\u00e1nyaidba fektetett energia ne csak \u00e9rdemjegyben, hanem ak\u00e1r t\u00e1rsadalmi haszon form\u00e1j\u00e1ban is megt\u00e9r\u00fclj\u00f6n? Szeretsz j\u00e1tszani, \u00e9s nem riadsz vissza a rendhagy\u00f3 munkaform\u00e1kt\u00f3l? \u00a0 Akkor ezt a szabadon v\u00e1laszthat\u00f3 kurzust, &hellip;<\/p>\n","protected":false},"author":101470,"featured_media":0,"parent":2643,"menu_order":0,"comment_status":"closed","ping_status":"closed","template":"","meta":{"_acf_changed":false,"footnotes":""},"categories":[],"tags":[],"class_list":["post-3255","page","type-page","status-publish","hentry"],"acf":[],"_links":{"self":[{"href":"https:\/\/semmelweis.hu\/oktatasmodszertan\/wp-json\/wp\/v2\/pages\/3255","targetHints":{"allow":["GET"]}}],"collection":[{"href":"https:\/\/semmelweis.hu\/oktatasmodszertan\/wp-json\/wp\/v2\/pages"}],"about":[{"href":"https:\/\/semmelweis.hu\/oktatasmodszertan\/wp-json\/wp\/v2\/types\/page"}],"author":[{"embeddable":true,"href":"https:\/\/semmelweis.hu\/oktatasmodszertan\/wp-json\/wp\/v2\/users\/101470"}],"replies":[{"embeddable":true,"href":"https:\/\/semmelweis.hu\/oktatasmodszertan\/wp-json\/wp\/v2\/comments?post=3255"}],"version-history":[{"count":8,"href":"https:\/\/semmelweis.hu\/oktatasmodszertan\/wp-json\/wp\/v2\/pages\/3255\/revisions"}],"predecessor-version":[{"id":4351,"href":"https:\/\/semmelweis.hu\/oktatasmodszertan\/wp-json\/wp\/v2\/pages\/3255\/revisions\/4351"}],"up":[{"embeddable":true,"href":"https:\/\/semmelweis.hu\/oktatasmodszertan\/wp-json\/wp\/v2\/pages\/2643"}],"wp:attachment":[{"href":"https:\/\/semmelweis.hu\/oktatasmodszertan\/wp-json\/wp\/v2\/media?parent=3255"}],"wp:term":[{"taxonomy":"category","embeddable":true,"href":"https:\/\/semmelweis.hu\/oktatasmodszertan\/wp-json\/wp\/v2\/categories?post=3255"},{"taxonomy":"post_tag","embeddable":true,"href":"https:\/\/semmelweis.hu\/oktatasmodszertan\/wp-json\/wp\/v2\/tags?post=3255"}],"curies":[{"name":"wp","href":"https:\/\/api.w.org\/{rel}","templated":true}]}}