{"id":2465,"date":"2021-01-21T09:46:06","date_gmt":"2021-01-21T08:46:06","guid":{"rendered":"https:\/\/semmelweis.hu\/oktatasmodszertan\/?page_id=2465"},"modified":"2024-04-09T13:57:49","modified_gmt":"2024-04-09T11:57:49","slug":"clilmed","status":"publish","type":"page","link":"https:\/\/semmelweis.hu\/oktatasmodszertan\/projektek\/clilmed\/","title":{"rendered":"CLILMED"},"content":{"rendered":"<h3><strong>CLIL in Medical Education: Reaching for Tools to Teach Effectively in English in a Multicultural and Multilingual Learning Space<\/strong><\/h3>\n<p><a href=\"https:\/\/clilmed.eu\/\" target=\"_blank\" rel=\"noopener\"><img loading=\"lazy\" decoding=\"async\" class=\"alignleft wp-image-2469 size-full\" src=\"https:\/\/semmelweis.hu\/oktatasmodszertan\/files\/2021\/01\/Clilmed-logo.png\" alt=\"\" width=\"284\" height=\"85\" \/><\/a>Az Erasmus+ Strat\u00e9giai Partners\u00e9gi Projekt c\u00e9lja az eg\u00e9szs\u00e9g\u00fcgyi fels\u0151oktat\u00e1si int\u00e9zm\u00e9nyekben angol nyelven oktat\u00f3k t\u00e1mogat\u00e1sa abban, hogy tant\u00e1rgyuk oktat\u00e1sa k\u00f6zben hat\u00e9konyan tudj\u00e1k fejleszteni hallgat\u00f3ik angol nyelvi kompetenci\u00e1it a CLIL-m\u00f3dszer alkalmaz\u00e1s\u00e1val. A projekteredm\u00e9nyek seg\u00edts\u00e9g\u00e9vel tov\u00e1bb\u00e1 l\u00e9p\u00e9sek tehet\u0151k a nemzetk\u00f6zies\u00edt\u00e9s miatt egyre ink\u00e1bb sz\u00fcks\u00e9gess\u00e9 v\u00e1l\u00f3 interkultur\u00e1lis kompetenci\u00e1k fejleszt\u00e9s\u00e9re, melyek r\u00e9v\u00e9n az oktat\u00f3k a nemzetk\u00f6zi hallgat\u00f3kb\u00f3l \u00e1ll\u00f3 csoportokat eredm\u00e9nyesen, a kult\u00far\u00e1k saj\u00e1toss\u00e1gait figyelembe v\u00e9ve k\u00e9pesek tan\u00edtani.<\/p>\n<p><a href=\"https:\/\/en.wikipedia.org\/wiki\/Content_and_language_integrated_learning\" target=\"_blank\" rel=\"noopener noreferrer\"><strong>CLIL: Content and language integrated learning:\u00a0<\/strong><\/a>Olyan megk\u00f6zel\u00edt\u00e9s, mely \u00e1ltal a tanul\u00f3k idegen nyelven tanulnak szakmai t\u00e1rgyakat, \u00edgy nemcsak a tananyagot saj\u00e1t\u00edtj\u00e1k el, de a c\u00e9lnyelvben is fejl\u0151dnek.<\/p>\n<p><strong>A projekt id\u0151tartama:\u00a0<\/strong>2019. okt\u00f3ber 31. \u2013 2022. j\u00fanius 30.<\/p>\n<p><a class=\"button\" href=\"https:\/\/clilmed.eu\/\" target=\"_blank\" rel=\"noopener noreferrer\"><strong>Honlap<\/strong><\/a><\/p>\n<p><strong>A projekt r\u00e9sztvev\u0151i:\u00a0<\/strong><\/p>\n<ul>\n<li>Luminar Foundation (Lengyelorsz\u00e1g)<\/li>\n<li>Karolinska Institutet (Sv\u00e9dorsz\u00e1g)<\/li>\n<li>Atlantic Language (\u00cdrorsz\u00e1g)<\/li>\n<li>Medical University of Warsaw (Lengyelorsz\u00e1g)<\/li>\n<li>Medical University of Gda\u0144sk (Lengyelorsz\u00e1g)<\/li>\n<li>Jagiellonian University Medical College (Lengyelorsz\u00e1g),<\/li>\n<li>Semmelweis Egyetem (Magyarorsz\u00e1g)<\/li>\n<li>P\u00e9csi Tudom\u00e1nyegyetem \u00c1ltal\u00e1nos Orvostudom\u00e1nyi Kara (Magyarorsz\u00e1g)<\/li>\n<\/ul>\n<p>A projekt folyam\u00e1n megszervezett Pilot Course sor\u00e1n \u00f6sszesen 18 egyetemi oktat\u00f3 vett r\u00e9szt a partneregyetemekr\u0151l, ezzel elsaj\u00e1t\u00edtva a sz\u00fcks\u00e9ges m\u00f3dszertant, melyet k\u00e9s\u0151bb \u00e1tad majd koll\u00e9g\u00e1inak az adott fels\u0151oktat\u00e1si int\u00e9zm\u00e9nyben.<\/p>\n<p>A <strong>Semmelweis Egyetemr\u0151l<\/strong> h\u00e1rom oktat\u00f3 vett r\u00e9szt a kurzuson, k\u00f6z\u00fcl\u00fck ketten 2022-ben a partneregyetemeken rendezett disszemin\u00e1ci\u00f3s esem\u00e9nyeken tartottak el\u0151ad\u00e1st a m\u00f3dszertanr\u00f3l:<\/p>\n<table style=\"border-collapse: collapse; width: 100%;\">\n<tbody>\n<tr>\n<td style=\"width: 33.3333%;\"><strong>N\u00e9v<\/strong><\/td>\n<td style=\"width: 33.3333%;\"><strong>Szervezeti egys\u00e9g<\/strong><\/td>\n<td style=\"width: 33.3333%;\"><strong>Disszemin\u00e1ci\u00f3s esem\u00e9ny<\/strong><\/td>\n<\/tr>\n<tr>\n<td style=\"width: 33.3333%;\">Gampe N\u00f3ra<\/td>\n<td style=\"width: 33.3333%;\">Farmakogn\u00f3ziai Int\u00e9zet<\/td>\n<td style=\"width: 33.3333%;\">\n<p>Ume\u00e5 University (Sv\u00e9dorsz\u00e1g)<br \/>\n2022. m\u00e1rcius 21.<\/p>\n<\/td>\n<\/tr>\n<tr>\n<td style=\"width: 33.3333%;\">N\u00e9benf\u00fchrer Zsuzsa<\/td>\n<td style=\"width: 33.3333%;\">Belgy\u00f3gy\u00e1szati \u00e9s Hematol\u00f3giai Klinika<\/td>\n<td style=\"width: 33.3333%;\">\n<p>Uppsala University (Sv\u00e9dorsz\u00e1g)<br \/>\n2022. m\u00e1rcius 7.<\/p>\n<p>Irish Network of Healthcare Educators (online)<br \/>\n2022. j\u00fanius 7.<\/p>\n<\/td>\n<\/tr>\n<\/tbody>\n<\/table>\n<div>\u00a0<\/div>\n<div>Egyetem\u00fcnk\u00f6n 2021. december 1-j\u00e9n ker\u00fclt megrendez\u00e9sre az <strong>&#8222;Online f\u00f3rum az akt\u00edv tanul\u00e1sr\u00f3l a CLILMED t\u00fckr\u00e9ben&#8221;<\/strong> c\u00edm\u0171 f\u00f3rumunk, ahol az eml\u00edtett oktat\u00f3k \u00e9s Dr. Kiss Levente (OFMSZK\/\u00c9lettani Int\u00e9zet) besz\u00e1moltak a CLIL-m\u00f3dszer alkalmaz\u00e1s\u00e1r\u00f3l \u00f3r\u00e1ikon.<\/div>\n<div>\u00a0<\/div>\n<div><a class=\"button\" href=\"https:\/\/semmelweis.hu\/oktatasmodszertan\/files\/2022\/01\/aktiv_tanulas_a_clil_tukreben_2021_01_10.pdf\" target=\"_blank\" rel=\"noopener\">Besz\u00e1mol\u00f3 a f\u00f3rumr\u00f3l<\/a><\/div>\n<div>\u00a0<\/div>\n<div><span class=\"S1PPyQ\">Magyar nyelven is el\u00e9rhet\u0151 a <\/span>CLILMED<span class=\"S1PPyQ\"> projekt <\/span><strong>m\u00f3dszertani \u00fatmutat\u00f3ja,<\/strong><span class=\"S1PPyQ\"><span class=\"S1PPyQ\"> mely az idegen nyelven val\u00f3 oktat\u00e1shoz ny\u00fajt pedag\u00f3giai seg\u00edts\u00e9get. <\/span><\/span><span style=\"font-size: 1rem;\">Az \u00fatmutat\u00f3 t\u00f6bbek k\u00f6z\u00f6tt kit\u00e9r a CLIL-megk\u00f6zel\u00edt\u00e9s m\u00f3dszertan\u00e1ra, <\/span><span style=\"font-size: 1rem;\">az interkultur\u00e1lis kompetencia fejleszt\u00e9s\u00e9re, a konstrukt\u00edv \u00f6sszehangol\u00e1sra, <\/span><span style=\"font-size: 1rem;\">a csoportmunka menedzsel\u00e9s\u00e9re, valamint az \u00e9rt\u00e9kel\u00e9sre \u00e9s az akt\u00edv tanul\u00e1sra.<\/span><\/div>\n<div>\u00a0<\/div>\n<div><a class=\"button\" href=\"https:\/\/clilmed.eu\/wp-content\/uploads\/2023\/02\/10_CLILMED_Guidebook_Hungarian.pdf\" target=\"_blank\" rel=\"noopener\">\u00datmutat\u00f3 let\u00f6lt\u00e9se<\/a><\/div>\n<h3>\u00a0<\/h3>\n","protected":false},"excerpt":{"rendered":"<p>CLIL in Medical Education: Reaching for Tools to Teach Effectively in English in a Multicultural and Multilingual Learning Space <a href=\"https:\/\/clilmed.eu\/\" target=\"_blank\" rel=\"noopener\"><\/a> Az Erasmus+ Strat\u00e9giai Partners\u00e9gi Projekt c\u00e9lja az eg\u00e9szs\u00e9g\u00fcgyi fels\u0151oktat\u00e1si int\u00e9zm\u00e9nyekben angol nyelven oktat\u00f3k t\u00e1mogat\u00e1sa abban, hogy tant\u00e1rgyuk oktat\u00e1sa k\u00f6zben hat\u00e9konyan tudj\u00e1k fejleszteni hallgat\u00f3ik angol nyelvi kompetenci\u00e1it a CLIL-m\u00f3dszer alkalmaz\u00e1s\u00e1val. A projekteredm\u00e9nyek seg\u00edts\u00e9g\u00e9vel tov\u00e1bb\u00e1 l\u00e9p\u00e9sek tehet\u0151k a &hellip;<\/p>\n","protected":false},"author":101470,"featured_media":0,"parent":2659,"menu_order":0,"comment_status":"closed","ping_status":"closed","template":"","meta":{"_acf_changed":false,"footnotes":""},"categories":[],"tags":[],"class_list":["post-2465","page","type-page","status-publish","hentry"],"acf":[],"_links":{"self":[{"href":"https:\/\/semmelweis.hu\/oktatasmodszertan\/wp-json\/wp\/v2\/pages\/2465","targetHints":{"allow":["GET"]}}],"collection":[{"href":"https:\/\/semmelweis.hu\/oktatasmodszertan\/wp-json\/wp\/v2\/pages"}],"about":[{"href":"https:\/\/semmelweis.hu\/oktatasmodszertan\/wp-json\/wp\/v2\/types\/page"}],"author":[{"embeddable":true,"href":"https:\/\/semmelweis.hu\/oktatasmodszertan\/wp-json\/wp\/v2\/users\/101470"}],"replies":[{"embeddable":true,"href":"https:\/\/semmelweis.hu\/oktatasmodszertan\/wp-json\/wp\/v2\/comments?post=2465"}],"version-history":[{"count":10,"href":"https:\/\/semmelweis.hu\/oktatasmodszertan\/wp-json\/wp\/v2\/pages\/2465\/revisions"}],"predecessor-version":[{"id":4958,"href":"https:\/\/semmelweis.hu\/oktatasmodszertan\/wp-json\/wp\/v2\/pages\/2465\/revisions\/4958"}],"up":[{"embeddable":true,"href":"https:\/\/semmelweis.hu\/oktatasmodszertan\/wp-json\/wp\/v2\/pages\/2659"}],"wp:attachment":[{"href":"https:\/\/semmelweis.hu\/oktatasmodszertan\/wp-json\/wp\/v2\/media?parent=2465"}],"wp:term":[{"taxonomy":"category","embeddable":true,"href":"https:\/\/semmelweis.hu\/oktatasmodszertan\/wp-json\/wp\/v2\/categories?post=2465"},{"taxonomy":"post_tag","embeddable":true,"href":"https:\/\/semmelweis.hu\/oktatasmodszertan\/wp-json\/wp\/v2\/tags?post=2465"}],"curies":[{"name":"wp","href":"https:\/\/api.w.org\/{rel}","templated":true}]}}