{"id":240,"date":"2018-08-27T09:26:32","date_gmt":"2018-08-27T07:26:32","guid":{"rendered":"http:\/\/semmelweis.hu\/oktatasmodszertan\/?page_id=240"},"modified":"2023-03-21T10:01:05","modified_gmt":"2023-03-21T09:01:05","slug":"merit-dijas-oktatok","status":"publish","type":"page","link":"https:\/\/semmelweis.hu\/oktatasmodszertan\/oktatasertekeles\/merit-dijas-oktatok\/","title":{"rendered":"Merit d\u00edjas oktat\u00f3k &#8211; \u00c1OK"},"content":{"rendered":"<p>A <strong>kiemelked\u0151 oktat\u00e1si tev\u00e9kenys\u00e9g\u00e9rt<\/strong> j\u00e1r\u00f3 Merit d\u00edjra szem\u00e9lyi javaslatot az <strong>\u00c1ltal\u00e1nos Orvostudom\u00e1nyi Kar<\/strong> II-VI. \u00e9ves hallgat\u00f3i az el\u0151z\u0151 tan\u00e9v folyam\u00e1n hallgatott t\u00e1rgyak legjobbnak \u00edt\u00e9lt egy-egy el\u0151ad\u00f3j\u00e1ra, gyakorlatvezet\u0151j\u00e9re tehetnek minden \u00e9v szeptember 15-ig. A jel\u00f6l\u00e9s akkor eredm\u00e9nyes, ha az adott \u00e9vfolyamhoz tartoz\u00f3 hallgat\u00f3k legal\u00e1bb 10%-a leadta a szavazat\u00e1t.<\/p>\n<p>\nA Merit d\u00edjat az az el\u0151ad\u00f3, illetve gyakorlatvezet\u0151 kapja, akire <strong>a legt\u00f6bb szavazat \u00e9rkezett \u00e9vfolyamonk\u00e9nt.<\/strong><\/p>\n<p>\n\u00c9vente legfeljebb 20 d\u00edj \u00edt\u00e9lhet\u0151 oda<br \/>\na) a magyar nyelv\u0171 oktat\u00e1sban r\u00e9szt vev\u0151 hallgat\u00f3k szavazata alapj\u00e1n \u00e9vfolyamonk\u00e9nt 1 el\u0151ad\u00f3 \u00e9s 1 gyakorlatvezet\u0151 r\u00e9sz\u00e9re,<br \/>\nb) az idegen nyelv\u0171 (angol \u00e9s n\u00e9met nyelv\u0171) k\u00e9pz\u00e9sben r\u00e9sztvev\u0151 hallgat\u00f3k szavazata alapj\u00e1n \u00e9vfolyamonk\u00e9nt 1 el\u0151ad\u00f3 \u00e9s 1 gyakorlatvezet\u0151 r\u00e9sz\u00e9re.<\/p>\n<p>\nA Merit d\u00edjjal j\u00e1r\u00f3 p\u00e9nzjutalom \u00f6sszege 12 h\u00f3napon kereszt\u00fcl havi brutt\u00f3 100.000.-Ft\/f\u0151.<\/p>\n<p><a href=\"https:\/\/semmelweis.hu\/aok\/files\/2023\/02\/Merit-dij-adomanyozasarol-szolo-szabalyzat.pdf\" target=\"_blank\" rel=\"noopener noreferrer\"><em><strong>Teljes szab\u00e1lyzat<\/strong><\/em><\/a><\/p>\n<p><span style=\"font-size: 18pt\"><strong>Oktat\u00f3i Merit d\u00edjat elnyert oktat\u00f3k<\/strong><\/span><\/p>\n<div class=\"responsive-tabs\">\n<h2 class=\"tabtitle\">2022<\/h2>\n<div class=\"tabcontent\">\n\n<p><span style=\"text-decoration: underline\"><strong>2022. \u00e9vben:<\/strong><\/span><\/p>\n<p>Dr. Ag\u00f3cs Gergely, egyetemi adjunktus<\/p>\n<p>Dr. Csala Mikl\u00f3s, egyetemi tan\u00e1r<\/p>\n<p>Dr. Guly\u00e1s D\u00e1niel, rezidens<\/p>\n<p>Dr. Hanics J\u00e1nos, egyetemi adjunktus<\/p>\n<p>Dr. Kat\u00f3 Erzs\u00e9bet, egyetemi adjunktus<\/p>\n<p>Dr. Katz S\u00e1ndor, egyetemi adjunktus<\/p>\n<p>Dr. Kellermayer Mikl\u00f3s S\u00e1ndor Zolt\u00e1n, egyetemi tan\u00e1r<\/p>\n<p>Dr. Magyar Attila, egyetemi docens<\/p>\n<p>Dr. Matolcsy Andr\u00e1s, egyetemi tan\u00e1r<\/p>\n<p>Dr. M\u00fcller Veronika, egyetemi tan\u00e1r<\/p>\n<p>Dr. Riba P\u00e1l, egyetemi docens<\/p>\n<p>Dr. Szab\u00f3 Eszter, egyetemi adjunktus<\/p>\n<p>Dr. Szombath Gergely, egyetemi tan\u00e1rseg\u00e9d<\/p>\n<p>Dr. T\u00f6r\u0151csik Be\u00e1ta, egyetemi docens<\/p>\n\n<\/div><h2 class=\"tabtitle\">2021<\/h2>\n<div class=\"tabcontent\">\n\n<p><span style=\"text-decoration: underline\"><strong>2021. \u00e9vben:<\/strong><\/span><\/p>\n<p>dr. Balla Andr\u00e1s, az \u00c9lettani Int\u00e9zet egyetemi docense<\/p>\n<p>\ndr. Barna J\u00e1nos, az Anat\u00f3miai, Sz\u00f6vet- \u00e9s Fejl\u0151d\u00e9stani Int\u00e9zet egyetemi docense<\/p>\n<p>\ndr. Csala Mikl\u00f3s, a Molekul\u00e1ris Biol\u00f3giai Tansz\u00e9k egyetemi tan\u00e1ra<\/p>\n<p>\ndr. Guly\u00e1s D\u00e1niel, az Orvosi Mikrobiol\u00f3giai Int\u00e9zet rezidense<\/p>\n<p>\ndr. Kat\u00f3 Erzs\u00e9bet, a Farmakol\u00f3giai \u00e9s Farmakoter\u00e1pi\u00e1s Int\u00e9zet egyetemi adjunktusa<\/p>\n<p>\ndr. Kellermayer Mikl\u00f3s, az \u00c1OK d\u00e9k\u00e1nja, a Biofizikai \u00e9s Sug\u00e1rbiol\u00f3giai Int\u00e9zet egyetemi tan\u00e1ra<\/p>\n<p>\ndr. K\u00f6les L\u00e1szl\u00f3, a Farmakol\u00f3giai \u00e9s Farmakoter\u00e1pi\u00e1s Int\u00e9zet egyetemi docense<\/p>\n<p>\ndr. Kuroli Enik\u0151, a B\u0151r-, Nemik\u00f3rtani \u00e9s B\u0151ronkol\u00f3giai Klinika klinikai f\u0151orvosa<\/p>\n<p>\ndr. Madaras Lilla, a II. Sz. Patol\u00f3giai Int\u00e9zet egyetemi docense<\/p>\n<p>\ndr. Magyar L\u00f3r\u00e1nt, az Igazs\u00e1g\u00fcgyi \u00e9s Biztos\u00edt\u00e1s-orvostani Int\u00e9zet igazgat\u00f3helyettese<\/p>\n<p>\ndr. Matolcsy Andr\u00e1s, az \u00c1OK d\u00e9k\u00e1nhelyettese, az I. Sz. Patol\u00f3giai \u00e9s K\u00eds\u00e9rletes R\u00e1kkutat\u00f3 Int\u00e9zet egyetemi tan\u00e1ra<\/p>\n<p>\ndr. Riba P\u00e1l, a Farmakol\u00f3giai \u00e9s Farmakoter\u00e1pi\u00e1s Int\u00e9zet egyetemi docense<\/p>\n<p>\ndr. Szanda Gerg\u0151, az \u00c9lettani Int\u00e9zet egyetemi docense<\/p>\n<p>\ndr. Tisl\u00e9r Andr\u00e1s, a Belgy\u00f3gy\u00e1szati \u00e9s Onkol\u00f3giai Klinika egyetemi docense<\/p>\n<p>\ndr. T\u00f6r\u0151csik Be\u00e1ta, a Biok\u00e9miai Tansz\u00e9k egyetemi docense<\/p>\n<p>\ndr. V\u00e1rnai P\u00e9ter, az \u00c9lettani Int\u00e9zet egyetemi tan\u00e1ra<\/p>\n\n<\/div><h2 class=\"tabtitle\">2020<\/h2>\n<div class=\"tabcontent\">\n\n<p><span style=\"text-decoration: underline\"><strong>2020. \u00e9vben:<\/strong><\/span><\/p>\n<p>Dr. Altdorfer K\u00e1roly, egyetemi docens<\/p>\n<p>Dr. Barna J\u00e1nos, egyetemi docens<\/p>\n<p>Dr. Katz S\u00e1ndor, egyetemi adjunktus<\/p>\n<p>Dr. Kellermayer Mikl\u00f3s S\u00e1ndor Zolt\u00e1n, egyetemi tan\u00e1r<\/p>\n<p>Dr. K\u00f6les L\u00e1szl\u00f3, egyetemi docens<\/p>\n<p>Dr. Riba P\u00e1l, egyetemi docens<\/p>\n<p>Dr. Szanda Gerg\u0151, egyetemi adjunktus<\/p>\n<p>Dr. Toronyi \u00c9va, egyetemi docens<\/p>\n<p>Dr. T\u00f6r\u0151csik Be\u00e1ta, egyetemi docens<\/p>\n\n<\/div><h2 class=\"tabtitle\">2019<\/h2>\n<div class=\"tabcontent\">\n\n<p><strong><u>2019. \u00e9vben:<\/u><\/strong><\/p>\n<p>Dr. Barna J\u00e1nos, tudom\u00e1nyos munkat\u00e1rs<\/p>\n<p>Dr. Ella Krisztina, egyetemi adjunktus<\/p>\n<p>Dr. Guly\u00e1s D\u00e1niel, rezidens<\/p>\n<p>Dr. Kardon Tam\u00e1s, egyetemi docens<\/p>\n<p>Dr. Kellermayer Mikl\u00f3s, egyetemi tan\u00e1r<\/p>\n<p>Dr. Kiss Levente, egyetemi adjunktus<\/p>\n<p>Dr. Kocsis B\u00e9la, egyetemi adjunktus<\/p>\n<p>Dr. Kozsurek M\u00e1rk, egyetemi adjunktus<\/p>\n<p>Dr. K\u00f6les L\u00e1szl\u00f3, egyetemi docens<\/p>\n<p>Dr. Kriston T\u00fcnde, mesteroktat\u00f3<\/p>\n<p>Dr. Matolcsy Andr\u00e1s, egyetemi tan\u00e1r<\/p>\n<p>Dr. Neh\u00e9z L\u00e1szl\u00f3, egyetemi adjunktus<\/p>\n<p>Dr. Riba P\u00e1l, egyetemi docens<\/p>\n<p>Dr. Ruttkay Tam\u00e1s, egyetemi adjunktus<\/p>\n<p>Dr. Szanda Gerg\u0151, egyetemi adjunktus<\/p>\n\n<\/div><h2 class=\"tabtitle\">2018<\/h2>\n<div class=\"tabcontent\">\n\n<p><strong><u>2018. \u00e9vben:<\/u><\/strong><\/p>\n<p>Dr. Barna J\u00e1nos egyetemi docens<\/p>\n<p>Dr. Cs\u00e1ki \u00c1gnes egyetemi docens<\/p>\n<p>Dr. Frit\u00faz G\u00e1bor egyetemi tan\u00e1rseg\u00e9d<\/p>\n<p>Dr. K\u00e1llai Andr\u00e1s egyetemi tan\u00e1rseg\u00e9d<\/p>\n<p>Dr. Kamondi Anita egyetemi tan\u00e1r<\/p>\n<p>Dr. Kat\u00f3 Erzs\u00e9bet egyetemi adjunktus<\/p>\n<p>Dr. Kellermayer Mikl\u00f3s egyetemi tan\u00e1r<\/p>\n<p>Dr. Kiss Levente egyetemi adjunktus<\/p>\n<p>Dr. K\u00f6les L\u00e1szl\u00f3 egyetemi docens<\/p>\n<p>Dr. Kriston T\u00fcnde mestertan\u00e1r<\/p>\n<p>Dr. Ligeti Erzs\u00e9bet egyetemi tan\u00e1r<\/p>\n<p>Dr. Magyar L\u00f3r\u00e1nt egyetemi tan\u00e1rseg\u00e9d<\/p>\n<p>Dr. Matolcsy Andr\u00e1s egyetemi tan\u00e1r<\/p>\n<p>Dr. M\u00fcllner N\u00e1ndor egyetemi docens<\/p>\n<p>Dr. Riba P\u00e1l egyetemi docens<\/p>\n<p>Dr. Torn\u00f3ci L\u00e1szl\u00f3 mesteroktat\u00f3<\/p>\n<p>Dr. Toronyi \u00c9va egyetemi docens<\/p>\n\n<\/div><h2 class=\"tabtitle\">2017<\/h2>\n<div class=\"tabcontent\">\n\n<p><strong><u>2017. \u00e9vben:<\/u><\/strong><\/p>\n<p>Dr. Kamondi Anita egyetemi tan\u00e1r<\/p>\n<p>Dr. Kellermayer Mikl\u00f3s egyetemi tan\u00e1r<\/p>\n<p>Dr. Matolcsy Andr\u00e1s egyetemi tan\u00e1r<\/p>\n<p>Dr. V\u00e1rnai P\u00e9ter egyetemi tan\u00e1r<\/p>\n<p>Dr. Veres G\u00e1bor egyetemi tan\u00e1r<\/p>\n<p>Dr. Alp\u00e1r Al\u00e1n egyetemi docens<\/p>\n<p>Dr. K\u00f6les L\u00e1szl\u00f3 egyetemi docens<\/p>\n<p>Dr. Moln\u00e1r Mikl\u00f3s egyetemi docens<\/p>\n<p>Dr. Toronyi \u00c9va egyetemi docens<\/p>\n<p>Dr. Barna J\u00e1nos egyetemi adjunktus<\/p>\n<p>Dr. Hagym\u00e1si Krisztina egyetemi adjunktus<\/p>\n<p>Dr. Kat\u00f3 Erzs\u00e9bet egyetemi adjunktus<\/p>\n<p>Dr. Kiss Levente egyetemi adjunktus<\/p>\n<p>Dr. Fullajt\u00e1r M\u00e1t\u00e9 tan\u00e1rseg\u00e9d<\/p>\n<p>Dr. Kriston T\u00fcnde mestertan\u00e1r<\/p>\n<p>Dr. Torn\u00f3ci L\u00e1szl\u00f3 mesteroktat\u00f3<\/p>\n\n<\/div><h2 class=\"tabtitle\">2016<\/h2>\n<div class=\"tabcontent\">\n\n<p><strong><u>2016. \u00e9vben:<br \/>\n<\/u><\/strong><\/p>\n<p>Dr. Csala Mikl\u00f3s egyetemi docens<\/p>\n<p>Dr. Barna J\u00e1nos tudom\u00e1nyos munkat\u00e1rs<\/p>\n<p>Dr. Torn\u00f3ci L\u00e1szl\u00f3 int\u00e9zeti m\u00e9rn\u00f6k<\/p>\n<p>Dr. Matolcsy Andr\u00e1s egyetemi tan\u00e1r<\/p>\n<p>Dr. Riba P\u00e1l egyetemi docens<\/p>\n<p>Dr. K\u00f6les L\u00e1szl\u00f3 egyetemi docens<\/p>\n<p>Dr. Veres G\u00e1bor egyetemi docens<\/p>\n<p>Dr. Frit\u00faz G\u00e1bor egyetemi tan\u00e1rseg\u00e9d<\/p>\n<p>Dr. Magyar L\u00f3r\u00e1nt tan\u00e1rseg\u00e9d<\/p>\n<p>Dr. Szuromi B\u00e1lint klinikai orvos<\/p>\n<p>Dr. \u00c1d\u00e1m \u00c1gota tudom\u00e1nyos munkat\u00e1rs<\/p>\n<p>Dr. Barna J\u00e1nos tudom\u00e1nyos munkat\u00e1rs<\/p>\n<p>Dr. Ostorh\u00e1zi Eszter egyetemi adjunktus<\/p>\n<p>Dr. Ghid\u00e1n \u00c1goston egyetemi adjunktus<\/p>\n<p>Dr. Riba P\u00e1l egyetemi docens<\/p>\n<p>Dr. K\u00f6les L\u00e1szl\u00f3 egyetemi docens<\/p>\n<p>Dr. Kopa Zsolt egyetemi docens<\/p>\n<p>Dr. Horv\u00e1th Andr\u00e1s egyetemi adjunktus<\/p>\n<p>Dr. Malik Anik\u00f3 klinikai szakorvos<\/p>\n<p>Dr. N\u00e9benf\u00fchrer Zsuzsanna klinikai szakorvos<\/p>\n\n<\/div><h2 class=\"tabtitle\">2015<\/h2>\n<div class=\"tabcontent\">\n\n<p><strong><u>2015. \u00e9vben:<\/u><\/strong><\/p>\n<p>Dr. L. Kiss Anna egyetemi docens<\/p>\n<p>Dr. Barna J\u00e1nos tudom\u00e1nyos munkat\u00e1rs<\/p>\n<p>Dr. Glasz Tibor egyetemi docens<\/p>\n<p>Dr. Ghid\u00e1n \u00c1goston egyetemi adjunktus<\/p>\n<p>Dr. Riba P\u00e1l egyetemi docens<\/p>\n<p>Dr. K\u00f6les L\u00e1szl\u00f3 egyetemi docens<\/p>\n<p>Dr. Tulassay Tivadar egyetemi tan\u00e1r<\/p>\n<p>Dr. Somfai G\u00e1bor M\u00e1rk egyetemi adjunktus<\/p>\n<p>Dr. Malik Anik\u00f3 \u00c9va klinikai szakorvos<\/p>\n<p>Dr. Szombath Gergely klinikai szakorvos<\/p>\n\n<\/div><h2 class=\"tabtitle\">2014<\/h2>\n<div class=\"tabcontent\">\n\n<p><strong><u>2014. \u00e9vben:<br \/>\n<\/u><\/strong><\/p>\n<p>Dr. L. Kiss Anna egyetemi docens<\/p>\n<p>Dr. Barna J\u00e1nos tudom\u00e1nyos munkat\u00e1rs<\/p>\n<p>Dr. Csala Mikl\u00f3s egyetemi docens<\/p>\n<p>Dr. Ivanics Tam\u00e1s egyetemi docens<\/p>\n<p>Dr. Moln\u00e1r Mikl\u00f3s egyetemi docens<\/p>\n<p>Dr. Zalatnai Attila egyetemi docens<\/p>\n<p>Dr. Riba P\u00e1l egyetemi docens<\/p>\n<p>Dr. K\u00f6les L\u00e1szl\u00f3 egyetemi docens<\/p>\n<p>Dr. Tulassay Tivadar egyetemi tan\u00e1r<\/p>\n<p>Dr. Kempler P\u00e9ter egyetemi tan\u00e1r<\/p>\n<p>Dr. Kamondi Anita egyetemi tan\u00e1r<\/p>\n\n<\/div><h2 class=\"tabtitle\">2013<\/h2>\n<div class=\"tabcontent\">\n\n<p><strong><u>2013. \u00e9vben:<\/u><\/strong><\/p>\n<p>Dr. Csala Mikl\u00f3s egyetemi docens<\/p>\n<p>Dr. Barna J\u00e1nos tudom\u00e1nyos munkat\u00e1rs<\/p>\n<p>Dr. T\u00edm\u00e1r Csaba Istv\u00e1n tudom\u00e1nyos munkat\u00e1rs<\/p>\n<p>Dr. Hanics J\u00e1nos egyetemi tan\u00e1rseg\u00e9d<\/p>\n<p>Dr. Torn\u00f3ci L\u00e1szl\u00f3 int\u00e9zeti m\u00e9rn\u00f6k<\/p>\n<p>Dr. Nagy P\u00e9ter egyetemi tan\u00e1r<\/p>\n<p>Dr. Z\u00e1dori Zolt\u00e1n egyetemi docens<\/p>\n<p>Dr. K\u00f6les L\u00e1szl\u00f3 egyetemi docens<\/p>\n<p>Dr. Veres G\u00e1bor egyetemi docens<\/p>\n<p>Dr. Kamondi Anita egyetemi tan\u00e1r<\/p>\n<\/div><\/div>\n","protected":false},"excerpt":{"rendered":"<p>Oktat\u00f3i Merit-d\u00edjat elnyert oktat\u00f3k<\/p>\n","protected":false},"author":101470,"featured_media":0,"parent":2811,"menu_order":3,"comment_status":"closed","ping_status":"closed","template":"","meta":{"_acf_changed":false,"footnotes":""},"categories":[],"tags":[],"class_list":["post-240","page","type-page","status-publish","hentry"],"acf":[],"_links":{"self":[{"href":"https:\/\/semmelweis.hu\/oktatasmodszertan\/wp-json\/wp\/v2\/pages\/240","targetHints":{"allow":["GET"]}}],"collection":[{"href":"https:\/\/semmelweis.hu\/oktatasmodszertan\/wp-json\/wp\/v2\/pages"}],"about":[{"href":"https:\/\/semmelweis.hu\/oktatasmodszertan\/wp-json\/wp\/v2\/types\/page"}],"author":[{"embeddable":true,"href":"https:\/\/semmelweis.hu\/oktatasmodszertan\/wp-json\/wp\/v2\/users\/101470"}],"replies":[{"embeddable":true,"href":"https:\/\/semmelweis.hu\/oktatasmodszertan\/wp-json\/wp\/v2\/comments?post=240"}],"version-history":[{"count":10,"href":"https:\/\/semmelweis.hu\/oktatasmodszertan\/wp-json\/wp\/v2\/pages\/240\/revisions"}],"predecessor-version":[{"id":4113,"href":"https:\/\/semmelweis.hu\/oktatasmodszertan\/wp-json\/wp\/v2\/pages\/240\/revisions\/4113"}],"up":[{"embeddable":true,"href":"https:\/\/semmelweis.hu\/oktatasmodszertan\/wp-json\/wp\/v2\/pages\/2811"}],"wp:attachment":[{"href":"https:\/\/semmelweis.hu\/oktatasmodszertan\/wp-json\/wp\/v2\/media?parent=240"}],"wp:term":[{"taxonomy":"category","embeddable":true,"href":"https:\/\/semmelweis.hu\/oktatasmodszertan\/wp-json\/wp\/v2\/categories?post=240"},{"taxonomy":"post_tag","embeddable":true,"href":"https:\/\/semmelweis.hu\/oktatasmodszertan\/wp-json\/wp\/v2\/tags?post=240"}],"curies":[{"name":"wp","href":"https:\/\/api.w.org\/{rel}","templated":true}]}}