{"id":1747,"date":"2020-03-27T11:17:39","date_gmt":"2020-03-27T10:17:39","guid":{"rendered":"http:\/\/semmelweis.hu\/oktatasmodszertan\/?page_id=1747"},"modified":"2024-09-20T10:50:27","modified_gmt":"2024-09-20T08:50:27","slug":"tovabbi-segedanyagok","status":"publish","type":"page","link":"https:\/\/semmelweis.hu\/oktatasmodszertan\/e-learning\/tovabbi-segedanyagok\/","title":{"rendered":"Tov\u00e1bbi seg\u00e9danyagok"},"content":{"rendered":"<p><strong>Az al\u00e1bbi anyagok, gy\u0171jtem\u00e9nyek a t\u00e1voktat\u00e1s hat\u00e9kony lebonyol\u00edt\u00e1s\u00e1hoz szolg\u00e1ltatnak seg\u00edts\u00e9get.<\/strong><\/p>\n<table style=\"border-collapse: collapse;width: 100%\">\n<tbody>\n<tr>\n<td style=\"width: 100%\">\n<p><strong><a href=\"https:\/\/semmelweis.hu\/oktatasmodszertan\/files\/2020\/03\/\u00c1gazati-aj\u00e1nl\u00e1s-a-fels\u0151oktat\u00e1si-k\u00e9pz\u00e9s-vesz\u00e9lyhelyzet-sor\u00e1n-t\u00f6rt\u00e9n\u0151-megszervez\u00e9s\u00e9hez200318_1.pdf\" target=\"_blank\" rel=\"noopener noreferrer\">Miniszt\u00e9riumi \u00e1gazati aj\u00e1nl\u00e1s a fels\u0151oktat\u00e1si k\u00e9pz\u00e9s vesz\u00e9lyhelyzet sor\u00e1n t\u00f6rt\u00e9n\u0151 megszervez\u00e9s\u00e9hez<\/a><\/strong><\/p>\n<\/td>\n<\/tr>\n<tr>\n<td style=\"width: 100%\">\n<p><a href=\"https:\/\/teaching.utoronto.ca\/teaching-support\/\" target=\"_blank\" rel=\"noopener noreferrer\"><strong>Centre for Teaching Support &amp; Innovation (University of Toronto)<\/strong><\/a><\/p>\n<p>A Toront\u00f3i Egyetem honlapja sz\u00e1mos hasznos seg\u00e9dletet k\u00edn\u00e1l az \u00e9rdekl\u0151d\u0151 oktat\u00f3knak, t\u00f6bbek k\u00f6z\u00f6tt olyan t\u00e9m\u00e1kr\u00f3l, mint az\u00a0<a href=\"https:\/\/teaching.utoronto.ca\/teaching-support\/active-learning-adapting-techniques\/\" target=\"_blank\" rel=\"noopener noreferrer\">akt\u00edv tanul\u00e1s<\/a>\u00a0m\u00f3dszerei,\u00a0<a href=\"https:\/\/teaching.utoronto.ca\/ed-tech\/online-learning\/toolkit\/\" target=\"_blank\" rel=\"noopener noreferrer\">online kurzusok<\/a>\u00a0tervez\u00e9se vagy a\u00a0<a href=\"https:\/\/teaching.utoronto.ca\/teaching-support\/documenting-teaching\/statement-of-teaching-philosophy\/\" target=\"_blank\" rel=\"noopener noreferrer\">tan\u00edt\u00e1si filoz\u00f3fia<\/a>\u00a0meghat\u00e1roz\u00e1sa.<\/p>\n<\/td>\n<\/tr>\n<tr>\n<td style=\"width: 100%\">\n<p><a href=\"https:\/\/www.youtube.com\/watch?v=x6WrpBRBh3M&amp;list=PLSk02cdOEn6ipWzy3EiO1tQRIpQOAJhQc\" target=\"_blank\" rel=\"noopener noreferrer\"><strong>T\u00e1voktat\u00e1st seg\u00edt\u0151 online eszk\u00f6z\u00f6k &#8211; A tanul\u00e1s j\u00f6v\u0151je MOOC kurzus oktat\u00f3vide\u00f3i<\/strong><\/a><\/p>\n<p>A Tempus K\u00f6zalap\u00edtv\u00e1ny n\u00e9pszer\u0171 online kurzus\u00e1b\u00f3l el\u00e9rhet\u0151v\u00e9 v\u00e1ltak a YouTube-on az egyes\u00a0 programokat bemutat\u00f3 oktat\u00f3vide\u00f3k, pl. Linoit, Mentimeter, Quizlet Live, stb.<\/p>\n<\/td>\n<\/tr>\n<tr>\n<td style=\"width: 100%\">\n<p><a href=\"https:\/\/tka.hu\/nemzetkozi\/9770\/felsooktatas-modszertani-adatbazis\" target=\"_blank\" rel=\"noopener noreferrer\"><strong>Fels\u0151oktat\u00e1s Nemzetk\u00f6zi Fejleszt\u00e9s\u00e9\u00e9rt D\u00edj \u2013 M\u00f3dszertani \u00d6tletgy\u0171jtem\u00e9ny<\/strong><\/a><\/p>\n<p>A Tempus K\u00f6zalap\u00edtv\u00e1ny \u00e1ltal l\u00e9trehozott adatb\u00e1zisban a Fels\u0151oktat\u00e1s Nemzetk\u00f6zi Fejleszt\u00e9s\u00e9\u00e9rt D\u00edj felh\u00edv\u00e1sra beadott p\u00e1ly\u00e1zatok le\u00edr\u00e1sait tal\u00e1ljuk. Az oktat\u00e1si m\u00f3dszerek mellett tippeket olvashatunk a projektek m\u00e1s int\u00e9zm\u00e9nyekben val\u00f3 adapt\u00e1l\u00e1s\u00e1ra, valamint megtal\u00e1ljuk a kapcsolattart\u00f3k nev\u00e9t \u00e9s el\u00e9rhet\u0151s\u00e9g\u00e9t is.<\/p>\n<\/td>\n<\/tr>\n<tr>\n<td style=\"width: 100%\">\n<p><a href=\"https:\/\/www.oktatas.hu\/kozneveles\/ajanlas_tantermen_kivuli_digitalis_munkarendhez\/\" target=\"_blank\" rel=\"noopener noreferrer\"><strong>M\u00f3dszertani aj\u00e1nl\u00e1s az oktat\u00e1s megszervez\u00e9s\u00e9re a koronav\u00edrus-j\u00e1rv\u00e1nyban bevezetett, digit\u00e1lis munkarendre &#8211; az Oktat\u00e1si Hivatal gy\u0171jtem\u00e9nye<\/strong><\/a><\/p>\n<p>Sz\u00e1mos ingyenes programot, honlapot \u00e9s seg\u00e9danyagot tal\u00e1lunk az Oktat\u00e1si Hivatal aj\u00e1nl\u00f3j\u00e1ban a tant\u00e1rgyak igen sz\u00e9les sk\u00e1l\u00e1j\u00e1n.<\/p>\n<\/td>\n<\/tr>\n<\/tbody>\n<\/table>\n","protected":false},"excerpt":{"rendered":"<p>Az al\u00e1bbi anyagok, gy\u0171jtem\u00e9nyek a t\u00e1voktat\u00e1s hat\u00e9kony lebonyol\u00edt\u00e1s\u00e1hoz szolg\u00e1ltatnak seg\u00edts\u00e9get. <a href=\"https:\/\/semmelweis.hu\/oktatasmodszertan\/files\/2020\/03\/\u00c1gazati-aj\u00e1nl\u00e1s-a-fels\u0151oktat\u00e1si-k\u00e9pz\u00e9s-vesz\u00e9lyhelyzet-sor\u00e1n-t\u00f6rt\u00e9n\u0151-megszervez\u00e9s\u00e9hez200318_1.pdf\" target=\"_blank\" rel=\"noopener noreferrer\">Miniszt\u00e9riumi \u00e1gazati aj\u00e1nl\u00e1s a fels\u0151oktat\u00e1si k\u00e9pz\u00e9s vesz\u00e9lyhelyzet sor\u00e1n t\u00f6rt\u00e9n\u0151 megszervez\u00e9s\u00e9hez<\/a> <a href=\"https:\/\/teaching.utoronto.ca\/teaching-support\/\" target=\"_blank\" rel=\"noopener noreferrer\">Centre for Teaching Support &amp; Innovation (University of Toronto)<\/a> A Toront\u00f3i Egyetem honlapja sz\u00e1mos hasznos seg\u00e9dletet k\u00edn\u00e1l az \u00e9rdekl\u0151d\u0151 oktat\u00f3knak, t\u00f6bbek k\u00f6z\u00f6tt olyan t\u00e9m\u00e1kr\u00f3l, mint az\u00a0 <a href=\"https:\/\/teaching.utoronto.ca\/teaching-support\/active-learning-adapting-techniques\/\" target=\"_blank\" rel=\"noopener noreferrer\">akt\u00edv tanul\u00e1s<\/a> \u00a0m\u00f3dszerei,\u00a0 <a href=\"https:\/\/teaching.utoronto.ca\/ed-tech\/online-learning\/toolkit\/\" target=\"_blank\" rel=\"noopener noreferrer\">online kurzusok<\/a> \u00a0tervez\u00e9se vagy a\u00a0 <a href=\"https:\/\/teaching.utoronto.ca\/teaching-support\/documenting-teaching\/statement-of-teaching-philosophy\/\" target=\"_blank\" rel=\"noopener noreferrer\">tan\u00edt\u00e1si filoz\u00f3fia<\/a> \u00a0meghat\u00e1roz\u00e1sa. <a href=\"https:\/\/www.youtube.com\/watch?v=x6WrpBRBh3M&amp;list=PLSk02cdOEn6ipWzy3EiO1tQRIpQOAJhQc\" target=\"_blank\" rel=\"noopener noreferrer\">T\u00e1voktat\u00e1st seg\u00edt\u0151 online eszk\u00f6z\u00f6k &#8211; A tanul\u00e1s j\u00f6v\u0151je MOOC kurzus oktat\u00f3vide\u00f3i<\/a> A Tempus K\u00f6zalap\u00edtv\u00e1ny n\u00e9pszer\u0171 online kurzus\u00e1b\u00f3l el\u00e9rhet\u0151v\u00e9 v\u00e1ltak a YouTube-on az egyes\u00a0 programokat bemutat\u00f3 oktat\u00f3vide\u00f3k, pl. Linoit, Mentimeter, Quizlet Live, stb. <a href=\"https:\/\/tka.hu\/nemzetkozi\/9770\/felsooktatas-modszertani-adatbazis\" target=\"_blank\" rel=\"noopener noreferrer\">Fels\u0151oktat\u00e1s Nemzetk\u00f6zi Fejleszt\u00e9s\u00e9\u00e9rt D\u00edj \u2013 M\u00f3dszertani \u00d6tletgy\u0171jtem\u00e9ny<\/a> A Tempus &hellip;<\/p>\n","protected":false},"author":101470,"featured_media":0,"parent":1515,"menu_order":9,"comment_status":"closed","ping_status":"closed","template":"","meta":{"_acf_changed":false,"footnotes":""},"categories":[],"tags":[],"class_list":["post-1747","page","type-page","status-publish","hentry"],"acf":[],"_links":{"self":[{"href":"https:\/\/semmelweis.hu\/oktatasmodszertan\/wp-json\/wp\/v2\/pages\/1747","targetHints":{"allow":["GET"]}}],"collection":[{"href":"https:\/\/semmelweis.hu\/oktatasmodszertan\/wp-json\/wp\/v2\/pages"}],"about":[{"href":"https:\/\/semmelweis.hu\/oktatasmodszertan\/wp-json\/wp\/v2\/types\/page"}],"author":[{"embeddable":true,"href":"https:\/\/semmelweis.hu\/oktatasmodszertan\/wp-json\/wp\/v2\/users\/101470"}],"replies":[{"embeddable":true,"href":"https:\/\/semmelweis.hu\/oktatasmodszertan\/wp-json\/wp\/v2\/comments?post=1747"}],"version-history":[{"count":5,"href":"https:\/\/semmelweis.hu\/oktatasmodszertan\/wp-json\/wp\/v2\/pages\/1747\/revisions"}],"predecessor-version":[{"id":1873,"href":"https:\/\/semmelweis.hu\/oktatasmodszertan\/wp-json\/wp\/v2\/pages\/1747\/revisions\/1873"}],"up":[{"embeddable":true,"href":"https:\/\/semmelweis.hu\/oktatasmodszertan\/wp-json\/wp\/v2\/pages\/1515"}],"wp:attachment":[{"href":"https:\/\/semmelweis.hu\/oktatasmodszertan\/wp-json\/wp\/v2\/media?parent=1747"}],"wp:term":[{"taxonomy":"category","embeddable":true,"href":"https:\/\/semmelweis.hu\/oktatasmodszertan\/wp-json\/wp\/v2\/categories?post=1747"},{"taxonomy":"post_tag","embeddable":true,"href":"https:\/\/semmelweis.hu\/oktatasmodszertan\/wp-json\/wp\/v2\/tags?post=1747"}],"curies":[{"name":"wp","href":"https:\/\/api.w.org\/{rel}","templated":true}]}}