{"id":1735,"date":"2020-03-27T10:12:02","date_gmt":"2020-03-27T09:12:02","guid":{"rendered":"http:\/\/semmelweis.hu\/oktatasmodszertan\/?page_id=1735"},"modified":"2024-11-28T10:55:10","modified_gmt":"2024-11-28T09:55:10","slug":"ugyfelszolgalat","status":"publish","type":"page","link":"https:\/\/semmelweis.hu\/oktatasmodszertan\/ugyfelszolgalat\/","title":{"rendered":"\u00dcgyf\u00e9lszolg\u00e1lat"},"content":{"rendered":"<p><strong>Az e-learning rendszerrel \u00e9s oktat\u00e1st\u00e1mogat\u00e1si programjainkkal kapcsolatos k\u00e9rd\u00e9seikkel az al\u00e1bbi el\u00e9rhet\u0151s\u00e9geken tudnak keresni minket:<\/p>\n<p><\/strong><\/p>\n<p><strong>K\u00f6zponti \u00fcgyf\u00e9lszolg\u00e1lati e-mail-c\u00edm\u00fcnk:<\/strong><br \/>\nsegitseg@e-learning.semmelweis.hu<\/p>\n<div class=\"w-100 fontos_div\">K\u00e9rj\u00fck, hogy mindig t\u00fcntesse fel a <strong>Neptun-k\u00f3dj\u00e1t<\/strong> az e-mailben.<\/div>\n<p><strong><br \/>\nTov\u00e1bbi lehet\u0151s\u00e9gek:<\/strong><\/p>\n<table style=\"border-collapse: collapse;width: 100%;height: 221px\">\n<tbody>\n<tr style=\"height: 28px\">\n<td style=\"width: 33.6735%;height: 28px\"><strong>Moln\u00e1rn\u00e9 Sz\u00e1nt\u00f3 Andrea<\/strong><\/td>\n<td style=\"width: 32.8911%;height: 28px\">+36-20-670-1747<\/p>\n<div class=\"elementToProof\">molnarne.szanto.andrea@semmelweis.hu<\/div>\n<\/td>\n<td style=\"width: 33.4354%;height: 28px\"><a href=\"http:\/\/itc.semmelweis.hu\/\" target=\"_blank\" rel=\"noopener noreferrer\">Moodle<\/a>, <a href=\"https:\/\/semmelweis.hu\/oktatasmodszertan\/e-learning\/a-seka-azonositorol\/\" target=\"_blank\" rel=\"noopener noreferrer\">SeKA,<\/a> <a href=\"https:\/\/semmelweis.hu\/oktatasmodszertan\/tavoktatas\/zoom-utmutato\/\" target=\"_blank\" rel=\"noopener\">Zoom licenc<\/a> \u00e9s webin\u00e1rium<\/td>\n<\/tr>\n<tr style=\"height: 28px\">\n<td style=\"width: 33.6735%;height: 28px\"><strong>Fekete Csilla<\/strong><\/td>\n<td style=\"width: 32.8911%;height: 28px\">+36-20-666-3385<br \/>\nfekete.csilla@semmelweis.hu<\/td>\n<td style=\"width: 33.4354%;height: 28px\"><a href=\"https:\/\/semmelweis.hu\/oktatasmodszertan\/oktatasertekeles\/omhv\/\" target=\"_blank\" rel=\"noopener\">OMHV,<\/a><a href=\"http:\/\/itc.semmelweis.hu\/\" target=\"_blank\" rel=\"noopener noreferrer\"> Moodle<\/a>, <a href=\"https:\/\/semmelweis.hu\/oktatasmodszertan\/e-learning\/a-seka-azonositorol\/\" target=\"_blank\" rel=\"noopener noreferrer\">SeKA<\/a><\/td>\n<\/tr>\n<tr style=\"height: 55px\">\n<td style=\"width: 33.6735%;height: 55px\"><strong>Anders Tam\u00e1s<\/strong><\/td>\n<td style=\"width: 32.8911%;height: 55px\">+36-30-016-4346<br \/>\nanders.tamas@semmelweis.hu<\/td>\n<td style=\"width: 33.4354%;height: 55px\"><a href=\"https:\/\/kaltura.semmelweis.hu\/\" target=\"_blank\" rel=\"noopener noreferrer\">Kaltura,<\/a> <a href=\"https:\/\/seka.semmelweis.hu\/hu\/info\/eduroam\" target=\"_blank\" rel=\"noopener noreferrer\">eduroam,<\/a> <a href=\"http:\/\/itc.semmelweis.hu\/\" target=\"_blank\" rel=\"noopener noreferrer\">Moodle<\/a><\/td>\n<\/tr>\n<tr style=\"height: 55px\">\n<td style=\"width: 33.6735%;height: 55px\"><strong>Kozma Borb\u00e1la<\/strong><\/td>\n<td style=\"width: 32.8911%;height: 55px\">kozma.borbala@semmelweis.hu<\/td>\n<td style=\"width: 33.4354%;height: 55px\"><a href=\"https:\/\/semmelweis.hu\/oktatasmodszertan\/oktatasi-segedanyagok\/esemenyek\/\" target=\"_blank\" rel=\"noopener noreferrer\">oktat\u00e1st\u00e1mogat\u00e1si programok<\/a><\/td>\n<\/tr>\n<tr style=\"height: 55px\">\n<td style=\"width: 33.6735%;height: 55px\"><strong>dr. Monz\u00e9ger Katalin<\/strong><\/td>\n<td style=\"width: 32.8911%;height: 55px\">+36-20-670-1746<br \/>\nmonzeger.katalin@semmelweis.hu<\/td>\n<td style=\"width: 33.4354%;height: 55px\"><a href=\"https:\/\/semmelweis.hu\/oktatasmodszertan\/tavoktatas\/zoom-utmutato\/\" target=\"_blank\" rel=\"noopener noreferrer\">Zoom (halad\u00f3), <\/a><a href=\"https:\/\/semmelweis.hu\/oktatasmodszertan\/files\/2021\/09\/H5P-a-Moodle-ben.pdf\" target=\"_blank\" rel=\"noopener noreferrer\">H5P,<\/a> <a href=\"https:\/\/semmelweis.hu\/oktatasmodszertan\/oktatasi-segedanyagok\/online-oktatasi-eszkozok\/\" target=\"_blank\" rel=\"noopener noreferrer\">online oktat\u00e1si eszk\u00f6z\u00f6k<\/a><\/td>\n<\/tr>\n<tr>\n<td style=\"width: 33.6735%\"><strong>Sz\u00f6gi Andr\u00e1s L\u00e1szl\u00f3<\/strong><\/td>\n<td style=\"width: 32.8911%\">+36-20-663-24-75<\/p>\n<div id=\"GroupWiseSection_1669370502000_monzeger.katalin@semmelweis-univ.hu_568D13811EB50000B4706F6437386235_\" class=\"GroupWiseMessageBody active\">\n<div id=\"GroupWiseSection_1669370500000_monzeger.katalin@semmelweis-univ.hu_568D13811EB50000B4706F6437386235_\" class=\"GroupWiseMessageBody\"><span class=\"GroupwiseReplyHeader\">szogi.andras@semmelweis.hu<\/span><\/div>\n<\/div>\n<\/td>\n<td style=\"width: 33.4354%\"><a href=\"https:\/\/semmelweis.hu\/oktatasmodszertan\/oktatasertekeles\/feedback\/\" target=\"_blank\" rel=\"noopener noreferrer\">QR feedback rendszer<\/a><\/td>\n<\/tr>\n<\/tbody>\n<\/table>\n<p><strong><em>K\u00f6vesse szervezeti egys\u00e9g\u00fcnket a\u00a0<a href=\"https:\/\/www.facebook.com\/oktatasfejlesztesikozpont\/\" target=\"_blank\" rel=\"noopener noreferrer\">Facebookon<\/a>\u00a0is aktualit\u00e1sok\u00e9rt, m\u00f3dszertani cikkek\u00e9rt!<\/em><\/strong><\/p>\n","protected":false},"excerpt":{"rendered":"<p>Az e-learning rendszerrel \u00e9s oktat\u00e1st\u00e1mogat\u00e1si programjainkkal kapcsolatos k\u00e9rd\u00e9seikkel az al\u00e1bbi el\u00e9rhet\u0151s\u00e9geken tudnak keresni minket: K\u00f6zponti \u00fcgyf\u00e9lszolg\u00e1lati e-mail-c\u00edm\u00fcnk: segitseg@e-learning.semmelweis.hu K\u00e9rj\u00fck, hogy mindig t\u00fcntesse fel a Neptun-k\u00f3dj\u00e1t az e-mailben. Tov\u00e1bbi lehet\u0151s\u00e9gek: Moln\u00e1rn\u00e9 Sz\u00e1nt\u00f3 Andrea +36-20-670-1747 molnarne.szanto.andrea@semmelweis.hu <a href=\"http:\/\/itc.semmelweis.hu\/\" target=\"_blank\" rel=\"noopener noreferrer\">Moodle<\/a> , <a href=\"https:\/\/semmelweis.hu\/oktatasmodszertan\/e-learning\/a-seka-azonositorol\/\" target=\"_blank\" rel=\"noopener noreferrer\">SeKA,<\/a> <a href=\"https:\/\/semmelweis.hu\/oktatasmodszertan\/tavoktatas\/zoom-utmutato\/\" target=\"_blank\" rel=\"noopener\">Zoom licenc<\/a> \u00e9s webin\u00e1rium Fekete Csilla +36-20-666-3385 fekete.csilla@semmelweis.hu <a href=\"https:\/\/semmelweis.hu\/oktatasmodszertan\/oktatasertekeles\/omhv\/\" target=\"_blank\" rel=\"noopener\">OMHV,<\/a> <a href=\"http:\/\/itc.semmelweis.hu\/\" target=\"_blank\" rel=\"noopener noreferrer\"> Moodle<\/a> , <a href=\"https:\/\/semmelweis.hu\/oktatasmodszertan\/e-learning\/a-seka-azonositorol\/\" target=\"_blank\" rel=\"noopener noreferrer\">SeKA<\/a> Anders Tam\u00e1s +36-30-016-4346 anders.tamas@semmelweis.hu <a href=\"https:\/\/kaltura.semmelweis.hu\/\" target=\"_blank\" rel=\"noopener noreferrer\">Kaltura,<\/a> <a href=\"https:\/\/seka.semmelweis.hu\/hu\/info\/eduroam\" target=\"_blank\" rel=\"noopener noreferrer\">eduroam,<\/a> <a href=\"http:\/\/itc.semmelweis.hu\/\" target=\"_blank\" rel=\"noopener noreferrer\">Moodle<\/a> Kozma Borb\u00e1la kozma.borbala@semmelweis.hu <a href=\"https:\/\/semmelweis.hu\/oktatasmodszertan\/oktatasi-segedanyagok\/esemenyek\/\" target=\"_blank\" rel=\"noopener noreferrer\">oktat\u00e1st\u00e1mogat\u00e1si programok<\/a> dr. Monz\u00e9ger Katalin +36-20-670-1746 monzeger.katalin@semmelweis.hu <a href=\"https:\/\/semmelweis.hu\/oktatasmodszertan\/tavoktatas\/zoom-utmutato\/\" target=\"_blank\" rel=\"noopener noreferrer\">Zoom (halad\u00f3), <\/a> <a href=\"https:\/\/semmelweis.hu\/oktatasmodszertan\/files\/2021\/09\/H5P-a-Moodle-ben.pdf\" target=\"_blank\" rel=\"noopener noreferrer\">H5P,<\/a> <a href=\"https:\/\/semmelweis.hu\/oktatasmodszertan\/oktatasi-segedanyagok\/online-oktatasi-eszkozok\/\" target=\"_blank\" rel=\"noopener noreferrer\">online oktat\u00e1si eszk\u00f6z\u00f6k<\/a> Sz\u00f6gi &hellip;<\/p>\n","protected":false},"author":101470,"featured_media":0,"parent":0,"menu_order":10,"comment_status":"closed","ping_status":"closed","template":"template-fullwidth.php","meta":{"_acf_changed":false,"footnotes":""},"categories":[],"tags":[],"class_list":["post-1735","page","type-page","status-publish","hentry"],"acf":[],"_links":{"self":[{"href":"https:\/\/semmelweis.hu\/oktatasmodszertan\/wp-json\/wp\/v2\/pages\/1735","targetHints":{"allow":["GET"]}}],"collection":[{"href":"https:\/\/semmelweis.hu\/oktatasmodszertan\/wp-json\/wp\/v2\/pages"}],"about":[{"href":"https:\/\/semmelweis.hu\/oktatasmodszertan\/wp-json\/wp\/v2\/types\/page"}],"author":[{"embeddable":true,"href":"https:\/\/semmelweis.hu\/oktatasmodszertan\/wp-json\/wp\/v2\/users\/101470"}],"replies":[{"embeddable":true,"href":"https:\/\/semmelweis.hu\/oktatasmodszertan\/wp-json\/wp\/v2\/comments?post=1735"}],"version-history":[{"count":10,"href":"https:\/\/semmelweis.hu\/oktatasmodszertan\/wp-json\/wp\/v2\/pages\/1735\/revisions"}],"predecessor-version":[{"id":5364,"href":"https:\/\/semmelweis.hu\/oktatasmodszertan\/wp-json\/wp\/v2\/pages\/1735\/revisions\/5364"}],"wp:attachment":[{"href":"https:\/\/semmelweis.hu\/oktatasmodszertan\/wp-json\/wp\/v2\/media?parent=1735"}],"wp:term":[{"taxonomy":"category","embeddable":true,"href":"https:\/\/semmelweis.hu\/oktatasmodszertan\/wp-json\/wp\/v2\/categories?post=1735"},{"taxonomy":"post_tag","embeddable":true,"href":"https:\/\/semmelweis.hu\/oktatasmodszertan\/wp-json\/wp\/v2\/tags?post=1735"}],"curies":[{"name":"wp","href":"https:\/\/api.w.org\/{rel}","templated":true}]}}