{"id":1654,"date":"2020-03-22T13:40:48","date_gmt":"2020-03-22T12:40:48","guid":{"rendered":"http:\/\/semmelweis.hu\/oktatasmodszertan\/?page_id=1654"},"modified":"2020-03-25T09:55:58","modified_gmt":"2020-03-25T08:55:58","slug":"anleitung-zum-zoom","status":"publish","type":"page","link":"https:\/\/semmelweis.hu\/oktatasmodszertan\/de\/anleitung-zum-zoom\/","title":{"rendered":"Anleitung zum Zoom"},"content":{"rendered":"<p><strong>Der Fernunterricht wird vom System <a href=\"https:\/\/zoom.us\/\" target=\"_blank\" rel=\"noopener noreferrer\">Zoom<\/a> deutlich unterst\u00fctzt, mit dessen Hilfe m\u00f6glich ist, Online-Konsultationen und Meetings abzuwickeln. In folgender Anleitung werden die Berechtigungsebenen, das Einloggen und die verschiedenen M\u00f6glichkeiten der Benutzung vorgestellt.\u00a0Wichtig ist, dass eine VPN-Verbindung weder zum Einloggen durch SeKA noch zur Verwendung von Moodle und Zoom erforderlich ist.<\/strong><\/p>\n<p><strong>BERECHTIGUNGEN<\/strong><\/p>\n<ul>\n<li>Die Registration auf die Webseite von Zoom ist <strong>kostenlos<\/strong>; mit der kostenlosen Version sind aber nur Videoanrufe von 40 Minuten m\u00f6glich.<\/li>\n<li><strong>Mitarbeiter und Studenten der Semmelweis Universit\u00e4t<\/strong> k\u00f6nnen mit Hilfe ihrer SeKA-Berechtigung ins System einloggen. Dies ist auf folgender Webseite zu erreichen, wenn sie auf den Link <strong>Sign In<\/strong> klicken: <a href=\"https:\/\/semmelweis.zoom.us\">https:\/\/semmelweis.zoom.us<\/a>.<\/li>\n<li><strong>Dozenten<\/strong> und beim Bedarf <strong>sonstige Mitarbeiter der Universit\u00e4t<\/strong> sind berechtigt, eine erweiterte Lizenz (Licenced) zu benutzen, womit Anrufe von unbeschr\u00e4nkter Zeit gestartet und die n\u00f6tigen Konsultationen in die Cloud hochgeladen werden k\u00f6nnen.<\/li>\n<\/ul>\n<div class=\"exp-col-content-holder\"><a class=\"expand-cnt-link\" href=\"#\">Ich bin Dozent, habe aber nur Basic Zoom. Was soll ich tun?<\/a><\/p>\n<div class=\"hidden-content\">\n<p>Loggen Sie sich mit Ihrer SeKA\u2013ID auf der Seite semmelweis.zoom.us ein. Gehen Sie weiter auf Ihre Profilseite (https:\/\/semmelweis.zoom.us\/profile) und pr\u00fcfen Sie, was in der Zeile \u201cUser type\u201d steht. Im Falle von Dozenten sollte hier das Wort \u201cLicensed\u201d stehen. In diesem Fall ist alles in Ordnung. Wenn aber das Wort \u201cBasic\u201d erscheint, m\u00fcssen Sie unter folgendem Link ihre Daten (Namen und den SeKA-Benutzernamen) eingeben:<\/p>\n<p><a href=\"https:\/\/forms.gle\/E6JoVPWcy2SNwMRu9\">https:\/\/forms.gle\/E6JoVPWcy2SNwMRu9<\/a><\/p>\n<p>Nach Eingabe der Daten muss das Upgrade sp\u00e4testens innerhalb von 24 Stunden erfolgen. Falls Ihr User type innerhalb dieses Zeitraums immer noch nicht ge\u00e4ndert wurde, schreiben Sie bitte an die E-Mail Adresse <a href=\"mailto:segitseg@seka.semmelweis.hu\">segitseg@seka.semmelweis.hu<\/a>. In manchen F\u00e4llen muss n\u00e4mlich das fr\u00fchere Benutzerprofil gel\u00f6scht werden, damit die neuen Benutzereinstellungen zur Geltung kommen k\u00f6nnen.<\/p>\n<\/div>\n<\/div>\n<div class=\"exp-col-content-holder\"><a class=\"expand-cnt-link\" href=\"#\">Ich habe noch keinen SeKA-Zugang, aber ich m\u00f6chte Zoom benutzen. Wie kann ich das machen? <\/a><\/p>\n<div class=\"hidden-content\">\n<p>&nbsp;<\/p>\n<p><strong>Eine Einladung annehmen<\/strong> und sich einem Meeting anschlie\u00dfen k\u00f6nnen Sie auch ohne jegliche Registrierung. Es ist also kein Problem, wenn Sie \u00fcber keinen universit\u00e4ren Zugang verf\u00fcgen.<\/p>\n<p><strong>Um ein Meeting zu starten, <\/strong><strong>m\u00fcssen Sie sich jedoch registrieren.<\/strong> Wenn Sie noch keinen SekA-Zugang haben, erstellen Sie \u00fcber eine einfache Registrierung einen kostenlosen Account auf der Webseite von <a href=\"https:\/\/zoom.us\/\">Zoom<\/a>. Dadurch k\u00f6nnen wir Videoanrufe von maximal 40 Minuten zu starten. Nach 40 Minuten k\u00f6nnen wir unseren Studierenden\/ unseren Mitarbeitern einen weiteren Link senden, und das Meeting kann nach einer kurzen Pause fortgesetzt werden.<\/p>\n<\/div>\n<\/div>\n<p><strong>BERECHTIGUNG ZUM ZUGRIFF ZUM E-LEARNING-SYSTEM DER UNIVERSIT\u00c4T <\/strong><\/p>\n<ul>\n<li>Das System erreichen Sie unter dem Link <a href=\"https:\/\/semmelweis.zoom.us\">https:\/\/semmelweis.zoom.us<\/a>, wenn Sie auf \u201e<strong>Sign In<\/strong>\u201d Taste klicken.<\/li>\n<li>Um die Vorteile der Universit\u00e4tslizenz benutzen zu k\u00f6nnen ist die SEKA-Identifikation (zentrale Semmelweis-Identifikation) n\u00f6tig. Weitere Informationen: <a href=\"https:\/\/semmelweis.hu\/oktatasmodszertan\/de\/?page_id=1639&amp;preview=true\" target=\"_blank\" rel=\"noopener noreferrer\">SeKA-Identifikation.<\/a><\/li>\n<li><strong>Der Zugriff zum System wird nach dem ersten Einloggen erteilt<\/strong> (nachdem die Fragen bez\u00fcglich Programmberechtigungen und Regelungen beantwortet wurden). <strong>Es ist also sehr wichtig, hier einzuloggen, weil man sonst die Funktion Zoom vom System Moodle auch nicht erreichen wird.<\/strong><\/li>\n<\/ul>\n<p>&nbsp;<\/p>\n<h2><strong>BENUTZUNG VON ZOOM\u00a0\u00a0\u00a0 <\/strong><\/h2>\n<p>SOFTWARE<\/p>\n<p>Es lohnt sich die Software Zoom auf unseren Computer <a href=\"https:\/\/zoom.us\/download#client_4meeting\" target=\"_blank\" rel=\"noopener noreferrer\">herunterzuladen<\/a>, weil man damit leichter arbeitet als mit Browser-Version. Nach dem Herunterladen ist wichtig, dass man nicht mit dem E-Mail\/Password Fenster auf linker Seite, sondern mit dem Klicken auf die <strong>Sign In with SSO<\/strong> Taste oben an der rechten Spalte einloggt.\u00a0In das Company Domain sollte das Wort semmelweis(.zoom.us) reingetippt werden und so k\u00f6nnen wir uns mit unserer SeKA-Identifikation-Nummer anmelden.<\/p>\n<div class=\"exp-col-content-holder\"><a class=\"expand-cnt-link\" href=\"#\">Installation von ZOOM<\/a><\/p>\n<div class=\"hidden-content\">\n<p><strong>Installation von ZOOM<\/strong><\/p>\n<p><strong>\u00a0<\/strong><\/p>\n<ol>\n<li><strong> Automatische Installation<\/strong><\/li>\n<\/ol>\n<p>&nbsp;<\/p>\n<p>Es ist nicht notwendig, Zoom im Vorfeld auf Ihrem Computer zu installieren, wenn Sie an einem Meeting teilnehmen m\u00f6chten. Sie k\u00f6nnen n\u00e4mlich auf den in der Einladung enthaltenen Link klicken, bei der ersten Nutzung erfolgt die Installation des Hilfsprogrammes dann automatisch.<\/p>\n<p>Wenn Sie die gespeicherte File zoomuslauncher.zip zweimal anklicken, startet die Installation des Programmes ZoomusLauncher.<\/p>\n<p>Die Installation erfolgt komplett automatisch, und am Ende erscheint sofort das Fenster mit der Anschlussm\u00f6glichkeit an das Meeting.<\/p>\n<p>Wenn der Organisator des Meetings mit dem Meeting noch nicht angefangen hat, werden Sie einen Aufruf sehen, dass Sie auf den Start des Meetings warten sollen. Wenn das Meeting vom Organisator gestartet wurde, soll die Taste \u201cJoin audio conference by Computer\u201d gedr\u00fcckt werden. So k\u00f6nnen Sie dem Meeting beitreten.<\/p>\n<p>&nbsp;<\/p>\n<ol start=\"2\">\n<li><strong> Installation von Zoom im Vorfeld<\/strong><\/li>\n<\/ol>\n<p>&nbsp;<\/p>\n<p>Sie k\u00f6nnen das Programm Zoom auch im Vorfeld auf Ihrem Computer installieren. In diesem Fall m\u00fcssen Sie bei der Einladung zum ersten Meeting nicht mehr auf die Installation des Programmes warten. Wenn Sie nicht an einem Meeting teilnehmen, sondern ein Meeting organisieren m\u00f6chten, m\u00fcssen Sie die Anwendung auf jeden Fall im Vorfeld auf Ihrem Computer speichern, dann starten und sich in Ihren Account einloggen. Wenn Sie \u00fcber keine universit\u00e4re Identifikationsm\u00f6glichkeit verf\u00fcgen, k\u00f6nnen Sie sich in Zoom einfach \u00fcber Google oder Facebook registrieren. In diesem Fall k\u00f6nnen Sie die kostenlos zug\u00e4ngliche Version benutzen, die nur das Abhalten von Meetings von maximal 40 Minuten erm\u00f6glicht.<\/p>\n<p>&nbsp;<\/p>\n<p>Sie k\u00f6nnen Zoom von folgenden Internetadressen herunterladen:<\/p>\n<p>Direkter Link:<\/p>\n<p><a href=\"https:\/\/zoom.us\/support\/download\">https:\/\/zoom.us\/support\/download<\/a><\/p>\n<p><a href=\"https:\/\/zoom.us\/client\/latest\/ZoomInstaller.exe\">https:\/\/zoom.us\/client\/latest\/ZoomInstaller.exe<\/a><\/p>\n<p>&nbsp;<\/p>\n<p>Oder von der Zoom Download-Seite:<\/p>\n<p><a href=\"https:\/\/zoom.us\/download\">https:\/\/zoom.us\/download<\/a> (Cloudfront.net)<\/p>\n<p><a href=\"https:\/\/zoom.us\/download2\">https:\/\/zoom.us\/download2<\/a> (Zoom.us)<\/p>\n<p>&nbsp;<\/p>\n<p>Sie k\u00f6nnen auch die Zoom App nutzen, auf die Sie unter folgenden Links Zugriff haben: Android, Google Play Store: <a href=\"https:\/\/play.google.com\/store\/apps\/details?id=us.zoom.videomeetings\">https:\/\/play.google.com\/store\/apps\/details?id=us.zoom.videomeetings<\/a><\/p>\n<p>iOS, AppStore: <a href=\"https:\/\/itunes.apple.com\/us\/app\/id546505307\">https:\/\/itunes.apple.com\/us\/app\/id546505307<\/a><\/p>\n<p>&nbsp;<\/p>\n<p>&nbsp;<\/p>\n<p>Nach dem Klicken auf den direkten Link beginnt der Computer das Programm ZoomInstaller.exe herunterzuladen, was Sie im Pop-Up-Fenster mit dem Klicken auf die Taste \u201eProgrammlauf\u201c zulassen m\u00fcssen. Erlauben Sie Windows, dass das Programm Zoom die Installation durchf\u00fchrt. Wenn die Installation fertig ist, erscheint das Log-in Fenster von Zoom. Hier k\u00f6nnen Sie w\u00e4hlen, ob Sie sich einem Meeting anschlie\u00dfen (Join a Meeting) oder sich in Ihren Account einloggen (Sign In).<\/p>\n<p><a href=\"https:\/\/semmelweis.hu\/oktatasmodszertan\/files\/2020\/03\/Installation-von-ZOOM.pdf\" target=\"_blank\" rel=\"noopener noreferrer\">Installation von Zoom (pdf)<\/a><\/p>\n<p>&nbsp;<\/p>\n<\/div>\n<\/div>\n<p><strong>SEMMELWEIS.ZOOM.US<\/strong><\/p>\n<p>Auch auf der Webseite <strong><a href=\"https:\/\/semmelweis.zoom.us\/\" target=\"_blank\" rel=\"noopener noreferrer\">semmelweis.zoom.us<\/a><\/strong> kann man sich anmelden, sowie Einladungen annehmen, Meetings starten. Beim Starten einer Konsultation wird vom Browser angeboten, damit man lieber die Desktop-Software benutzt. Wenn diese Software auf unserem PC schon heruntergeladen ist, kann man mit einem Klick umschalten.<\/p>\n<p><strong>WIE MAN EIN MEETING ORGANISIERT<\/strong><\/p>\n<p>Nach dem Einloggen erscheint die Seite von Zoom, auf der zahlreiche Funktionen zu finden sind. Die wichtigste Funktion befindet sich auf der rechten Seite, es ist der \u201eMeetings\u201d-Button, weil man hier Besprechungen, Meetings durchf\u00fchren kann.\u00a0<\/p>\n<p>Im fertigen Meeting kann man den Link und den Beitrittscode finden (Meeting-ID), welche man den Teilnehmern per E-Mail schicken kann. So kann man einen Videochat durchf\u00fchren (die Meeting-ID braucht man nur in speziellen F\u00e4llen, z.B. falls jemand ein Smartphone benutzt). Das Meeting kann mit dem \u201eStart\u201d-Button auf der rechten Seite gestartet werden.<\/p>\n<p><iframe loading=\"lazy\" title=\"Scheduling A Meeting\" width=\"753\" height=\"424\" src=\"https:\/\/www.youtube.com\/embed\/XhZW3iyXV9U?feature=oembed\" frameborder=\"0\" allow=\"accelerometer; autoplay; encrypted-media; gyroscope; picture-in-picture\" allowfullscreen><\/iframe><\/p>\n<p><strong>MOODLE<\/strong><\/p>\n<p>Wenn der Lehrer \u00fcber Editor-Rechte verf\u00fcgt und Zugriff zu <a href=\"https:\/\/semmelweis.hu\/oktatasmodszertan\/de\/?page_id=1658&amp;preview=true\" target=\"_blank\" rel=\"noopener noreferrer\"><span style=\"color: #000000\">Moodle Kurs <\/span>\u2013 E-Learning-System<\/a> \u2013 hat, kann von ihm eine Zoom-T\u00e4tigkeit eingef\u00fcgt werden: <em>Einf\u00fcgen von T\u00e4tigkeiten und Unterrichtsstoffen \u2013&gt; T\u00e4tigkeiten \u2013&gt; externe Einheit (gr\u00fcnes Puzzle). <\/em>Auch von hier kann man Meetings starten, und die Studenten des Kurses k\u00f6nnen einfach auf die Zoom-T\u00e4tigkeit klicken, und die betroffene Konsultation ausw\u00e4hlen. Beim Starten des Gespr\u00e4chs wird vom Browser wieder angeboten, auf Desktop-Software umzuschalten.<\/p>\n<p><strong>EINLADUNG ANNEHMEN<\/strong><\/p>\n<p>Wenn Sie eine Einladung zu einem Zoom-Gespr\u00e4ch erhielten, k\u00f6nnen sich wie folgt anmelden \u2013 siehe Video. Dazu ist keine Registration n\u00f6tig.<\/p>\n<div style=\"width: 753px;\" class=\"wp-video\"><!--[if lt IE 9]><script>document.createElement('video');<\/script><![endif]-->\n<video class=\"wp-video-shortcode\" id=\"video-1654-1\" width=\"753\" height=\"424\" preload=\"metadata\" controls=\"controls\"><source type=\"video\/mp4\" src=\"https:\/\/semmelweis.hu\/oktatasmodszertan\/files\/2020\/03\/CSATLAKOZ\u00c1S-ZOOM-tal\u00e1lkoz\u00f3hoz.mp4?_=1\" \/><a href=\"https:\/\/semmelweis.hu\/oktatasmodszertan\/files\/2020\/03\/CSATLAKOZ\u00c1S-ZOOM-tal\u00e1lkoz\u00f3hoz.mp4\">https:\/\/semmelweis.hu\/oktatasmodszertan\/files\/2020\/03\/CSATLAKOZ\u00c1S-ZOOM-tal\u00e1lkoz\u00f3hoz.mp4<\/a><\/video><\/div>\n<p>&nbsp;<\/p>\n<p>So stellen Sie eine Verbindung her:<\/p>\n<ol>\n<li>Der Veranstalter von Meeting schickt Ihnen z. B. eine E-Mail mit einem Link zum &#8222;Zoom&#8221;-Meeting und mit der ID-Nummer zu (die nur in besonderen F\u00e4llen, bei bestimmten Operationssystemen oder telefonisch erforderlich ist).<\/li>\n<li>Wenn Sie auf den Link klicken, wird die Verbindung automatisch gestartet. Im ersten Fall m\u00fcssen Sie m\u00f6glicherweise ein Unterst\u00fctzungsprogramm herunterladen und installieren, was sehr einfach ist (wie im Video gezeigt).<\/li>\n<li>Danach m\u00fcssen die Berechtigungen an das &#8222;Zoom&#8221; -System (Kamera, Mikrofon) erteilt werden, und dann nimmt die eingeladene Person an der Stunde teil.<\/li>\n<\/ol>\n<p>&nbsp;<\/p>\n<p><strong>IM INTERESSE DER N\u00d6TIGEN STABILIT\u00c4T DES SYSTEMS SOLLTEN SIE WIE FOLGT VORGEHEN: <\/strong><\/p>\n<ol>\n<li>Bitte nutzen Sie die kostenlosen Datendienste Ihres Internetdienstanbieters (Vodafone, Telenor, T-mobile); bei den Gespr\u00e4chen mit Ihren Uni-Telefonger\u00e4ten und auch mit Hilfe von Mobil-Hotspot steht Ihnen ein unbeschr\u00e4nkter Datenverkehr mit hervorragender Bandbreite zur Verf\u00fcgung (4G)<\/li>\n<li>Falls Alternative da sind, verwenden Sie bitte die Bandbreite der Universit\u00e4t nicht.<\/li>\n<li>Wenn es kein Wi-Fi gibt, benutzen Sie LAN-Kabel (wenn m\u00f6glich)<\/li>\n<li>Benutzen Sie Bandbreite unbegr\u00fcndet nicht (Bei Videostreaming ist es meistens nicht n\u00f6tig)<\/li>\n<li>Die Speicherkapazit\u00e4ten der Universit\u00e4t sollten schonend benutzt werden \u2013 Die Files sollten nicht in Moddle, sondern in alternativen Datentr\u00e4ger gespeichert werden.<\/li>\n<\/ol>\n<p>Weitere Informationen \u00fcber das System finden Sie <a href=\"https:\/\/support.zoom.us\/hc\/en-us\" target=\"_blank\" rel=\"noopener noreferrer\">auf folgendem Link.<\/a><\/p>\n","protected":false},"excerpt":{"rendered":"<p>Der Fernunterricht wird vom System <a href=\"https:\/\/zoom.us\/\" target=\"_blank\" rel=\"noopener noreferrer\">Zoom<\/a> deutlich unterst\u00fctzt, mit dessen Hilfe m\u00f6glich ist, Online-Konsultationen und Meetings abzuwickeln. In folgender Anleitung werden die Berechtigungsebenen, das Einloggen und die verschiedenen M\u00f6glichkeiten der Benutzung vorgestellt.\u00a0Wichtig ist, dass eine VPN-Verbindung weder zum Einloggen durch SeKA noch zur Verwendung von Moodle und Zoom erforderlich ist. BERECHTIGUNGEN Die Registration auf die Webseite &hellip;<\/p>\n","protected":false},"author":101640,"featured_media":0,"parent":0,"menu_order":3,"comment_status":"closed","ping_status":"closed","template":"","meta":{"_acf_changed":false,"footnotes":""},"categories":[],"tags":[],"class_list":["post-1654","page","type-page","status-publish","hentry"],"acf":[],"_links":{"self":[{"href":"https:\/\/semmelweis.hu\/oktatasmodszertan\/wp-json\/wp\/v2\/pages\/1654","targetHints":{"allow":["GET"]}}],"collection":[{"href":"https:\/\/semmelweis.hu\/oktatasmodszertan\/wp-json\/wp\/v2\/pages"}],"about":[{"href":"https:\/\/semmelweis.hu\/oktatasmodszertan\/wp-json\/wp\/v2\/types\/page"}],"author":[{"embeddable":true,"href":"https:\/\/semmelweis.hu\/oktatasmodszertan\/wp-json\/wp\/v2\/users\/101640"}],"replies":[{"embeddable":true,"href":"https:\/\/semmelweis.hu\/oktatasmodszertan\/wp-json\/wp\/v2\/comments?post=1654"}],"version-history":[{"count":10,"href":"https:\/\/semmelweis.hu\/oktatasmodszertan\/wp-json\/wp\/v2\/pages\/1654\/revisions"}],"predecessor-version":[{"id":1710,"href":"https:\/\/semmelweis.hu\/oktatasmodszertan\/wp-json\/wp\/v2\/pages\/1654\/revisions\/1710"}],"wp:attachment":[{"href":"https:\/\/semmelweis.hu\/oktatasmodszertan\/wp-json\/wp\/v2\/media?parent=1654"}],"wp:term":[{"taxonomy":"category","embeddable":true,"href":"https:\/\/semmelweis.hu\/oktatasmodszertan\/wp-json\/wp\/v2\/categories?post=1654"},{"taxonomy":"post_tag","embeddable":true,"href":"https:\/\/semmelweis.hu\/oktatasmodszertan\/wp-json\/wp\/v2\/tags?post=1654"}],"curies":[{"name":"wp","href":"https:\/\/api.w.org\/{rel}","templated":true}]}}