{"id":1542,"date":"2020-03-19T12:02:53","date_gmt":"2020-03-19T11:02:53","guid":{"rendered":"http:\/\/semmelweis.hu\/oktatasmodszertan\/?page_id=1542"},"modified":"2024-08-29T09:43:56","modified_gmt":"2024-08-29T07:43:56","slug":"zoom-utmutato","status":"publish","type":"page","link":"https:\/\/semmelweis.hu\/oktatasmodszertan\/e-learning\/zoom-utmutato\/","title":{"rendered":"Zoom \u00fatmutat\u00f3"},"content":{"rendered":"<p><strong>A <a href=\"https:\/\/zoom.us\/\" target=\"_blank\" rel=\"noopener noreferrer\">Zoom\u00a0<\/a>program seg\u00edts\u00e9g\u00e9vel lehet\u0151s\u00e9g ny\u00edlik online konzult\u00e1ci\u00f3k \u00e9s \u00e9rtekezletek lebonyol\u00edt\u00e1s\u00e1ra. Az al\u00e1bbi \u00fatmutat\u00f3 bemutatja a jogosults\u00e1gi szinteket, a bel\u00e9p\u00e9st \u00e9s a haszn\u00e1lat k\u00fcl\u00f6nb\u00f6z\u0151 m\u00f3djait. Fontos: <a href=\"https:\/\/semmelweis.hu\/informatika\/egyeb-szolgaltatasok\/eroforrasok-tavoli-elerese\/\" target=\"_blank\" rel=\"noopener noreferrer\">VPN-kapcsolatra<\/a> nincs sz\u00fcks\u00e9g a Zoom haszn\u00e1lat\u00e1hoz (\u00edgy a SeKA-bel\u00e9p\u00e9shez \u00e9s a Moodle-hez sem).<\/strong><\/p>\n<p><strong>JOGOSULTS\u00c1GOK<\/strong><\/p>\n<ul>\n<li><strong>Ingyenes: b\u00e1rki<\/strong> beregisztr\u00e1lhat a Zoom honlapj\u00e1n, viszont az ingyenes verzi\u00f3 csak 40 perces videoh\u00edv\u00e1sokat enged ind\u00edtani<\/li>\n<li><strong>A Semmelweis Egyetem munkat\u00e1rsai \u00e9s hallgat\u00f3i<\/strong> a SeKA-jogosults\u00e1gukkal f\u00e9rnek hozz\u00e1 a rendszerhez, mely az al\u00e1bbi oldalr\u00f3l ind\u00edthat\u00f3 el, a Sign In gombra kattintva: <a href=\"https:\/\/semmelweis.zoom.us\" target=\"_blank\" rel=\"noopener noreferrer\">https:\/\/semmelweis.zoom.us<\/a><\/li>\n<li><strong>Az egyetem oktat\u00f3i \u00e9s sz\u00fcks\u00e9g eset\u00e9n m\u00e1s dolgoz\u00f3i<\/strong> jogosultak egy <strong>magasabb szint\u0171 licencre (Licenced),<\/strong> mellyel korl\u00e1tlan id\u0151tartam\u00fa h\u00edv\u00e1sokat ind\u00edthatnak maximum 300 f\u0151 r\u00e9sz\u00e9re \u00e9s a felh\u0151be menthetik a r\u00f6gz\u00edtett konzult\u00e1ci\u00f3kat.<\/li>\n<\/ul>\n<p>&nbsp;<\/p>\n<div class=\"exp-col-content-holder\"><a class=\"expand-cnt-link\" href=\"#\">Oktat\u00f3 vagyok, de csak alapszint\u0171 Zoom-fi\u00f3kom van. Mit tegyek?<\/a><\/p>\n<div class=\"hidden-content\">\n<p>Ha megvan a SeKA-hozz\u00e1f\u00e9r\u00e9se, a\u00a0<a href=\"https:\/\/semmelweis.zoom.us\/\" target=\"_blank\" rel=\"noopener noreferrer\"><strong>semmelweis.zoom.us<\/strong><\/a> honlapon be tud jelentkezni, ezzel l\u00e9trej\u00f6n az egyetemi Zoom-fi\u00f3kja. Ellen\u0151rizze, hogy alapszint\u0171 vagy pr\u00e9mium licence van (Profile -&gt; User type -&gt; Basic or Licensed). A pr\u00e9mium licenccel maximum 300 f\u0151 r\u00e9sz\u00e9re korl\u00e1tlan idej\u0171 megbesz\u00e9l\u00e9seket tarthat, m\u00edg az alapszint\u0171 jogosults\u00e1ggal is k\u00e9pes maximum 40 perces megbesz\u00e9l\u00e9seket szervezni ugyan\u00fagy 300 f\u0151 r\u00e9sz\u00e9re.<\/p>\n<p><strong>A pr\u00e9mium licencek ig\u00e9nyl\u00e9s\u00e9hez k\u00e9rj\u00fck, forduljon <a href=\"https:\/\/semmelweis.hu\/oktatasmodszertan\/ugyfelszolgalat\/\" target=\"_blank\" rel=\"noopener\">\u00fcgyf\u00e9lszolg\u00e1latunkhoz. <\/a><\/strong>Ha van olyan munkat\u00e1rsa, akinek m\u00e1r nem sz\u00fcks\u00e9ges a pr\u00e9mium fi\u00f3k, k\u00e9rj\u00fck, jelezze ezt is k\u00e9relm\u00e9ben, hogy \u00e1t tudjuk \u00d6nnek adni a hozz\u00e1f\u00e9r\u00e9st.<\/p>\n<p>Pr\u00e9mium hozz\u00e1f\u00e9r\u00e9s n\u00e9lk\u00fcl is k\u00e9pes lehet 40 percesn\u00e9l hosszabb videoh\u00edv\u00e1sok lebonyol\u00edt\u00e1s\u00e1ra. Ehhez arra van sz\u00fcks\u00e9g, hogy pr\u00e9mium hozz\u00e1f\u00e9r\u00e9s\u0171 munkat\u00e1rsa megszervezze a meetinget, majd a kezdetekor mindketten bel\u00e9pjenek oda, \u00e9s a munkat\u00e1rsa \u00e1tadja \u00d6nnek a host-jogot (\u201cMake co-host\u201d). Ezut\u00e1n korl\u00e1tlan ideig folytathatja a konzult\u00e1ci\u00f3t, azonban a munkat\u00e1rsa az id\u0151tartama alatt m\u00e1s konzult\u00e1ci\u00f3t nem ind\u00edthat.\u00a0<\/p>\n<\/div>\n<\/div>\n<div class=\"exp-col-content-holder\"><a class=\"expand-cnt-link\" href=\"#\">M\u00e9g nincs SeKA-hozz\u00e1f\u00e9r\u00e9sem, de szeretn\u00e9m haszn\u00e1lni a Zoomot. Hogyan tehetem ezt meg?<\/a><\/p>\n<div class=\"hidden-content\">\n<p>Am\u00edg SeKA-hozz\u00e1f\u00e9r\u00e9sre v\u00e1rakozik (\u00fcgyf\u00e9lszolg\u00e1latunk\u00a0<a href=\"https:\/\/semmelweis.hu\/oktatasmodszertan\/ugyfelszolgalat\/\" target=\"_blank\" rel=\"noopener noreferrer\">itt<\/a>\u00a0\u00e9rhet\u0151 el), a k\u00f6vetkez\u0151 dolgokat teheti meg a Zoom programban, mely az online \u00f3r\u00e1k \u00e9s \u00e9rtekezletek megtart\u00e1s\u00e1ra szolg\u00e1l.<\/p>\n<p><strong>Megh\u00edv\u00e1st elfogadni<\/strong>\u00a0\u00e9s megbesz\u00e9l\u00e9shez becsatlakozni b\u00e1rmif\u00e9le regisztr\u00e1ci\u00f3 n\u00e9lk\u00fcl is lehet, itt teh\u00e1t nem probl\u00e9ma az egyetemi hozz\u00e1f\u00e9r\u00e9s hi\u00e1nya (kiv\u00e9ve a Moodle-b\u0151l ind\u00edtott Zoom-megbesz\u00e9l\u00e9seket, ahol sz\u00fcks\u00e9ges a SeKA-azonos\u00edt\u00f3).<\/p>\n<p><strong>Megbesz\u00e9l\u00e9s ind\u00edt\u00e1s\u00e1hoz<\/strong>\u00a0viszont sz\u00fcks\u00e9g van regisztr\u00e1ci\u00f3ra. Ha m\u00e9g nincs SeKA-hozz\u00e1f\u00e9r\u00e9se, egy sima regisztr\u00e1ci\u00f3val a\u00a0<a href=\"https:\/\/zoom.us\/\">Zoom<\/a>\u00a0honlapj\u00e1n l\u00e9trehozhat egy ingyenes fi\u00f3kot, ezzel pedig k\u00e9pes lesz maximum 40 perces videoh\u00edv\u00e1sok ind\u00edt\u00e1s\u00e1ra. A videoh\u00edv\u00e1s 40 perc ut\u00e1ni folytat\u00e1s\u00e1hoz m\u00e1r el\u0151re kik\u00fcldhet egy \u00fajabb linket a di\u00e1koknak\/munkat\u00e1rsaknak, \u00e9s r\u00f6vid sz\u00fcnet ut\u00e1n folytathat\u00f3 a konzult\u00e1ci\u00f3 vagy \u00e9rtekezlet.<\/p>\n<p>Ha egy munkat\u00e1rsa m\u00e1r rendelkezik egyetemi, azon bel\u00fcl is pr\u00e9mium Zoom-hozz\u00e1f\u00e9r\u00e9ssel, az \u0151 seg\u00edts\u00e9g\u00e9vel k\u00e9pes lehet 40 percesn\u00e9l hosszabb, korl\u00e1tlan id\u0151tartam\u00fa videoh\u00edv\u00e1sok lebonyol\u00edt\u00e1s\u00e1ra. Ehhez arra van sz\u00fcks\u00e9g, hogy a munkat\u00e1rsa megszervezze a meetinget, majd a kezdetekor mindketten bel\u00e9pjenek oda, \u00e9s a munkat\u00e1rsa \u00e1tadja \u00d6nnek a host-jogot (\u201cMake co-host\u201d). Ezut\u00e1n korl\u00e1tlan ideig folytathatja a konzult\u00e1ci\u00f3t, azonban a munkat\u00e1rsa az id\u0151tartama alatt m\u00e1s konzult\u00e1ci\u00f3t nem ind\u00edthat.<\/p>\n<\/div>\n<\/div>\n<p>&nbsp;<\/p>\n<p><strong>AZ EGYETEMI HOZZ\u00c1F\u00c9R\u00c9S L\u00c9TREHOZ\u00c1SA<\/strong><\/p>\n<ul>\n<li>A rendszer a <a href=\"https:\/\/semmelweis.zoom.us\">https:\/\/semmelweis.zoom.us<\/a> oldalon kereszt\u00fcl \u00e9rhet\u0151 el, a<strong> \u201eSign In\u201d<\/strong> ikonra kattintva.<\/li>\n<li>Az egyetemi licensz el\u0151nyeit lehet\u0151v\u00e9 tev\u0151 bel\u00e9p\u00e9shez SeKA (Semmelweis K\u00f6zponti Azonos\u00edt\u00e1s) azonos\u00edt\u00f3ra van sz\u00fcks\u00e9g. A SeKA azonos\u00edt\u00f3r\u00f3l tov\u00e1bbi inform\u00e1ci\u00f3 <strong><a href=\"https:\/\/semmelweis.hu\/oktatasmodszertan\/2020\/03\/16\/tudnivalok-a-seka-azonositorol\/\" target=\"_blank\" rel=\"noopener noreferrer\">itt<\/a> <\/strong>\u00e9rhet\u0151 el.<\/li>\n<li><strong>Az egyetemi hozz\u00e1f\u00e9r\u00e9s az els\u0151 bel\u00e9p\u00e9st k\u00f6vet\u0151en j\u00f6n l\u00e9tre<\/strong> (a k\u00fcl\u00f6nb\u00f6z\u0151 programjogosults\u00e1gokra \u00e9s szab\u00e1lyzatokra vonatkoz\u00f3 k\u00e9rd\u00e9sek megv\u00e1laszol\u00e1sa ut\u00e1n). <strong>Nagyon fontos teh\u00e1t, hogy itt bejelentkezz\u00fcnk, mert ha nem tessz\u00fck meg, k\u00e9s\u0151bb a Moodle-b\u0151l sem tudjuk haszn\u00e1lni a Zoom funkci\u00f3t.<\/strong><\/li>\n<\/ul>\n<p>&nbsp;<\/p>\n<p><strong>A ZOOM HASZN\u00c1LATA<\/strong><\/p>\n<p><span style=\"font-size: 12pt\"><strong>SZOFTVER<\/strong><\/span><\/p>\n<p>\u00c9rdemes <strong><a href=\"https:\/\/zoom.us\/download#client_4meeting\" target=\"_blank\" rel=\"noopener noreferrer\">let\u00f6lteni<\/a> <\/strong>a Zoom szoftvert a sz\u00e1m\u00edt\u00f3g\u00e9p\u00fcnkre, mert k\u00f6nnyebben lehet haszn\u00e1lni, mint a b\u00f6ng\u00e9sz\u0151s v\u00e1ltozatot. A telep\u00edt\u00e9s ut\u00e1n fontos, hogy ne a bal oldali e-mail\/password ablakkal, hanem a jobb oldali oszlop tetej\u00e9n szerepl\u0151 <strong>Sign In with SSO<\/strong> gombbal l\u00e9pj\u00fcnk be fi\u00f3kunkba. A Company Domainbe a semmelweis(.zoom.us) sz\u00f3t \u00edrjuk, ezut\u00e1n m\u00e1r be tudunk jelentkezni a SeKA-hozz\u00e1f\u00e9r\u00e9s\u00fcnkkel. <em><strong><a href=\"https:\/\/semmelweis.hu\/oktatasmodszertan\/tavoktatas\/zoom-utmutato\/asztali-verzio\/\">-&gt; r\u00e9szletes \u00fatmutat\u00f3<\/a><\/strong><\/em><\/p>\n<table style=\"border-collapse: collapse;width: 100%\">\n<tbody>\n<tr>\n<td style=\"width: 100%\">\n<div><strong>FIGYELEM!<\/strong><\/div>\n<div>\n<div id=\"GroupWiseSection_1663148768000_oktatasmodszertan@med.semmelweis-univ.hu_8BDD35811EA40000B4706F6437386235_\" class=\"GroupWiseMessageBody active\">\n<div>\n<div>\n<div><span class=\"JsGRdQ\">A Zoom fejleszt\u0151inek <a href=\"https:\/\/support.zoom.us\/hc\/en-us\/articles\/360059429231-Zoom-Software-Quarterly-Lifecycle-Policy\" target=\"_blank\" rel=\"noopener\">\u00faj felhaszn\u00e1l\u00f3i szab\u00e1lyzata <\/a><\/span><span class=\"JsGRdQ\">2022. november 5-\u00e9t\u0151l<\/span><span class=\"JsGRdQ\"> azon Zoom-felhaszn\u00e1l\u00f3k sz\u00e1m\u00e1ra, akiknek az asztali szoftvere az <\/span><span class=\"JsGRdQ\"><strong>5.8.6.-os verzi\u00f3n\u00e1l<\/strong> r\u00e9gebbi,<\/span><span class=\"JsGRdQ\"> nem teszi majd lehet\u0151v\u00e9, hogy \u00faj meetinget ind\u00edtsanak a program friss\u00edt\u00e9se n\u00e9lk\u00fcl, ami cs\u00fasz\u00e1st jelenthet a tal\u00e1lkoz\u00f3k lebonyol\u00edt\u00e1sa sor\u00e1n.<\/span><\/div>\n<div>\u00a0<\/div>\n<div>\n<div id=\"GroupWiseSection_1663148768000_oktatasmodszertan@med.semmelweis-univ.hu_8BDD35811EA40000B4706F6437386235_\" class=\"GroupWiseMessageBody active\">\n<div>\n<div>\n<div>K\u00e9rj\u00fck ez\u00e9rt, hogy friss\u00edts\u00e9k Zoom-szoftver\u00fcket legk\u00e9s\u0151bb november 5-\u00e9ig a leg\u00fajabb verzi\u00f3ra, mely az al\u00e1bbi oldalr\u00f3l t\u00f6lthet\u0151 le: <a href=\"https:\/\/zoom.us\/download\" target=\"_blank\" rel=\"noopener\">https:\/\/zoom.us\/download<\/a><\/div>\n<\/div>\n<\/div>\n<\/div>\n<\/div>\n<\/div>\n<\/div>\n<\/div>\n<\/div>\n<\/td>\n<\/tr>\n<\/tbody>\n<\/table>\n<div id=\"GroupWiseSection_1634032020000_kiss.levente@med.semmelweis-univ.hu_3964D9E001420000BB04880089009900_\" class=\"GroupWiseMessageBody\">\n<div>\n<div>\u00a0<\/div>\n<\/div>\n<\/div>\n<p><span style=\"font-size: 12pt\"><strong>SEMMELWEIS.ZOOM.US<\/strong><\/span><\/p>\n<p>A <strong><a href=\"https:\/\/semmelweis.zoom.us\/\" target=\"_blank\" rel=\"noopener noreferrer\">semmelweis.zoom.us<\/a>\u00a0<\/strong>honlapon is be tudunk jelentkezni, illetve tudunk megh\u00edv\u00e1st elfogadni \u00e9s megbesz\u00e9l\u00e9st l\u00e9trehozni. Fontos, hogy a konzult\u00e1ci\u00f3 ind\u00edt\u00e1sakor a b\u00f6ng\u00e9sz\u0151nk fel fogja aj\u00e1nlani, hogy haszn\u00e1ljuk ink\u00e1bb az asztali szoftvert. Ha kor\u00e1bban letelep\u00edtett\u00fck a g\u00e9p\u00fcnkre, egy kattint\u00e1ssal \u00e1tv\u00e1lthatunk a programra.<em><strong> <a href=\"https:\/\/semmelweis.hu\/oktatasmodszertan\/tavoktatas\/zoom-utmutato\/semmelweis-zoom-us\/\">-&gt; r\u00e9szletes \u00fatmutat\u00f3<\/a><\/strong><\/em><\/p>\n<p><span style=\"font-size: 12pt\"><strong>MOODLE<\/strong><\/span><\/p>\n<p>Ha szerkeszt\u0151 tan\u00e1rk\u00e9nt hozz\u00e1f\u00e9r\u00fcnk egy <a href=\"https:\/\/semmelweis.hu\/oktatasmodszertan\/tavoktatas\/moodle-e-learning-rendszer\/\" target=\"_blank\" rel=\"noopener noreferrer\"><strong>Moodle-kurzus<\/strong><\/a>hoz, be tudunk illeszteni egy Zoom-tev\u00e9kenys\u00e9get: <em>Tev\u00e9kenys\u00e9g \u00e9s tananyagok besz\u00far\u00e1sa -&gt; Tev\u00e9kenys\u00e9gek -&gt; K\u00fcls\u0151 eszk\u00f6z (z\u00f6ld puzzle). <\/em><strong>F\u0151szab\u00e1ly szerint innen kell<\/strong><strong>\u00a0megbesz\u00e9l\u00e9seket ind\u00edtani<\/strong>, \u00e9s a kurzushoz hozz\u00e1rendelt hallgat\u00f3knak ilyenkor elegend\u0151 csak belekattintania a Zoom-tev\u00e9kenys\u00e9gbe \u00e9s kiv\u00e1lasztania a k\u00f6zelg\u0151 konzult\u00e1ci\u00f3t. A megbesz\u00e9l\u00e9s ind\u00edt\u00e1sakor a b\u00f6ng\u00e9sz\u0151nk szint\u00e9n fel fogja aj\u00e1nlani, hogy v\u00e1ltsunk ink\u00e1bb az asztali szoftverre. <em><strong> <a href=\"https:\/\/semmelweis.hu\/oktatasmodszertan\/tavoktatas\/zoom-utmutato\/zoom-a-moodle-ben\/\">-&gt; r\u00e9szletes \u00fatmutat\u00f3<\/a><\/strong><\/em><\/p>\n<p>&nbsp;<\/p>\n<p><strong>EGY\u00c9B FUNKCI\u00d3K<\/strong><\/p>\n<p><em><strong><a href=\"https:\/\/semmelweis.hu\/oktatasmodszertan\/tavoktatas\/zoom-utmutato\/zoom-funkciok\/\">PowerPoint-di\u00e1k haszn\u00e1lata a Zoomban<\/a><\/strong><\/em><\/p>\n<p>&nbsp;<\/p>\n<p><strong>MEGH\u00cdV\u00c1S ELFOGAD\u00c1SA<\/strong><\/p>\n<p>Amennyiben \u00d6n megh\u00edv\u00e1st kapott egy Zoom-megbesz\u00e9l\u00e9sre, \u00fagy <strong>a mell\u00e9kelt vide\u00f3ban l\u00e1that\u00f3 m\u00f3don<\/strong> tud csatlakozni, \u00d6nnek semmilyen regisztr\u00e1ci\u00f3ra nincs sz\u00fcks\u00e9ge.<\/p>\n<div style=\"width: 753px;\" class=\"wp-video\"><!--[if lt IE 9]><script>document.createElement('video');<\/script><![endif]-->\n<video class=\"wp-video-shortcode\" id=\"video-1542-1\" width=\"753\" height=\"424\" preload=\"metadata\" controls=\"controls\"><source type=\"video\/mp4\" src=\"https:\/\/semmelweis.hu\/oktatasmodszertan\/files\/2020\/03\/CSATLAKOZ\u00c1S-ZOOM-tal\u00e1lkoz\u00f3hoz.mp4?_=1\" \/><a href=\"https:\/\/semmelweis.hu\/oktatasmodszertan\/files\/2020\/03\/CSATLAKOZ\u00c1S-ZOOM-tal\u00e1lkoz\u00f3hoz.mp4\">https:\/\/semmelweis.hu\/oktatasmodszertan\/files\/2020\/03\/CSATLAKOZ\u00c1S-ZOOM-tal\u00e1lkoz\u00f3hoz.mp4<\/a><\/video><\/div>\n<p>&nbsp;<\/p>\n<p>A csatlakoz\u00e1s menet\u00e9t r\u00f6viden \u00f6sszefoglalva:<\/p>\n<ol>\n<li>A megbesz\u00e9l\u00e9st szervez\u0151 r\u00e9sz\u00e9r\u0151l \u00e9rkezik egy email, melyben megtal\u00e1lhat\u00f3 a Zoom megbesz\u00e9l\u00e9s link-je, valamint a megbesz\u00e9l\u00e9s azonos\u00edt\u00f3sz\u00e1ma (melyre csak speci\u00e1lis esetben, egyes oper\u00e1ci\u00f3s rendszereken vagy telefonos haszn\u00e1lat eset\u00e9n van sz\u00fcks\u00e9g).<\/li>\n<li>A linkre kattintva automatikusan elindul a csatlakoz\u00e1s, de az els\u0151 esetben egy seg\u00e9dprogram let\u00f6lt\u00e9s\u00e9re, majd telep\u00edt\u00e9s\u00e9re is sz\u00fcks\u00e9g lehet, mely rendk\u00edv\u00fcl egyszer\u0171en (a vide\u00f3ban l\u00e1that\u00f3 m\u00f3don) megoldhat\u00f3.<\/li>\n<li>Ezt k\u00f6vet\u0151en meg kell adni a jogosults\u00e1gokat a Zoom rendszer sz\u00e1m\u00e1ra (kamera, mikrofon) \u00e9s ezut\u00e1n m\u00e1ris csatlakozik az \u00e9rtekezlethez a megh\u00edvott szem\u00e9ly.<\/li>\n<\/ol>\n<p><strong><a class=\"button\" href=\"https:\/\/drive.google.com\/file\/d\/1gamxhC0YfPoDPi5Lfl0YiV6pz8Ynr9v8\/view\" target=\"_blank\" rel=\"noopener noreferrer\"><em>Vide\u00f3 a\u00a0csatlakoz\u00e1sr\u00f3l, a hang-, k\u00e9p- \u00e9s h\u00e1tt\u00e9rbe\u00e1ll\u00edt\u00e1sokr\u00f3l<\/em><\/a><\/strong><\/p>\n<p>&nbsp;<\/p>\n<p><strong>A RENDSZER M\u0170K\u00d6D\u00c9S\u00c9NEK STABILIT\u00c1SA \u00c9RDEK\u00c9BEN:<\/strong><\/p>\n<ol>\n<li>Egyetemi telefonr\u00f3l a mobil hotspot seg\u00edts\u00e9g\u00e9vel korl\u00e1tlan adatforgalom \u00e9rhet\u0151 el kiv\u00e1l\u00f3 s\u00e1vsz\u00e9less\u00e9ggel (4G) (<a href=\"https:\/\/semmelweis.hu\/oik\/altalanos-informaciok-2\/\" target=\"_blank\" rel=\"noopener noreferrer\">Kapcsolat<\/a>).<\/li>\n<li>Alternat\u00edv\u00e1k eset\u00e9n ne az egyetemi s\u00e1vsz\u00e9less\u00e9get haszn\u00e1lja.<\/li>\n<li>Ha nincs wifi, haszn\u00e1ljon LAN k\u00e1belt (ahol lehets\u00e9ges).<\/li>\n<li>Indokolatlanul ne haszn\u00e1ljon s\u00e1vszeless\u00e9get (pl. video stream legt\u00f6bbsz\u00f6r nem kell).<\/li>\n<li>Az egyetemi e-learning t\u00e1rhely kapacit\u00e1sait k\u00edm\u00e9lni kell &#8211; ne a Moodle-be ments\u00fck a f\u00e1jlokat, ink\u00e1bb alternat\u00edv t\u00e1rhelyekre vonatkoz\u00f3 linkeket helyezz\u00fcnk a kurzusba.<\/li>\n<\/ol>\n<p>&nbsp;<\/p>\n<p><strong>ZOOM LEARNING CENTER<\/strong><\/p>\n<p><span class=\"JsGRdQ\"><strong>A Zoom megnyitotta online oktat\u00e1si platformj\u00e1t, ahol a meetingek megszervez\u00e9s\u00e9t\u0151l a webin\u00e1rfunkci\u00f3kig sz\u00e1mos informat\u00edv vide\u00f3t tal\u00e1lunk. A honlaphoz az egyetemi polg\u00e1rok SeKA-bel\u00e9p\u00e9ssel f\u00e9rhetnek hozz\u00e1.<\/strong>\u00a0<\/span><\/p>\n<p>A Zoom Learning Center haszn\u00e1lat\u00e1hoz kattintson a <strong>Sign In<\/strong> gombra a jobb fels\u0151 sarokban. Fontos, hogy ne az e-mail\/password ablakkal, hanem az als\u00f3 ikonok k\u00f6z\u00fcl az<strong>\u00a0SSO<\/strong> gombbal l\u00e9pjen be fi\u00f3kj\u00e1ba. A Company Domainbe a semmelweis(.zoom.us) sz\u00f3t sz\u00fcks\u00e9ges be\u00edrni, ezut\u00e1n m\u00e1r be tud jelentkezni a SeKA-hozz\u00e1f\u00e9r\u00e9s\u00e9vel.<\/p>\n<p><a class=\"button\" href=\"https:\/\/learning.zoom.us\/\" target=\"_blank\" rel=\"noopener\">Zoom Learning Center<\/a><\/p>\n","protected":false},"excerpt":{"rendered":"<p>A <a href=\"https:\/\/zoom.us\/\" target=\"_blank\" rel=\"noopener noreferrer\">Zoom\u00a0<\/a> program seg\u00edts\u00e9g\u00e9vel lehet\u0151s\u00e9g ny\u00edlik online konzult\u00e1ci\u00f3k \u00e9s \u00e9rtekezletek lebonyol\u00edt\u00e1s\u00e1ra. Az al\u00e1bbi \u00fatmutat\u00f3 bemutatja a jogosults\u00e1gi szinteket, a bel\u00e9p\u00e9st \u00e9s a haszn\u00e1lat k\u00fcl\u00f6nb\u00f6z\u0151 m\u00f3djait. Fontos: <a href=\"https:\/\/semmelweis.hu\/informatika\/egyeb-szolgaltatasok\/eroforrasok-tavoli-elerese\/\" target=\"_blank\" rel=\"noopener noreferrer\">VPN-kapcsolatra<\/a> nincs sz\u00fcks\u00e9g a Zoom haszn\u00e1lat\u00e1hoz (\u00edgy a SeKA-bel\u00e9p\u00e9shez \u00e9s a Moodle-hez sem). JOGOSULTS\u00c1GOK Ingyenes: b\u00e1rki beregisztr\u00e1lhat a Zoom honlapj\u00e1n, viszont az ingyenes verzi\u00f3 csak 40 perces videoh\u00edv\u00e1sokat enged ind\u00edtani A &hellip;<\/p>\n","protected":false},"author":101470,"featured_media":0,"parent":1515,"menu_order":5,"comment_status":"closed","ping_status":"closed","template":"","meta":{"_acf_changed":false,"footnotes":""},"categories":[],"tags":[],"class_list":["post-1542","page","type-page","status-publish","hentry"],"acf":[],"_links":{"self":[{"href":"https:\/\/semmelweis.hu\/oktatasmodszertan\/wp-json\/wp\/v2\/pages\/1542","targetHints":{"allow":["GET"]}}],"collection":[{"href":"https:\/\/semmelweis.hu\/oktatasmodszertan\/wp-json\/wp\/v2\/pages"}],"about":[{"href":"https:\/\/semmelweis.hu\/oktatasmodszertan\/wp-json\/wp\/v2\/types\/page"}],"author":[{"embeddable":true,"href":"https:\/\/semmelweis.hu\/oktatasmodszertan\/wp-json\/wp\/v2\/users\/101470"}],"replies":[{"embeddable":true,"href":"https:\/\/semmelweis.hu\/oktatasmodszertan\/wp-json\/wp\/v2\/comments?post=1542"}],"version-history":[{"count":10,"href":"https:\/\/semmelweis.hu\/oktatasmodszertan\/wp-json\/wp\/v2\/pages\/1542\/revisions"}],"predecessor-version":[{"id":5088,"href":"https:\/\/semmelweis.hu\/oktatasmodszertan\/wp-json\/wp\/v2\/pages\/1542\/revisions\/5088"}],"up":[{"embeddable":true,"href":"https:\/\/semmelweis.hu\/oktatasmodszertan\/wp-json\/wp\/v2\/pages\/1515"}],"wp:attachment":[{"href":"https:\/\/semmelweis.hu\/oktatasmodszertan\/wp-json\/wp\/v2\/media?parent=1542"}],"wp:term":[{"taxonomy":"category","embeddable":true,"href":"https:\/\/semmelweis.hu\/oktatasmodszertan\/wp-json\/wp\/v2\/categories?post=1542"},{"taxonomy":"post_tag","embeddable":true,"href":"https:\/\/semmelweis.hu\/oktatasmodszertan\/wp-json\/wp\/v2\/tags?post=1542"}],"curies":[{"name":"wp","href":"https:\/\/api.w.org\/{rel}","templated":true}]}}