{"id":86,"date":"2015-09-10T12:02:57","date_gmt":"2015-09-10T10:02:57","guid":{"rendered":"http:\/\/semmelweis.hu\/oktatasigazgatas\/?page_id=86"},"modified":"2026-02-06T09:36:48","modified_gmt":"2026-02-06T08:36:48","slug":"felsofoku-vegzettsegi-szintet-nem-biztosito-kepzesek","status":"publish","type":"page","link":"https:\/\/semmelweis.hu\/oktatasigazgatas\/felsofoku-vegzettsegi-szintet-biztosito-kepzesek\/felsofoku-vegzettsegi-szintet-nem-biztosito-kepzesek\/","title":{"rendered":"Szakir\u00e1ny\u00fa tov\u00e1bbk\u00e9pz\u00e9sek"},"content":{"rendered":"<div class=\"keretes w-100\">\n<p>A szakir\u00e1ny\u00fa tov\u00e1bbk\u00e9pz\u00e9sben \u2013 az alap- vagy a mesterfokozatot k\u00f6vet\u0151en tov\u00e1bbi \u2013 szakir\u00e1ny\u00fa szakk\u00e9pzetts\u00e9g szerezhet\u0151. A szakir\u00e1ny\u00fa tov\u00e1bbk\u00e9pz\u00e9sben legal\u00e1bb hatvan kreditet kell \u00e9s legfeljebb sz\u00e1zh\u00fasz kreditet lehet megszerezni. A k\u00e9pz\u00e9si id\u0151 legal\u00e1bb k\u00e9t, legfeljebb n\u00e9gy f\u00e9l\u00e9v. Az egyes \u2013 a Semmelweis Egyetem \u00e1ltal\u00a0ind\u00edtott \u2013\u00a0szakir\u00e1ny\u00fa tov\u00e1bbk\u00e9pz\u00e9sek a k\u00f6vetkez\u0151k:<\/p>\n<\/div>\n<p><strong>Szakir\u00e1ny\u00fa tov\u00e1bbk\u00e9pz\u00e9sek<\/strong><\/p>\n<ol>\n<li><strong> Addiktol\u00f3giai konzult\u00e1ns<\/strong><\/li>\n<\/ol>\n<ul>\n<li>k\u00e9pz\u00e9si \u00e9s kimeneti k\u00f6vetelm\u00e9nyek:\u00a0<a href=\"https:\/\/semmelweis.hu\/etk\/oktatas\/szakiranyu-tovabbkepzesek\/addiktologiai-konzultans\/\">Addiktol\u00f3giai konzult\u00e1ns<\/a><\/li>\n<li>k\u00e9pz\u00e9s\u00e9rt felel\u0151s kar:\u00a0<a href=\"https:\/\/semmelweis.hu\/etk\/\">Eg\u00e9szs\u00e9gtudom\u00e1nyi Kar<\/a><\/li>\n<\/ul>\n<ol start=\"2\">\n<li><strong> Akt\u00edv id\u0151s\u00f6d\u00e9s<\/strong><\/li>\n<\/ol>\n<ul>\n<li>k\u00e9pz\u00e9si \u00e9s kimeneti k\u00f6vetelm\u00e9nyek: <a href=\"https:\/\/semmelweis.hu\/mental\/szakiranyu-kepzesek\/aktiv-idosodes-szakiranyu-tovabbkepzesi-szak\/tanulmanyi-tajekoztato\/\">akt\u00edv id\u0151s\u00f6d\u00e9s<\/a><\/li>\n<li>k\u00e9pz\u00e9s\u00e9rt felel\u0151s kar:\u00a0<a href=\"https:\/\/semmelweis.hu\/ekk\/oktatas\/\">Eg\u00e9szs\u00e9g\u00fcgyi K\u00f6zszolg\u00e1lati Kar<\/a><\/li>\n<\/ul>\n<ol start=\"3\">\n<li><strong> Eg\u00e9szs\u00e9gtudom\u00e1nyi szakford\u00edt\u00f3-tolm\u00e1cs (n\u00e9met-magyar)<\/strong><\/li>\n<\/ol>\n<ul>\n<li>k\u00e9pz\u00e9si \u00e9s kimeneti k\u00f6vetelm\u00e9nyek:\u00a0<a href=\"https:\/\/semmelweis.hu\/szaknyelv\/kepzeseink\/posztgradualis-egeszsegtudomanyi-kepzeseink\/szakfordito-es-tolmacskepzes-nemet\/\">eg\u00e9szs\u00e9gtudom\u00e1nyi szakford\u00edt\u00f3-tolm\u00e1cs<\/a><\/li>\n<li>k\u00e9pz\u00e9s\u00e9rt felel\u0151s kar:\u00a0<a href=\"https:\/\/semmelweis.hu\/szaknyelv\/\">Szaknyelvi Int\u00e9zet<\/a><\/li>\n<\/ul>\n<ol start=\"4\">\n<li><strong> Eg\u00e9szs\u00e9gtudom\u00e1nyi szakford\u00edt\u00f3-tolm\u00e1cs (angol-magyar)<\/strong><\/li>\n<\/ol>\n<ul>\n<li>k\u00e9pz\u00e9si \u00e9s kimeneti k\u00f6vetelm\u00e9nyek:\u00a0<a href=\"https:\/\/semmelweis.hu\/szaknyelv\/kepzeseink\/szakfordito-egeszsegtudomanyi-kepzeseink\/szakfordito-es-tolmacskepzes-angol\/\">Eg\u00e9szs\u00e9gtudom\u00e1nyi szakford\u00edt\u00f3-tolm\u00e1cs<\/a><\/li>\n<li>k\u00e9pz\u00e9s\u00e9rt felel\u0151s kar:\u00a0<a href=\"https:\/\/semmelweis.hu\/szaknyelv\/\">Szaknyelvi Int\u00e9zet<\/a><\/li>\n<\/ul>\n<ol start=\"5\">\n<li><strong> Tudom\u00e1nyos szerkeszt\u0151 (scientific editor) <\/strong><\/li>\n<\/ol>\n<ul>\n<li>k\u00e9pz\u00e9si \u00e9s kimeneti k\u00f6vetelm\u00e9nyek:\u00a0<a href=\"https:\/\/semmelweis.hu\/szaknyelv\/en\/trainings\/scientificeditor\/\">Scientific Editor<\/a><\/li>\n<li>k\u00e9pz\u00e9s\u00e9rt felel\u0151s kar:\u00a0<a href=\"https:\/\/semmelweis.hu\/szaknyelv\/\">Szaknyelvi Int\u00e9zet<\/a><\/li>\n<\/ul>\n<ol start=\"6\">\n<li><strong>\u00a0Ment\u00e1lhigi\u00e9n\u00e9s h\u00e1zass\u00e1g- \u00e9s csal\u00e1d \u2013 lelkigondoz\u00f3<\/strong><\/li>\n<\/ol>\n<ul>\n<li>k\u00e9pz\u00e9si \u00e9s kimeneti k\u00f6vetelm\u00e9nyek: <a href=\"https:\/\/firgraf.oh.gov.hu\/felsooktatasi-kepzesek\/kkk\/TTOVMLS\/hataly\/2024-01-01\">h\u00e1zass\u00e1g- \u00e9s csal\u00e1d-lelkigondoz\u00f3<\/a><\/li>\n<\/ul>\n<ul>\n<li>k\u00e9pz\u00e9s\u00e9rt felel\u0151s kar:\u00a0<a href=\"https:\/\/semmelweis.hu\/ekk\/oktatas\/\">Eg\u00e9szs\u00e9g\u00fcgyi K\u00f6zszolg\u00e1lati Kar<\/a><\/li>\n<\/ul>\n<ol start=\"7\">\n<li><strong> K\u00f6z\u00f6ss\u00e9gi \u00e9s csal\u00e1di medi\u00e1ci\u00f3<\/strong><\/li>\n<\/ol>\n<ul>\n<li>k\u00e9pz\u00e9si \u00e9s kimeneti k\u00f6vetelm\u00e9nyek:\u00a0<a href=\"https:\/\/semmelweis.hu\/mental\/files\/2020\/03\/K%C3%A9pz%C3%A9si-%C3%A9s-kimeneti-k%C3%B6vetelm%C3%A9nyek.pdf\">k\u00f6z\u00f6ss\u00e9gi \u00e9s csal\u00e1di medi\u00e1tor<\/a><\/li>\n<li>k\u00e9pz\u00e9s\u00e9rt felel\u0151s kar:\u00a0<a href=\"https:\/\/semmelweis.hu\/ekk\/oktatas\/\">Eg\u00e9szs\u00e9g\u00fcgyi K\u00f6zszolg\u00e1lati Kar<\/a><\/li>\n<\/ul>\n<ol start=\"8\">\n<li><strong> Lakt\u00e1ci\u00f3s szaktan\u00e1csad\u00f3\u00a0<\/strong><\/li>\n<\/ol>\n<ul>\n<li>k\u00e9pz\u00e9si \u00e9s kimeneti k\u00f6vetelm\u00e9nyek:\u00a0<a href=\"https:\/\/semmelweis.hu\/mental\/szakiranyu-kepzesek\/laktacios-szaktanacsado\/tudaselemek-es-ismeretek\/\">lakt\u00e1ci\u00f3s szaktan\u00e1csad\u00f3<\/a><\/li>\n<li>k\u00e9pz\u00e9s\u00e9rt felel\u0151s kar:\u00a0<a href=\"https:\/\/semmelweis.hu\/ekk\/oktatas\/\">Eg\u00e9szs\u00e9g\u00fcgyi K\u00f6zszolg\u00e1lati Kar<\/a><\/li>\n<\/ul>\n<ol start=\"9\">\n<li><strong> Ment\u00e1lhigi\u00e9n\u00e9\u00a0<\/strong><\/li>\n<\/ol>\n<ul>\n<li>k\u00e9pz\u00e9si \u00e9s kimeneti k\u00f6vetelm\u00e9nyek:\u00a0<a href=\"https:\/\/semmelweis.hu\/mental\/szakiranyu-kepzesek\/mentalhigiene-tovabbkepzes\/\">ment\u00e1lhigi\u00e9n\u00e9<\/a><\/li>\n<li>k\u00e9pz\u00e9s\u00e9rt felel\u0151s kar:\u00a0<a href=\"https:\/\/semmelweis.hu\/ekk\/oktatas\/\">Eg\u00e9szs\u00e9g\u00fcgyi K\u00f6zszolg\u00e1lati Kar<\/a><\/li>\n<\/ul>\n<ol start=\"10\">\n<li><strong> Ment\u00e1lhigi\u00e9n\u00e9s lelkigondoz\u00f3<\/strong><\/li>\n<\/ol>\n<ul>\n<li>k\u00e9pz\u00e9si \u00e9s kimeneti k\u00f6vetelm\u00e9nyek:\u00a0<a href=\"https:\/\/firgraf.oh.gov.hu\/felsooktatasi-kepzesek\/kkk\/TTOVMLE\/hataly\/2024-01-01\">ment\u00e1lhigi\u00e9n\u00e9s lelkigondoz\u00f3<\/a><\/li>\n<li>k\u00e9pz\u00e9s\u00e9rt felel\u0151s kar:\u00a0<a href=\"https:\/\/semmelweis.hu\/ekk\/oktatas\/\">Eg\u00e9szs\u00e9g\u00fcgyi K\u00f6zszolg\u00e1lati Kar<\/a><\/li>\n<\/ul>\n<ol start=\"11\">\n<li><strong> Munkahelyi ment\u00e1lhigi\u00e9n\u00e9<\/strong><\/li>\n<\/ol>\n<ul>\n<li>k\u00e9pz\u00e9si \u00e9s kimeneti k\u00f6vetelm\u00e9nyek:\u00a0<a href=\"https:\/\/semmelweis.hu\/mental\/szakiranyu-kepzesek\/munkahelyi-mentalhigiene-szakiranyu-tovabbkepzes\/tanulmanyi-program\/\">munkahelyi ment\u00e1lhigi\u00e9n\u00e9<\/a><\/li>\n<\/ul>\n<ul>\n<li>k\u00e9pz\u00e9s\u00e9rt felel\u0151s kar:\u00a0<a href=\"https:\/\/semmelweis.hu\/ekk\/oktatas\/\">Eg\u00e9szs\u00e9g\u00fcgyi K\u00f6zszolg\u00e1lati Kar<\/a><\/li>\n<\/ul>\n<ol start=\"12\">\n<li><strong>Neurol\u00f3giai szakgy\u00f3gytorn\u00e1sz<\/strong><\/li>\n<\/ol>\n<ul>\n<li>k\u00e9pz\u00e9si \u00e9s kimeneti k\u00f6vetelm\u00e9nyek:\u00a0<a href=\"https:\/\/semmelweis.hu\/aok\/files\/2019\/06\/neurologiaiszakgy_kkk.pdf\">neurol\u00f3giai szakgy\u00f3gytorn\u00e1sz<\/a><\/li>\n<li>k\u00e9pz\u00e9s\u00e9rt felel\u0151s kar:\u00a0<a href=\"https:\/\/semmelweis.hu\/aok\/oktatas\/neurologiai-szakgyogytornasz-szakiranyu-tovabbkepzes\/\">\u00c1ltal\u00e1nos Orvostudom\u00e1nyi Kar<\/a><\/li>\n<\/ul>\n<ol start=\"13\">\n<li><strong> Podi\u00e1ter<\/strong><\/li>\n<\/ol>\n<ul>\n<li>k\u00e9pz\u00e9si \u00e9s kimeneti k\u00f6vetelm\u00e9nyek:\u00a0<a href=\"https:\/\/semmelweis.hu\/etk\/oktatas\/szakiranyu-tovabbkepzesek\/podiater\/\">podi\u00e1ter<\/a><\/li>\n<li>k\u00e9pz\u00e9s\u00e9rt felel\u0151s kar:\u00a0<a href=\"https:\/\/semmelweis.hu\/etk\/\">Eg\u00e9szs\u00e9gtudom\u00e1nyi Kar<\/a><\/li>\n<\/ul>\n<ol start=\"14\">\n<li><strong> Pedag\u00f3gus szakvizsga szakszolg\u00e1lati ter\u00fcleten\u00a0<\/strong><\/li>\n<\/ol>\n<ul>\n<li>k\u00e9pz\u00e9si \u00e9s kimeneti k\u00f6vetelm\u00e9nyek:\u00a0<a href=\"https:\/\/semmelweis.hu\/oktatasigazgatas\/files\/2023\/02\/pedagogus-szakvizsga-szakszolgalati-teruleten.pdf\">pedag\u00f3gus szakvizsga szakszolg\u00e1lati ter\u00fcleten<\/a><\/li>\n<li>k\u00e9pz\u00e9s\u00e9rt felel\u0151s kar:\u00a0<a href=\"https:\/\/semmelweis.hu\/pak\/oktatas\/tovabbkepzes\/\">Pet\u0151 Andr\u00e1s Kar<\/a><\/li>\n<\/ul>\n<ol start=\"15\">\n<li><strong> Konduktorseg\u00edt\u0151 <\/strong><\/li>\n<\/ol>\n<ul>\n<li>k\u00e9pz\u00e9si \u00e9s kimeneti k\u00f6vetelm\u00e9nyek:\u00a0<a href=\"https:\/\/semmelweis.hu\/oktatasigazgatas\/files\/2023\/02\/pedagogus-szakvizsga-szakszolgalati-teruleten.pdf\">konduktorseg\u00edt\u0151<\/a><\/li>\n<li>k\u00e9pz\u00e9s\u00e9rt felel\u0151s kar:\u00a0<a href=\"https:\/\/semmelweis.hu\/pak\/oktatas\/tovabbkepzes\/\">Pet\u0151 Andr\u00e1s Kar<\/a><\/li>\n<\/ul>\n<ol start=\"16\">\n<li><strong>Kognit\u00edv viselked\u00e9ster\u00e1pi\u00e1s konzulens: <\/strong><\/li>\n<\/ol>\n<ul>\n<li><strong>k\u00e9pz\u00e9si kimeneti k\u00f6vetelm\u00e9nyek: <\/strong><a href=\"https:\/\/semmelweis.hu\/klinikai-pszichologia\/files\/2025\/01\/KKK_CBT_konzulens-_vegleges_OH.pdf\">kognit\u00edv viselked\u00e9ster\u00e1pi\u00e1s konzulens (CBT konzulens)<\/a><\/li>\n<li><strong>k\u00e9pz\u00e9s\u00e9rt felel\u0151s kar: <\/strong><a href=\"https:\/\/semmelweis.hu\/aok\/oktatas\/szakiranyu-tovabbkepzesek\/\">\u00c1ltal\u00e1nos Orvostudom\u00e1nyi Kar<\/a><\/li>\n<\/ul>\n<ol start=\"17\">\n<li><strong> Kognit\u00edv viselked\u00e9sterapeuta:<\/strong><\/li>\n<\/ol>\n<ul>\n<li><strong>k\u00e9pz\u00e9si kimeneti k\u00f6vetelm\u00e9nyek: <\/strong><a href=\"https:\/\/semmelweis.hu\/klinikai-pszichologia\/files\/2025\/01\/KKK_CBT-terapeuta_vegleges_-rovid.pdf\">kognit\u00edv viselked\u00e9sterapeuta (CBT terapeuta)<\/a><\/li>\n<li><strong>k\u00e9pz\u00e9s\u00e9rt felel\u0151s kar: <\/strong><a href=\"https:\/\/semmelweis.hu\/aok\/oktatas\/szakiranyu-tovabbkepzesek\/\">\u00c1ltal\u00e1nos Orvostudom\u00e1nyi Kar<\/a><\/li>\n<\/ul>\n<ol start=\"18\">\n<li><strong> Hagyom\u00e1nyos k\u00ednai orvos: <\/strong><\/li>\n<\/ol>\n<ul>\n<li><strong>k\u00e9pz\u00e9si kimeneti k\u00f6vetelm\u00e9nyek<\/strong><\/li>\n<li><strong>k\u00e9pz\u00e9s\u00e9rt felel\u0151s kar: <\/strong><a href=\"https:\/\/semmelweis.hu\/aok\/oktatas\/szakiranyu-tovabbkepzesek\/\">\u00c1ltal\u00e1nos Orvostudom\u00e1nyi Kar<\/a><\/li>\n<\/ul>\n","protected":false},"excerpt":{"rendered":"<p>A szakir\u00e1ny\u00fa tov\u00e1bbk\u00e9pz\u00e9sben \u2013 az alap- vagy a mesterfokozatot k\u00f6vet\u0151en tov\u00e1bbi \u2013 szakir\u00e1ny\u00fa szakk\u00e9pzetts\u00e9g szerezhet\u0151. A szakir\u00e1ny\u00fa tov\u00e1bbk\u00e9pz\u00e9sben legal\u00e1bb hatvan kreditet kell \u00e9s legfeljebb sz\u00e1zh\u00fasz kreditet lehet megszerezni. A k\u00e9pz\u00e9si id\u0151 legal\u00e1bb k\u00e9t, legfeljebb n\u00e9gy f\u00e9l\u00e9v. Az egyes \u2013 a Semmelweis Egyetem \u00e1ltal\u00a0ind\u00edtott \u2013\u00a0szakir\u00e1ny\u00fa tov\u00e1bbk\u00e9pz\u00e9sek a k\u00f6vetkez\u0151k: Szakir\u00e1ny\u00fa tov\u00e1bbk\u00e9pz\u00e9sek Addiktol\u00f3giai konzult\u00e1ns k\u00e9pz\u00e9si \u00e9s kimeneti k\u00f6vetelm\u00e9nyek:\u00a0 <a href=\"https:\/\/semmelweis.hu\/etk\/oktatas\/szakiranyu-tovabbkepzesek\/addiktologiai-konzultans\/\">Addiktol\u00f3giai konzult\u00e1ns<\/a> &hellip;<\/p>\n","protected":false},"author":12,"featured_media":0,"parent":83,"menu_order":5,"comment_status":"closed","ping_status":"closed","template":"","meta":{"_acf_changed":false,"footnotes":""},"categories":[],"tags":[],"class_list":["post-86","page","type-page","status-publish","hentry"],"acf":[],"_links":{"self":[{"href":"https:\/\/semmelweis.hu\/oktatasigazgatas\/wp-json\/wp\/v2\/pages\/86","targetHints":{"allow":["GET"]}}],"collection":[{"href":"https:\/\/semmelweis.hu\/oktatasigazgatas\/wp-json\/wp\/v2\/pages"}],"about":[{"href":"https:\/\/semmelweis.hu\/oktatasigazgatas\/wp-json\/wp\/v2\/types\/page"}],"author":[{"embeddable":true,"href":"https:\/\/semmelweis.hu\/oktatasigazgatas\/wp-json\/wp\/v2\/users\/12"}],"replies":[{"embeddable":true,"href":"https:\/\/semmelweis.hu\/oktatasigazgatas\/wp-json\/wp\/v2\/comments?post=86"}],"version-history":[{"count":11,"href":"https:\/\/semmelweis.hu\/oktatasigazgatas\/wp-json\/wp\/v2\/pages\/86\/revisions"}],"predecessor-version":[{"id":1033,"href":"https:\/\/semmelweis.hu\/oktatasigazgatas\/wp-json\/wp\/v2\/pages\/86\/revisions\/1033"}],"up":[{"embeddable":true,"href":"https:\/\/semmelweis.hu\/oktatasigazgatas\/wp-json\/wp\/v2\/pages\/83"}],"wp:attachment":[{"href":"https:\/\/semmelweis.hu\/oktatasigazgatas\/wp-json\/wp\/v2\/media?parent=86"}],"wp:term":[{"taxonomy":"category","embeddable":true,"href":"https:\/\/semmelweis.hu\/oktatasigazgatas\/wp-json\/wp\/v2\/categories?post=86"},{"taxonomy":"post_tag","embeddable":true,"href":"https:\/\/semmelweis.hu\/oktatasigazgatas\/wp-json\/wp\/v2\/tags?post=86"}],"curies":[{"name":"wp","href":"https:\/\/api.w.org\/{rel}","templated":true}]}}