{"id":1547,"date":"2024-12-12T11:10:45","date_gmt":"2024-12-12T10:10:45","guid":{"rendered":"https:\/\/semmelweis.hu\/oik\/?page_id=1547"},"modified":"2025-01-23T13:22:06","modified_gmt":"2025-01-23T12:22:06","slug":"dokumentumok-c-fedezeti-kor","status":"publish","type":"page","link":"https:\/\/semmelweis.hu\/oik\/dokumentumok-c-fedezeti-kor\/","title":{"rendered":"Dokumentumok &#8211; C fedezeti k\u00f6r"},"content":{"rendered":"<p><strong>C &#8211; fedezeti k\u00f6rh\u00f6z (felel\u0151ss\u00e9gi biztos\u00edt\u00e1s) kapcsol\u00f3d\u00f3 dokumentumok<\/strong><\/p>\n<p><a href=\"https:\/\/semmelweis.hu\/oik\/files\/2024\/12\/AHE10100_P_Allianz_Szakmavedelem_KBF.pdf\" target=\"_blank\" rel=\"noopener\">Allianz Szakmai felel\u0151ss\u00e9gbiztos\u00edt\u00e1s &#8211; K\u00fcl\u00f6n\u00f6s biztos\u00edt\u00e1si felt\u00e9telek<\/a><br \/>\n<a href=\"https:\/\/semmelweis.hu\/oik\/files\/2024\/12\/AHE10101_P_Allianz_Szakmavedelem_Termekismerteto.pdf\" target=\"_blank\" rel=\"noopener\">Allianz Szakmai felel\u0151ss\u00e9gbiztos\u00edt\u00e1s &#8211; Term\u00e9kismertet\u0151<\/a><br \/>\n<a href=\"https:\/\/semmelweis.hu\/oik\/files\/2024\/12\/AHE10352_5P_FABF.pdf\" target=\"_blank\" rel=\"noopener\">\u00c1ltal\u00e1nos biztos\u00edt\u00e1si felt\u00e9telek<\/a><br \/>\n<a href=\"https:\/\/semmelweis.hu\/oik\/files\/2024\/12\/AHE10221_5P_Altfel_UT.pdf\" target=\"_blank\" rel=\"noopener\">\u00c1ltal\u00e1nos felel\u0151ss\u00e9gbiztos\u00edt\u00e1s &#8211; \u00dcgyf\u00e9l-t\u00e1j\u00e9koztat\u00f3<\/a><br \/>\n<a href=\"https:\/\/semmelweis.hu\/oik\/files\/2024\/12\/AHE_10223_4P_2szzaradek_berbeadoi.pdf\" target=\"_blank\" rel=\"noopener\">B\u00e9rbead\u00f3i felel\u0151ss\u00e9g<\/a><br \/>\n<a href=\"https:\/\/semmelweis.hu\/oik\/files\/2024\/12\/AHE_10222_4P_1szzaradek_berloi.pdf\" target=\"_blank\" rel=\"noopener\">B\u00e9rl\u0151i felel\u0151ss\u00e9g<\/a><br \/>\n<a href=\"https:\/\/semmelweis.hu\/oik\/files\/2024\/12\/AHE10353_4P_Felelossegbiztositasok_UT.pdf\" target=\"_blank\" rel=\"noopener\">Felel\u0151ss\u00e9gbiztos\u00edt\u00e1sok \u00c1ltal\u00e1nos biztos\u00edt\u00e1si felt\u00e9telei &#8211; \u00dcgyf\u00e9l-t\u00e1j\u00e9koztat\u00f3<\/a><br \/>\n<a href=\"https:\/\/semmelweis.hu\/oik\/files\/2024\/12\/AHE_10218_5P_Munkaltatoi_KBF.pdf\" target=\"_blank\" rel=\"noopener\">K\u00fcl\u00f6n\u00f6s biztos\u00edt\u00e1si felt\u00e9telek &#8211; munk\u00e1ltat\u00f3i felel\u0151ss\u00e9g<\/a><br \/>\n<a href=\"https:\/\/semmelweis.hu\/oik\/files\/2024\/12\/AHE_10225_4P_Altalanos_felelossegbiztositas_KBF.pdf\" target=\"_blank\" rel=\"noopener\">K\u00fcl\u00f6n\u00f6s biztos\u00edt\u00e1si felt\u00e9telek &#8211; \u00e1ltal\u00e1nos felel\u0151ss\u00e9gbiztos\u00edt\u00e1s<\/a><br \/>\n<a href=\"https:\/\/semmelweis.hu\/oik\/files\/2024\/12\/AHE10361_2P_1szz_zaradek_munkerokolcsonzes.pdf\" target=\"_blank\" rel=\"noopener\">Munkaer\u0151-k\u00f6lcs\u00f6nz\u00e9s<\/a><br \/>\n<a href=\"https:\/\/semmelweis.hu\/oik\/files\/2024\/12\/AHE10211_P_5szzaradek_novenyi_kulturak.pdf\" target=\"_blank\" rel=\"noopener\">N\u00f6v\u00e9nyi kult\u00far\u00e1k<\/a><br \/>\n<a href=\"https:\/\/semmelweis.hu\/oik\/files\/2024\/12\/AHE_10264_3P_Kornyezetsz_KBF.pdf\" target=\"_blank\" rel=\"noopener\">K\u00f6rnyezetszennyez\u00e9s &#8211; <\/a><a href=\"https:\/\/semmelweis.hu\/oik\/files\/2024\/12\/AHE_10264_3P_Kornyezetsz_KBF.pdf\" target=\"_blank\" rel=\"noopener\">K\u00fcl\u00f6n\u00f6s biztos\u00edt\u00e1si felt\u00e9telek<\/a><br \/>\n<a href=\"https:\/\/semmelweis.hu\/oik\/files\/2024\/12\/AHE_102653P_Kornyszenny_UT.pdf\" target=\"_blank\" rel=\"noopener\">K\u00f6rnyezetszennyez\u00e9si felel\u0151ss\u00e9gbiztos\u00edt\u00e1s &#8211; t\u00e1j\u00e9koztat\u00f3<\/a><br \/>\n<a href=\"https:\/\/semmelweis.hu\/oik\/files\/2024\/12\/AHE10219_6P_Munkfel_UT.pdf\" target=\"_blank\" rel=\"noopener\">Munk\u00e1ltat\u00f3i felel\u0151ss\u00e9gbiztos\u00edt\u00e1s &#8211; \u00dcgyf\u00e9l-t\u00e1j\u00e9koztat\u00f3<\/a><\/p>\n<p><a href=\"https:\/\/semmelweis.hu\/oik\/files\/2024\/12\/AHE-12321_3P_Szolgfel_UT.pdf\" target=\"_blank\" rel=\"noopener\">Szolg\u00e1ltat\u00e1si felel\u0151ss\u00e9gbiztos\u00edt\u00e1s &#8211; \u00dcgyf\u00e9l-t\u00e1j\u00e9koztat\u00f3<\/a><br \/>\n<a href=\"https:\/\/semmelweis.hu\/oik\/files\/2024\/12\/AHE12322_P_1zaradek_anyagmozgatas.pdf\" target=\"_blank\" rel=\"noopener\">Szolg\u00e1ltat\u00e1s &#8211; anyagmozgat\u00e1s<\/a><\/p>\n<p><a href=\"https:\/\/semmelweis.hu\/oik\/files\/2024\/12\/AHE14020_P_2szz_Vilag_hataly_FABF.pdf\" target=\"_blank\" rel=\"noopener\">A fedezet kiterjeszt\u00e9se a vil\u00e1g orsz\u00e1gaira, kiv\u00e9ve: USA, Kanada, Ausztr\u00e1lia, \u00daj-Z\u00e9land \u00e9s Eur\u00f3pa ter\u00fclete<\/a><br \/>\n<a href=\"https:\/\/semmelweis.hu\/oik\/files\/2024\/12\/AHE14021_P_3szz_USA_Kanada_FABF.pdf\" target=\"_blank\" rel=\"noopener\">A fedezet kiterjeszt\u00e9se USA, Kanada, Ausztr\u00e1lia, \u00daj-Z\u00e9land ter\u00fclet\u00e9re<\/a><br \/>\n<a href=\"https:\/\/semmelweis.hu\/oik\/files\/2024\/12\/AHE14022_P_4szz_teljesitesi_seged_kozremukodo_FABF.pdf\" target=\"_blank\" rel=\"noopener\">A fedezet kiterjeszt\u00e9se a k\u00f6zrem\u0171k\u00f6d\u0151 \u00e1ltal okozott k\u00e1rokra\/nem vagyoni s\u00e9relemre<\/a> <\/p>\n<p><strong>Kieg\u00e9sz\u00edt\u0151 biztos\u00edt\u00e1sok<br \/>\n<\/strong><a href=\"https:\/\/semmelweis.hu\/oik\/files\/2024\/12\/AHE_10292_4P_Gyakorlati_KBF.pdf\" target=\"_blank\" rel=\"noopener\">Gyakorlati k\u00e9pz\u00e9st szervez\u0151<\/a><br \/>\n<a href=\"https:\/\/semmelweis.hu\/oik\/files\/2024\/12\/AHE_10287_3P_Rendezvenyszervezoi_KBF.pdf\" target=\"_blank\" rel=\"noopener\">Rendezv\u00e9nyszervez\u00e9s &#8211; \u00e1ltal\u00e1nos<\/a><br \/>\n<a href=\"https:\/\/semmelweis.hu\/oik\/files\/2024\/12\/AHE10425_1P_rendezvenyszervezoi_vendeglatas_zaradek.pdf\" target=\"_blank\" rel=\"noopener\">Rendezv\u00e9nyszervez\u00e9s &#8211; a\u00a0vend\u00e9gl\u00e1t\u00e1sb\u00f3l sz\u00e1rmaz\u00f3 k\u00e1rokra\/nem vagyoni s\u00e9relemre\u00a0<\/a><br \/>\n<a href=\"https:\/\/semmelweis.hu\/oik\/files\/2024\/12\/AHE10424_1P_rendezvenyszervezoi_ingatlanra_zaradek.pdf\" target=\"_blank\" rel=\"noopener\">Rendezv\u00e9nyszervez\u00e9s &#8211; haszn\u00e1latba vett ingatlan<\/a><br \/>\n<a href=\"https:\/\/semmelweis.hu\/oik\/files\/2024\/12\/AHE_10295_3P_Szallashely_szolgaltatoi_KBF.pdf\" target=\"_blank\" rel=\"noopener\">Sz\u00e1ll\u00e1shely szolg\u00e1ltat\u00f3<\/a><br \/>\n<a href=\"https:\/\/semmelweis.hu\/oik\/files\/2024\/12\/AHE_12317_3P_Szolgaltatas_KBF.pdf\" target=\"_blank\" rel=\"noopener\">Szolg\u00e1ltat\u00e1s<\/a><\/p>\n","protected":false},"excerpt":{"rendered":"<p>C &#8211; fedezeti k\u00f6rh\u00f6z (felel\u0151ss\u00e9gi biztos\u00edt\u00e1s) kapcsol\u00f3d\u00f3 dokumentumok<br \/>\n<a href=\"https:\/\/semmelweis.hu\/oik\/files\/2024\/12\/AHE10100_P_Allianz_Szakmavedelem_KBF.pdf\" target=\"_blank\" rel=\"noopener\">Allianz Szakmai felel\u0151ss\u00e9gbiztos\u00edt\u00e1s &#8211; K\u00fcl\u00f6n\u00f6s biztos\u00edt\u00e1si felt\u00e9telek<\/a><br \/>\n<a href=\"https:\/\/semmelweis.hu\/oik\/files\/2024\/12\/AHE10101_P_Allianz_Szakmavedelem_Termekismerteto.pdf\" target=\"_blank\" rel=\"noopener\">Allianz Szakmai felel\u0151ss\u00e9gbiztos\u00edt\u00e1s &#8211; Term\u00e9kismertet\u0151<\/a><br \/>\n<a href=\"https:\/\/semmelweis.hu\/oik\/files\/2024\/12\/AHE10352_5P_FABF.pdf\" target=\"_blank\" rel=\"noopener\">\u00c1ltal\u00e1nos biztos\u00edt\u00e1si felt\u00e9telek<\/a><br \/>\n<a href=\"https:\/\/semmelweis.hu\/oik\/files\/2024\/12\/AHE10221_5P_Altfel_UT.pdf\" target=\"_blank\" rel=\"noopener\">\u00c1ltal\u00e1nos felel\u0151ss\u00e9gbiztos\u00edt\u00e1s &#8211; \u00dcgyf\u00e9l-t\u00e1j\u00e9koztat\u00f3<\/a><br \/>\n<a href=\"https:\/\/semmelweis.hu\/oik\/files\/2024\/12\/AHE_10223_4P_2szzaradek_berbeadoi.pdf\" target=\"_blank\" rel=\"noopener\">B\u00e9rbead\u00f3i felel\u0151ss\u00e9g<\/a><br \/>\n<a href=\"https:\/\/semmelweis.hu\/oik\/files\/2024\/12\/AHE_10222_4P_1szzaradek_berloi.pdf\" target=\"_blank\" rel=\"noopener\">B\u00e9rl\u0151i felel\u0151ss\u00e9g<\/a><br \/>\n<a href=\"https:\/\/semmelweis.hu\/oik\/files\/2024\/12\/AHE10353_4P_Felelossegbiztositasok_UT.pdf\" target=\"_blank\" rel=\"noopener\">Felel\u0151ss\u00e9gbiztos\u00edt\u00e1sok \u00c1ltal\u00e1nos biztos\u00edt\u00e1si felt\u00e9telei &#8211; \u00dcgyf\u00e9l-t\u00e1j\u00e9koztat\u00f3<\/a><br \/>\n<a href=\"https:\/\/semmelweis.hu\/oik\/files\/2024\/12\/AHE_10218_5P_Munkaltatoi_KBF.pdf\" target=\"_blank\" rel=\"noopener\">K\u00fcl\u00f6n\u00f6s biztos\u00edt\u00e1si felt\u00e9telek &#8211; munk\u00e1ltat\u00f3i felel\u0151ss\u00e9g<\/a><br \/>\n<a href=\"https:\/\/semmelweis.hu\/oik\/files\/2024\/12\/AHE_10225_4P_Altalanos_felelossegbiztositas_KBF.pdf\" target=\"_blank\" rel=\"noopener\">K\u00fcl\u00f6n\u00f6s biztos\u00edt\u00e1si felt\u00e9telek &#8211; \u00e1ltal\u00e1nos felel\u0151ss\u00e9gbiztos\u00edt\u00e1s<\/a><br \/>\n<a href=\"https:\/\/semmelweis.hu\/oik\/files\/2024\/12\/AHE10361_2P_1szz_zaradek_munkerokolcsonzes.pdf\" target=\"_blank\" rel=\"noopener\">Munkaer\u0151-k\u00f6lcs\u00f6nz\u00e9s<\/a><br \/>\n<a href=\"https:\/\/semmelweis.hu\/oik\/files\/2024\/12\/AHE10211_P_5szzaradek_novenyi_kulturak.pdf\" target=\"_blank\" rel=\"noopener\">N\u00f6v\u00e9nyi kult\u00far\u00e1k<\/a><br \/>\n<a href=\"https:\/\/semmelweis.hu\/oik\/files\/2024\/12\/AHE_10264_3P_Kornyezetsz_KBF.pdf\" target=\"_blank\" rel=\"noopener\">K\u00f6rnyezetszennyez\u00e9s &#8211; <\/a><a href=\"https:\/\/semmelweis.hu\/oik\/files\/2024\/12\/AHE_10264_3P_Kornyezetsz_KBF.pdf\" target=\"_blank\" rel=\"noopener\">K\u00fcl\u00f6n\u00f6s biztos\u00edt\u00e1si felt\u00e9telek<\/a><br \/>\n<a href=\"https:\/\/semmelweis.hu\/oik\/files\/2024\/12\/AHE_102653P_Kornyszenny_UT.pdf\" target=\"_blank\" rel=\"noopener\">K\u00f6rnyezetszennyez\u00e9si felel\u0151ss\u00e9gbiztos\u00edt\u00e1s &#8211; t\u00e1j\u00e9koztat\u00f3<\/a><br \/>\n<a href=\"https:\/\/semmelweis.hu\/oik\/files\/2024\/12\/AHE10219_6P_Munkfel_UT.pdf\" target=\"_blank\" rel=\"noopener\">Munk\u00e1ltat\u00f3i felel\u0151ss\u00e9gbiztos\u00edt\u00e1s &#8211; \u00dcgyf\u00e9l-t\u00e1j\u00e9koztat\u00f3<\/a><br \/>\n<a href=\"https:\/\/semmelweis.hu\/oik\/files\/2024\/12\/AHE-12321_3P_Szolgfel_UT.pdf\" target=\"_blank\" rel=\"noopener\">Szolg\u00e1ltat\u00e1si felel\u0151ss\u00e9gbiztos\u00edt\u00e1s &#8211; \u00dcgyf\u00e9l-t\u00e1j\u00e9koztat\u00f3<\/a><br \/>\n<a href=\"https:\/\/semmelweis.hu\/oik\/files\/2024\/12\/AHE12322_P_1zaradek_anyagmozgatas.pdf\" target=\"_blank\" rel=\"noopener\">Szolg\u00e1ltat\u00e1s &#8211; anyagmozgat\u00e1s<\/a><br \/>\n<a href=\"https:\/\/semmelweis.hu\/oik\/files\/2024\/12\/AHE14020_P_2szz_Vilag_hataly_FABF.pdf\" target=\"_blank\" rel=\"noopener\">A fedezet kiterjeszt\u00e9se a vil\u00e1g orsz\u00e1gaira, kiv\u00e9ve: USA, Kanada, Ausztr\u00e1lia, \u00daj-Z\u00e9land \u00e9s Eur\u00f3pa ter\u00fclete<\/a><br \/>\n<a href=\"https:\/\/semmelweis.hu\/oik\/files\/2024\/12\/AHE14021_P_3szz_USA_Kanada_FABF.pdf\" target=\"_blank\" rel=\"noopener\">A fedezet kiterjeszt\u00e9se USA, Kanada, Ausztr\u00e1lia, \u00daj-Z\u00e9land ter\u00fclet\u00e9re<\/a><br \/>\n<a href=\"https:\/\/semmelweis.hu\/oik\/files\/2024\/12\/AHE14022_P_4szz_teljesitesi_seged_kozremukodo_FABF.pdf\" target=\"_blank\" rel=\"noopener\">A fedezet kiterjeszt\u00e9se a k\u00f6zrem\u0171k\u00f6d\u0151 \u00e1ltal okozott k\u00e1rokra\/nem vagyoni s\u00e9relemre<\/a><br \/>\nKieg\u00e9sz\u00edt\u0151 biztos\u00edt\u00e1sok<br \/>\n<a href=\"https:\/\/semmelweis.hu\/oik\/files\/2024\/12\/AHE_10292_4P_Gyakorlati_KBF.pdf\" target=\"_blank\" rel=\"noopener\">Gyakorlati k\u00e9pz\u00e9st szervez\u0151<\/a><br \/>\n<a href=\"https:\/\/semmelweis.hu\/oik\/files\/2024\/12\/AHE_10287_3P_Rendezvenyszervezoi_KBF.pdf\" target=\"_blank\" rel=\"noopener\">Rendezv\u00e9nyszervez\u00e9s &#8211; \u00e1ltal\u00e1nos<\/a><br \/>\n<a href=\"https:\/\/semmelweis.hu\/oik\/files\/2024\/12\/AHE10425_1P_rendezvenyszervezoi_vendeglatas_zaradek.pdf\" target=\"_blank\" rel=\"noopener\">Rendezv\u00e9nyszervez\u00e9s &#8211; a\u00a0vend\u00e9gl\u00e1t\u00e1sb\u00f3l sz\u00e1rmaz\u00f3 k\u00e1rokra\/nem vagyoni s\u00e9relemre\u00a0<\/a><br \/>\n<a href=\"https:\/\/semmelweis.hu\/oik\/files\/2024\/12\/AHE10424_1P_rendezvenyszervezoi_ingatlanra_zaradek.pdf\" target=\"_blank\" rel=\"noopener\">Rendezv\u00e9nyszervez\u00e9s &#8211; haszn\u00e1latba vett ingatlan<\/a><br \/>\n<a href=\"https:\/\/semmelweis.hu\/oik\/files\/2024\/12\/AHE_10295_3P_Szallashely_szolgaltatoi_KBF.pdf\" target=\"_blank\" rel=\"noopener\">Sz\u00e1ll\u00e1shely szolg\u00e1ltat\u00f3<\/a><br \/>\n<a href=\"https:\/\/semmelweis.hu\/oik\/files\/2024\/12\/AHE_12317_3P_Szolgaltatas_KBF.pdf\" target=\"_blank\" rel=\"noopener\">Szolg\u00e1ltat\u00e1s<\/a><\/p>\n","protected":false},"author":101466,"featured_media":0,"parent":0,"menu_order":0,"comment_status":"closed","ping_status":"closed","template":"","meta":{"_acf_changed":false,"footnotes":""},"categories":[],"tags":[],"class_list":["post-1547","page","type-page","status-publish","hentry"],"acf":[],"_links":{"self":[{"href":"https:\/\/semmelweis.hu\/oik\/wp-json\/wp\/v2\/pages\/1547","targetHints":{"allow":["GET"]}}],"collection":[{"href":"https:\/\/semmelweis.hu\/oik\/wp-json\/wp\/v2\/pages"}],"about":[{"href":"https:\/\/semmelweis.hu\/oik\/wp-json\/wp\/v2\/types\/page"}],"author":[{"embeddable":true,"href":"https:\/\/semmelweis.hu\/oik\/wp-json\/wp\/v2\/users\/101466"}],"replies":[{"embeddable":true,"href":"https:\/\/semmelweis.hu\/oik\/wp-json\/wp\/v2\/comments?post=1547"}],"version-history":[{"count":5,"href":"https:\/\/semmelweis.hu\/oik\/wp-json\/wp\/v2\/pages\/1547\/revisions"}],"predecessor-version":[{"id":1637,"href":"https:\/\/semmelweis.hu\/oik\/wp-json\/wp\/v2\/pages\/1547\/revisions\/1637"}],"wp:attachment":[{"href":"https:\/\/semmelweis.hu\/oik\/wp-json\/wp\/v2\/media?parent=1547"}],"wp:term":[{"taxonomy":"category","embeddable":true,"href":"https:\/\/semmelweis.hu\/oik\/wp-json\/wp\/v2\/categories?post=1547"},{"taxonomy":"post_tag","embeddable":true,"href":"https:\/\/semmelweis.hu\/oik\/wp-json\/wp\/v2\/tags?post=1547"}],"curies":[{"name":"wp","href":"https:\/\/api.w.org\/{rel}","templated":true}]}}