{"id":78,"date":"2012-07-16T13:57:47","date_gmt":"2012-07-16T11:57:47","guid":{"rendered":"http:\/\/semmelweis-egyetem.hu\/nuklearis-medicina\/?page_id=78"},"modified":"2018-09-28T16:16:45","modified_gmt":"2018-09-28T14:16:45","slug":"szakdolgozat","status":"publish","type":"page","link":"https:\/\/semmelweis.hu\/nuklearis-medicina\/oktatas\/szakdolgozat\/","title":{"rendered":"Szakdolgozat"},"content":{"rendered":"<p style=\"margin: 0cm;margin-bottom: .0001pt;text-align: center\" align=\"center\"><strong> A Nukle\u00e1ris Medicina\u00a0K\u00f6zpont<\/strong><\/p>\n<p style=\"margin: 0cm;margin-bottom: .0001pt;text-align: center\" align=\"center\"><strong>2018\/19 tan\u00e9vre meghirdetett szakdolgozat t\u00e9m\u00e1i<\/strong><\/p>\n<p style=\"margin: 0cm;margin-bottom: .0001pt;text-align: center\" align=\"center\">\u00a0<\/p>\n<p style=\"margin: 0cm;margin-bottom: .0001pt\"><strong>T\u00e9mavezet\u0151: Dr. Gy\u00f6rke Tam\u00e1s, PhD, egyetemi docens<\/strong><\/p>\n<p style=\"margin: 0cm;margin-bottom: .0001pt\">\u00a0<\/p>\n<p style=\"margin: 0cm;margin-bottom: .0001pt\">1. Az FDG PET-CT vizsg\u00e1lat szerepe a lymphom\u00e1k diagnosztik\u00e1j\u00e1ban \u00e9s k\u00f6vet\u00e9s\u00e9ben<\/p>\n<p style=\"margin: 0cm;margin-bottom: .0001pt\">\u00a0<\/p>\n<p style=\"margin: 0cm;margin-bottom: .0001pt\">2. Az FDG PET-CT vizsg\u00e1lat eml\u0151r\u00e1kban<\/p>\n<p style=\"margin: 0cm;margin-bottom: .0001pt\">(T\u00e1rst\u00e9mavezet\u0151: Dr. T\u0151k\u00e9s T\u00edmea, PhD, Onkol\u00f3giai K\u00f6zpont)<\/p>\n<p style=\"margin: 0cm;margin-bottom: .0001pt\">\u00a0<\/p>\n<p style=\"margin: 0cm;margin-bottom: .0001pt\">3. Vegyes (b\u00e9ta \u00e9s gamma) sug\u00e1rz\u00f3 nuklidokkal jelzett, ter\u00e1pi\u00e1s c\u00e9llal el\u0151\u00e1ll\u00edtott radiofarmakonok biol\u00f3giai eloszl\u00e1s vizsg\u00e1lata laborat\u00f3riumi \u00e9s spont\u00e1n beteg \u00e1llatokon<\/p>\n<p style=\"margin: 0cm;margin-bottom: .0001pt\">(T\u00e1rst\u00e9mavezet\u0151: Dr. Balogh Lajos, PhD, az OSSKI oszt\u00e1lyvezet\u0151je)<\/p>\n<p style=\"margin: 0cm;margin-bottom: .0001pt\"><strong>\u00a0<\/strong><\/p>\n<p style=\"margin: 0cm;margin-bottom: .0001pt\"><strong>T\u00e9mavezet\u0151: Dr. Dabasi Gabriella, PhD, egyetemi docens<\/strong><\/p>\n<p style=\"margin: 0cm;margin-bottom: .0001pt\">\u00a0<\/p>\n<p style=\"margin: 0cm;margin-bottom: .0001pt\">4. Theranosticumok a neuroendokrin k\u00f3rk\u00e9pek klinikum\u00e1ban<\/p>\n<p style=\"margin: 0cm;margin-bottom: .0001pt\">(T\u00e1rst\u00e9mavezet\u0151: Dr. B\u00fas Katalin)<\/p>\n<p style=\"margin: 0cm;margin-bottom: .0001pt\">\u00a0<\/p>\n<p style=\"margin: 0cm;margin-bottom: .0001pt\">\u00a0<\/p>\n<p style=\"margin: 0cm;margin-bottom: .0001pt\"><strong>T\u00e9mavezet\u0151: Dr. K\u00e1ri B\u00e9la, nukle\u00e1risfizikus m\u00e9rn\u00f6k, tudom\u00e1nyos munkat\u00e1rs<\/strong><\/p>\n<p style=\"margin: 0cm;margin-bottom: .0001pt\">\u00a0<\/p>\n<p style=\"margin: 0cm;margin-bottom: .0001pt\">5. A nukle\u00e1ris medicin\u00e1ban haszn\u00e1latos k\u00e9prekonstrukci\u00f3s elj\u00e1r\u00e1sok<\/p>\n<p><strong>\u00a0<\/strong><\/p>\n","protected":false},"excerpt":{"rendered":"<p>A Nukle\u00e1ris Medicina\u00a0K\u00f6zpont 2018\/19 tan\u00e9vre meghirdetett szakdolgozat t\u00e9m\u00e1i \u00a0 T\u00e9mavezet\u0151: Dr. Gy\u00f6rke Tam\u00e1s, PhD, egyetemi docens \u00a0 1. Az FDG PET-CT vizsg\u00e1lat szerepe a lymphom\u00e1k diagnosztik\u00e1j\u00e1ban \u00e9s k\u00f6vet\u00e9s\u00e9ben \u00a0 2. Az FDG PET-CT vizsg\u00e1lat eml\u0151r\u00e1kban (T\u00e1rst\u00e9mavezet\u0151: Dr. T\u0151k\u00e9s T\u00edmea, PhD, Onkol\u00f3giai K\u00f6zpont) \u00a0 3. Vegyes (b\u00e9ta \u00e9s gamma) sug\u00e1rz\u00f3 nuklidokkal jelzett, ter\u00e1pi\u00e1s c\u00e9llal el\u0151\u00e1ll\u00edtott radiofarmakonok &hellip;<\/p>\n","protected":false},"author":49,"featured_media":0,"parent":33,"menu_order":3,"comment_status":"open","ping_status":"open","template":"","meta":{"_acf_changed":false,"footnotes":""},"categories":[],"tags":[],"class_list":["post-78","page","type-page","status-publish","hentry"],"acf":[],"_links":{"self":[{"href":"https:\/\/semmelweis.hu\/nuklearis-medicina\/wp-json\/wp\/v2\/pages\/78","targetHints":{"allow":["GET"]}}],"collection":[{"href":"https:\/\/semmelweis.hu\/nuklearis-medicina\/wp-json\/wp\/v2\/pages"}],"about":[{"href":"https:\/\/semmelweis.hu\/nuklearis-medicina\/wp-json\/wp\/v2\/types\/page"}],"author":[{"embeddable":true,"href":"https:\/\/semmelweis.hu\/nuklearis-medicina\/wp-json\/wp\/v2\/users\/49"}],"replies":[{"embeddable":true,"href":"https:\/\/semmelweis.hu\/nuklearis-medicina\/wp-json\/wp\/v2\/comments?post=78"}],"version-history":[{"count":10,"href":"https:\/\/semmelweis.hu\/nuklearis-medicina\/wp-json\/wp\/v2\/pages\/78\/revisions"}],"predecessor-version":[{"id":366,"href":"https:\/\/semmelweis.hu\/nuklearis-medicina\/wp-json\/wp\/v2\/pages\/78\/revisions\/366"}],"up":[{"embeddable":true,"href":"https:\/\/semmelweis.hu\/nuklearis-medicina\/wp-json\/wp\/v2\/pages\/33"}],"wp:attachment":[{"href":"https:\/\/semmelweis.hu\/nuklearis-medicina\/wp-json\/wp\/v2\/media?parent=78"}],"wp:term":[{"taxonomy":"category","embeddable":true,"href":"https:\/\/semmelweis.hu\/nuklearis-medicina\/wp-json\/wp\/v2\/categories?post=78"},{"taxonomy":"post_tag","embeddable":true,"href":"https:\/\/semmelweis.hu\/nuklearis-medicina\/wp-json\/wp\/v2\/tags?post=78"}],"curies":[{"name":"wp","href":"https:\/\/api.w.org\/{rel}","templated":true}]}}