{"id":73,"date":"2012-07-16T13:54:42","date_gmt":"2012-07-16T11:54:42","guid":{"rendered":"http:\/\/semmelweis-egyetem.hu\/nuklearis-medicina\/?page_id=73"},"modified":"2018-09-28T16:08:17","modified_gmt":"2018-09-28T14:08:17","slug":"gradualis-kepzes","status":"publish","type":"page","link":"https:\/\/semmelweis.hu\/nuklearis-medicina\/oktatas\/gradualis-kepzes\/","title":{"rendered":"Gradu\u00e1lis k\u00e9pz\u00e9s"},"content":{"rendered":"<p>A K\u00f6zpont a Nukle\u00e1ris Medicina Tansz\u00e9ki Csoport klinikai b\u00e1zis\u00e1t k\u00e9pezi, munkat\u00e1rsai r\u00e9szt vesznek a Tansz\u00e9ki Csoport oktat\u00f3 tev\u00e9kenys\u00e9g\u00e9ben.<\/p>\n<p>A Tansz\u00e9ki Csoport \u00e9s a K\u00f6zpont az \u00c1OK gradu\u00e1lis k\u00e9pz\u00e9sben a IV. \u00e9vfolyamon az Orvosi k\u00e9palkot\u00f3 elj\u00e1r\u00e1sok \u00e9s a Radiol\u00f3gia tant\u00e1rgyak keret\u00e9n bel\u00fcl vesz r\u00e9szt.<\/p>\n","protected":false},"excerpt":{"rendered":"<p>A K\u00f6zpont a Nukle\u00e1ris Medicina Tansz\u00e9ki Csoport klinikai b\u00e1zis\u00e1t k\u00e9pezi, munkat\u00e1rsai r\u00e9szt vesznek a Tansz\u00e9ki Csoport oktat\u00f3 tev\u00e9kenys\u00e9g\u00e9ben.<br \/>\nA Tansz\u00e9ki Csoport \u00e9s a K\u00f6zpont az \u00c1OK gradu\u00e1lis k\u00e9pz\u00e9sben a IV. \u00e9vfolyamon az Orvosi k\u00e9palkot\u00f3 elj\u00e1r\u00e1sok \u00e9s a Radiol\u00f3gia tant\u00e1rgyak keret\u00e9n bel\u00fcl vesz r\u00e9szt.<\/p>\n","protected":false},"author":49,"featured_media":0,"parent":33,"menu_order":1,"comment_status":"open","ping_status":"open","template":"","meta":{"_acf_changed":false,"footnotes":""},"categories":[],"tags":[],"class_list":["post-73","page","type-page","status-publish","hentry"],"acf":[],"_links":{"self":[{"href":"https:\/\/semmelweis.hu\/nuklearis-medicina\/wp-json\/wp\/v2\/pages\/73","targetHints":{"allow":["GET"]}}],"collection":[{"href":"https:\/\/semmelweis.hu\/nuklearis-medicina\/wp-json\/wp\/v2\/pages"}],"about":[{"href":"https:\/\/semmelweis.hu\/nuklearis-medicina\/wp-json\/wp\/v2\/types\/page"}],"author":[{"embeddable":true,"href":"https:\/\/semmelweis.hu\/nuklearis-medicina\/wp-json\/wp\/v2\/users\/49"}],"replies":[{"embeddable":true,"href":"https:\/\/semmelweis.hu\/nuklearis-medicina\/wp-json\/wp\/v2\/comments?post=73"}],"version-history":[{"count":11,"href":"https:\/\/semmelweis.hu\/nuklearis-medicina\/wp-json\/wp\/v2\/pages\/73\/revisions"}],"predecessor-version":[{"id":364,"href":"https:\/\/semmelweis.hu\/nuklearis-medicina\/wp-json\/wp\/v2\/pages\/73\/revisions\/364"}],"up":[{"embeddable":true,"href":"https:\/\/semmelweis.hu\/nuklearis-medicina\/wp-json\/wp\/v2\/pages\/33"}],"wp:attachment":[{"href":"https:\/\/semmelweis.hu\/nuklearis-medicina\/wp-json\/wp\/v2\/media?parent=73"}],"wp:term":[{"taxonomy":"category","embeddable":true,"href":"https:\/\/semmelweis.hu\/nuklearis-medicina\/wp-json\/wp\/v2\/categories?post=73"},{"taxonomy":"post_tag","embeddable":true,"href":"https:\/\/semmelweis.hu\/nuklearis-medicina\/wp-json\/wp\/v2\/tags?post=73"}],"curies":[{"name":"wp","href":"https:\/\/api.w.org\/{rel}","templated":true}]}}