{"id":9,"date":"2020-05-29T12:22:07","date_gmt":"2020-05-29T10:22:07","guid":{"rendered":"https:\/\/semmelweis.hu\/noionkologia\/?page_id=9"},"modified":"2021-09-30T21:42:23","modified_gmt":"2021-09-30T19:42:23","slug":"osztalyunkrol","status":"publish","type":"page","link":"https:\/\/semmelweis.hu\/noionkologia\/osztalyunkrol\/","title":{"rendered":"Oszt\u00e1lyunkr\u00f3l"},"content":{"rendered":"<p style=\"text-align: justify\">Oszt\u00e1lyunk orvosai, szakdolgoz\u00f3i magas sz\u00ednvonalon v\u00e9gzik a daganatos \u00e9s daganat megel\u0151z\u0151 \u00e1llapottal diagnosztiz\u00e1lt betegek kivizsg\u00e1l\u00e1s\u00e1t, m\u0171t\u00e9ti, illetve m\u0171t\u00e9t ut\u00e1ni ell\u00e1t\u00e1s\u00e1t, valamint ut\u00f3gondoz\u00e1s\u00e1t.<\/p>\n<p style=\"text-align: justify\">Orvosaink szaktud\u00e1sa, operat\u00edv tapasztalata fel\u00f6leli a j\u00f3- \u00e9s rosszindulat\u00fa n\u0151gy\u00f3gy\u00e1szati betegs\u00e9gek sz\u00e9les sk\u00e1l\u00e1j\u00e1t.<\/p>\n<ul style=\"text-align: justify\">\n<li><a href=\"https:\/\/semmelweis.hu\/noionkologia\/betegellatas\/ismertetok\/petefeszekrak\/\">Petef\u00e9szekb\u0151l kiindul\u00f3 t\u00e9rfoglal\u00f3 folyamatok kivizsg\u00e1l\u00e1sa \u00e9s ell\u00e1t\u00e1sa<\/a><\/li>\n<li><a href=\"https:\/\/semmelweis.hu\/noionkologia\/betegellatas\/ismertetok\/mehnyakrak\/\">M\u00e9hnyak r\u00e1kmegel\u0151z\u0151, \u00e9s daganatos \u00e1llapotainak korszer\u0171 kivizsg\u00e1l\u00e1sa \u00e9s kezel\u00e9se<\/a><\/li>\n<li><a href=\"https:\/\/semmelweis.hu\/noionkologia\/betegellatas\/ismertetok\/mehtestrak\/\">M\u00e9htest j\u00f3 \u00e9s rosszindulat\u00fa daganatinak komplex ell\u00e1t\u00e1sa<\/a><\/li>\n<li><a href=\"https:\/\/semmelweis.hu\/noionkologia\/betegellatas\/ismertetok\/vulvarak\/\">Szem\u00e9remtest r\u00e1kmegel\u0151z\u0151 \u00e1llapotainak \u00e9s rosszindulat\u00fa daganatainak sz\u00e9lesk\u00f6r\u0171 ell\u00e1t\u00e1sa<\/a><\/li>\n<li>M\u00e9hlep\u00e9ny eredet\u0171 daganatok gy\u00f3gyszeres \u00e9s m\u0171t\u00e9ti kezel\u00e9se<\/li>\n<li>N\u0151gy\u00f3gy\u00e1szati daganatok gy\u00f3gyszeres \u00e9s c\u00e9lzott ter\u00e1pi\u00e1ja<\/li>\n<\/ul>\n<p style=\"text-align: justify\">Klinik\u00e1nkon az \u00e9v minden napj\u00e1n folyamatos ell\u00e1t\u00e1s zajlik. Oszt\u00e1lyunkon a m\u0171t\u00e9tes betegek ell\u00e1t\u00e1sa mellett minden h\u00e9ten t\u00f6bb alkalommal kemoter\u00e1pi\u00e1s kezel\u00e9st is v\u00e9gz\u00fcnk. Sug\u00e1rter\u00e1pi\u00e1ra szorul\u00f3 p\u00e1cienseinket a vel\u00fcnk szorosan egy\u00fcttm\u0171k\u00f6d\u0151 <a href=\"https:\/\/www.uzsoki.hu\/onkoradiologiai-osztaly\">Uzsoki Utcai K\u00f3rh\u00e1z Onkoradiol\u00f3giai Oszt\u00e1lya<\/a>, illetve a ter\u00fcletileg illet\u00e9kes sug\u00e1rter\u00e1pi\u00e1s oszt\u00e1lyok v\u00e9gzik.<\/p>\n<p style=\"text-align: justify\">A fenti okok b\u00e1rmelyik\u00e9vel <strong>bizalommal fordulhat oszt\u00e1lyunk orvosaihoz<\/strong>, egy sokoldal\u00fa, egy\u00fcttm\u0171k\u00f6d\u0151 szak\u00e9rt\u0151i csapat seg\u00edts\u00e9g\u00e9re sz\u00e1m\u00edthat. Orvosaink tud\u00e1suk \u00e9s k\u00e9pess\u00e9geik legjav\u00e1t ny\u00fajtva v\u00e9gzik a betegek \u00e1tfog\u00f3 ell\u00e1t\u00e1s\u00e1t, mindent megtesznek az \u00d6n gy\u00f3gyul\u00e1sa \u00e9rdek\u00e9ben. Rendszeres tov\u00e1bbk\u00e9pz\u00e9ssel k\u00f6vetik nyomon a leg\u00fajabb kutat\u00e1si eredm\u00e9nyeket.<\/p>\n<p style=\"text-align: justify\">Oszt\u00e1lyunk szorosan egy\u00fcttm\u0171k\u00f6dik a Semmelweis Egyetem t\u00f6bb klinik\u00e1j\u00e1val, illetve t\u00f6bb budapesti k\u00f3rh\u00e1zzal, hogy a lehet\u0151 legkorszer\u0171bb diagnosztikus \u00e9s gy\u00f3gy\u00edt\u00f3 elj\u00e1r\u00e1sokkal biztos\u00edts\u00e1k az \u00d6n gy\u00f3gyul\u00e1s\u00e1t. Az orsz\u00e1g els\u0151sz\u00e1m\u00fa Sz\u00fcl\u00e9szeti \u00e9s N\u0151gy\u00f3gy\u00e1szati Klinik\u00e1jak\u00e9nt igyeksz\u00fcnk az el\u00e9rhet\u0151 legkorszer\u0171bb elj\u00e1r\u00e1sok, gy\u00f3gyszeres kezel\u00e9sek miel\u0151bbi bevezet\u00e9s\u00e9re. R\u00e9szt vesz\u00fcnk gy\u00f3gyszer vizsg\u00e1latokban. Oszt\u00e1lyunk emellett kiemelt szerepet v\u00e1llal a j\u00f6v\u0151 gener\u00e1ci\u00f3 orvosainak oktat\u00e1s\u00e1ban.<\/p>\n<hr \/>\n<h3 style=\"text-align: justify\">Korszer\u0171 \u00e9s ir\u00e1nymutat\u00f3 elj\u00e1r\u00e1sok<\/h3>\n<p style=\"text-align: justify\">Kezel\u0151orvosa a kivizsg\u00e1l\u00e1s sor\u00e1n ismertethet ak\u00e1r t\u00f6bb, innovat\u00edv lehet\u0151s\u00e9get is, melyek sz\u00f3ba j\u00f6hetnek az \u00f6n betegs\u00e9g\u00e9nek ell\u00e1t\u00e1s\u00e1ban. Klinik\u00e1nk daganatseb\u00e9szei Magyarorsz\u00e1g vezet\u0151 szak\u00e9rt\u0151i csapat\u00e1ba tartoznak a modern laparoszk\u00f3pos (kulcslyuk seb\u00e9szet) \u00e9s hasi seb\u00e9szet, term\u00e9kenys\u00e9gmegtart\u00f3 m\u0171t\u00e9tek valamint az \u00f6r\u00f6kl\u00f6tt daganatszindr\u00f3m\u00e1k prevent\u00edv, kock\u00e1zatcs\u00f6kkent\u0151 m\u0171t\u00e9tei ter\u00e9n is.<\/p>\n<ul style=\"text-align: justify\">\n<li><strong>Halad\u00f3 laparoszk\u00f3pos m\u0171t\u00e9tek:<\/strong>\u00a0Olyan minim\u00e1lisan invaz\u00edv m\u0171t\u00e9ti technika, mely <img loading=\"lazy\" decoding=\"async\" class=\"size-medium wp-image-620 alignright\" src=\"https:\/\/semmelweis.hu\/noionkologia\/files\/2020\/08\/cirurgical-instruments-2058089_1920-400x300.jpg\" alt=\"\" width=\"400\" height=\"300\" srcset=\"https:\/\/semmelweis.hu\/noionkologia\/files\/2020\/08\/cirurgical-instruments-2058089_1920-400x300.jpg 400w, https:\/\/semmelweis.hu\/noionkologia\/files\/2020\/08\/cirurgical-instruments-2058089_1920-1024x768.jpg 1024w, https:\/\/semmelweis.hu\/noionkologia\/files\/2020\/08\/cirurgical-instruments-2058089_1920-768x576.jpg 768w, https:\/\/semmelweis.hu\/noionkologia\/files\/2020\/08\/cirurgical-instruments-2058089_1920-1536x1152.jpg 1536w, https:\/\/semmelweis.hu\/noionkologia\/files\/2020\/08\/cirurgical-instruments-2058089_1920-753x565.jpg 753w, https:\/\/semmelweis.hu\/noionkologia\/files\/2020\/08\/cirurgical-instruments-2058089_1920.jpg 1920w\" sizes=\"auto, (max-width: 400px) 100vw, 400px\" \/>hasi m\u0171t\u00e9tek elv\u00e9gz\u00e9s\u00e9t teszi lehet\u0151v\u00e9 n\u00e9h\u00e1ny centim\u00e9teres behatol\u00e1sok seg\u00edts\u00e9g\u00e9vel. Alkalmaz\u00e1s\u00e1val jelent\u0151sen r\u00f6vid\u00fcl a k\u00f3rh\u00e1zi benntart\u00f3zkod\u00e1s, kevesebb a m\u0171t\u00e9t ut\u00e1ni f\u00e1jdalom, gyorsabb a fel\u00e9p\u00fcl\u00e9s. Klinik\u00e1nkon gyakorlatunk van kiterjesztett, daganat ellenes laparoszk\u00f3pos m\u0171t\u00e9tekben is.<\/li>\n<li><strong>Hysteroscopia:<\/strong> Olyan minim\u00e1lisan invaz\u00edv m\u0171t\u00e9ti technika, mely a m\u00e9h\u00fcreg kamer\u00e1val t\u00f6rt\u00e9n\u0151 vizsg\u00e1lat\u00e1t, c\u00e9lzott mintav\u00e9telez\u00e9s\u00e9t \u00e9s m\u00e9h\u0171ri beavatkoz\u00e1sok elv\u00e9gz\u00e9s\u00e9t teszi lehet\u0151v\u00e9. Rendellenes m\u00e9hv\u00e9rz\u00e9s kivizsg\u00e1l\u00e1s\u00e1nak gold standard m\u00f3dszere.<\/li>\n<li><strong>Subcutan endoscopos seb\u00e9szet:<\/strong> Az orsz\u00e1gban egyed\u00fclik\u00e9nt v\u00e9gezt\u00fcnk l\u00e1gy\u00e9ki nyirokcsom\u00f3k endoszk\u00f3pos technik\u00e1val t\u00f6rt\u00e9n\u0151 elt\u00e1vol\u00edt\u00e1s\u00e1t.<\/li>\n<li><strong>Sentinel (\u0151rszem) nyirokcsom\u00f3 technika:<\/strong> Olyan technika, mely sor\u00e1n felt\u00e9rk\u00e9pezz\u00fck a daganat nyirok elvezet\u00e9s\u00e9t, \u00e9s a legk\u00f6zelebbi nyirokcsom\u00f3t megjel\u00f6lj\u00fck. Ez az \u0151rszem nyirokcsom\u00f3, mely j\u00f3l reprezent\u00e1lja az eg\u00e9sz nyirokr\u00e9gi\u00f3 \u00e1llapot\u00e1t. A nyirokcsom\u00f3 elt\u00e1vol\u00edt\u00e1sa \u00e9s r\u00e9szletes sz\u00f6vettani vizsg\u00e1lata seg\u00edthet mikro-\u00e1tt\u00e9tek felfedez\u00e9s\u00e9ben, daganatmentes nyirokcsom\u00f3 eset\u00e9n elker\u00fclhet\u0151 lehet a teljes nyirok blokk elt\u00e1vol\u00edt\u00e1sa. Klinik\u00e1nkon szem\u00e9remtesti \u00e9s m\u00e9htest \u00e9s m\u00e9hnyak daganatok ellt\u00e1sa sor\u00e1n alkalmazzuk az \u00f6rszem nyirokcsom\u00f3 technik\u00e1t. Radioakt\u00edv izot\u00f3p \u00e9s a legkorszer\u0171bb fluorescens jel\u00fcl\u00e9st (ICG) is tudunk alkalmazni.<\/li>\n<li><strong>HIPEC (magas h\u0151m\u00e9rs\u00e9klet\u0171, has\u0171ri kemoter\u00e1pia):\u00a0<\/strong>Ez a technol\u00f3gia mag\u00e1ba foglalja a kiterjesztett hasi m\u0171t\u00e9tet, valamint ennek sor\u00e1n meleg kemoter\u00e1pi\u00e1s oldat has\u00fcregbe val\u00f3 juttat\u00e1s\u00e1t \u00e9s keringet\u00e9s\u00e9t. Has\u0171ri sz\u00f3r\u00f3d\u00e1ssal j\u00e1r\u00f3 daganatok (pl.: petef\u00e9szek daganat) ell\u00e1t\u00e1sa sor\u00e1n ezen elj\u00e1r\u00e1ssal v\u00e9gzett tanulm\u00e1nyok kedvez\u0151 eredm\u00e9nyekr\u0151l sz\u00e1molnak be. Az elj\u00e1r\u00e1st Klinik\u00e1nkon 2021-ben sikeresen bevezett\u00fck!<\/li>\n<li><strong>Desensitisati\u00f3s kezel\u00e9s:<\/strong> Kemoter\u00e1pi\u00e1s gy\u00f3gyszerekkel szemben kialakul\u00f3 allergia a beteg gy\u00f3gyul\u00e1si es\u00e9lyeit kedvez\u0151tlen\u00fcl befoly\u00e1solhatja. Klinik\u00e1nkon az intenz\u00edv ter\u00e1pi\u00e1s oszt\u00e1ly\u00e1val egy\u00fcttm\u0171k\u00f6dve sikeresen hajtottunk v\u00e9gre olyan desensitiz\u00e1ci\u00f3s kezel\u00e9st, mely lehet\u0151v\u00e9 tette az allergi\u00e1t okoz\u00f3, \u00e9letment\u0151 gy\u00f3gyszer bead\u00e1s\u00e1t.<\/li>\n<li><strong>Korszer\u0171 perioperat\u00edv szeml\u00e9letm\u00f3d:<\/strong> Oszt\u00e1lyunkon kiemelt figyelmet ford\u00edtunk a m\u0171t\u00e9t k\u00f6r\u00fcli id\u0151szak korszer\u0171 szervez\u00e9s\u00e9re, mellyel a betegek komfort \u00e9rzete javul \u00e9s fel\u00e9p\u00fcl\u00e9se is gyorsul.<\/li>\n<\/ul>\n<p style=\"text-align: justify\">A klinika anaesthesiol\u00f3gus orvosaival, anaesthesiol\u00f3giai, intenz\u00edv ter\u00e1pi\u00e1s szakasszisztenseivel, n\u0151v\u00e9reivel egy\u00fcttm\u0171k\u00f6dve a perioperat\u00edv <strong>t\u00e1pl\u00e1l\u00e1ster\u00e1pia<\/strong>, m\u0171t\u00e9t alatti beteg <strong>meleg\u00edt\u00e9s<\/strong>, m\u0171t\u00e9t ut\u00e1ni <strong>f\u00e1jdalomcsillap\u00edt\u00e1s<\/strong> korszer\u0171 eszk\u00f6zeinek (pl.: folyamatos epidur\u00e1lis anaesthesia elasztometri\u00e1s pumpa seg\u00edts\u00e9g\u00e9vel), korai mobiliz\u00e1l\u00e1st lehet\u0151v\u00e9 tev\u0151 m\u0171t\u00e9ti technik\u00e1k bevezet\u00e9s\u00e9vel jelent\u0151sen r\u00f6vid\u00edtett\u00fck az \u00e1tlagos k\u00f3rh\u00e1zi benntart\u00f3zkod\u00e1s idej\u00e9t.<\/p>\n<hr \/>\n<h3 style=\"text-align: justify\">Onkol\u00f3giai Bizotts\u00e1g<\/h3>\n<p style=\"text-align: justify\">Magyarorsz\u00e1gon a daganatos betegek kivizsg\u00e1l\u00e1sa \u00e9s ell\u00e1t\u00e1sa Onkol\u00f3giai Bizotts\u00e1gok ir\u00e1ny\u00edt\u00e1sa mellett t\u00f6rt\u00e9nik. Klinik\u00e1nkon h\u00fasz \u00e9ve heti rendszeress\u00e9ggel \u00fcl\u00e9sezik a SE N\u0151gy\u00f3gy\u00e1szati Onkol\u00f3giai Bizotts\u00e1ga.<\/p>\n<p style=\"text-align: justify\">Orvosaink t\u00e1rsszakm\u00e1k (patol\u00f3gus, sug\u00e1rterapeuta, klinikai onkol\u00f3gus, radiol\u00f3gus bevon\u00e1s\u00e1val) jeles, n\u0151gy\u00f3gy\u00e1szati onkol\u00f3gi\u00e1ban j\u00e1rtas k\u00e9pvisel\u0151ivel azon dolgoznak, hogy betegeink a legkorszer\u0171bb, szem\u00e9lyre szabott ell\u00e1t\u00e1sban r\u00e9szes\u00fclhessenek.<\/p>\n<hr \/>\n<h3 style=\"text-align: justify\">Genetikai konzult\u00e1ci\u00f3<\/h3>\n<p style=\"text-align: justify\">Amennyiben az \u00d6n csal\u00e1dj\u00e1ban rosszindulat\u00fa daganatok halmoz\u00f3d\u00e1sa figyelhet\u0151 meg, illetve \u00d6nnek velesz\u00fcletett tumorszindr\u00f3m\u00e1ja van, a Semmelweis Egyetemen komplex ell\u00e1t\u00e1sban r\u00e9szes\u00fclhet. Onkogenetikai tan\u00e1csad\u00e1s sor\u00e1n seg\u00edts\u00e9get kaphat, hogy megfelel\u0151 genetikai kivizsg\u00e1l\u00e1sban r\u00e9szes\u00fclj\u00f6n, jobban meg\u00e9rtse betegs\u00e9g\u00e9t \u00e9s hossz\u00fat\u00e1v\u00fa kock\u00e1zatait j\u00f3l szervezett sz\u0171r\u0151vizsg\u00e1latok, illetve daganat megel\u0151z\u0151 m\u0171t\u00e9tek seg\u00edts\u00e9g\u00e9vel cs\u00f6kkentse.<\/p>\n","protected":false},"excerpt":{"rendered":"<p>Ez a sz\u00f6veg a linkelt oldalt &#8222;kivonat&#8221; mez\u0151j\u00e9b\u0151l szerkeszthet\u0151.<\/p>\n","protected":false},"author":12,"featured_media":5,"parent":0,"menu_order":0,"comment_status":"closed","ping_status":"closed","template":"","meta":{"_acf_changed":false,"footnotes":""},"categories":[],"tags":[],"class_list":["post-9","page","type-page","status-publish","has-post-thumbnail","hentry"],"acf":[],"_links":{"self":[{"href":"https:\/\/semmelweis.hu\/noionkologia\/wp-json\/wp\/v2\/pages\/9","targetHints":{"allow":["GET"]}}],"collection":[{"href":"https:\/\/semmelweis.hu\/noionkologia\/wp-json\/wp\/v2\/pages"}],"about":[{"href":"https:\/\/semmelweis.hu\/noionkologia\/wp-json\/wp\/v2\/types\/page"}],"author":[{"embeddable":true,"href":"https:\/\/semmelweis.hu\/noionkologia\/wp-json\/wp\/v2\/users\/12"}],"replies":[{"embeddable":true,"href":"https:\/\/semmelweis.hu\/noionkologia\/wp-json\/wp\/v2\/comments?post=9"}],"version-history":[{"count":10,"href":"https:\/\/semmelweis.hu\/noionkologia\/wp-json\/wp\/v2\/pages\/9\/revisions"}],"predecessor-version":[{"id":713,"href":"https:\/\/semmelweis.hu\/noionkologia\/wp-json\/wp\/v2\/pages\/9\/revisions\/713"}],"wp:featuredmedia":[{"embeddable":true,"href":"https:\/\/semmelweis.hu\/noionkologia\/wp-json\/wp\/v2\/media\/5"}],"wp:attachment":[{"href":"https:\/\/semmelweis.hu\/noionkologia\/wp-json\/wp\/v2\/media?parent=9"}],"wp:term":[{"taxonomy":"category","embeddable":true,"href":"https:\/\/semmelweis.hu\/noionkologia\/wp-json\/wp\/v2\/categories?post=9"},{"taxonomy":"post_tag","embeddable":true,"href":"https:\/\/semmelweis.hu\/noionkologia\/wp-json\/wp\/v2\/tags?post=9"}],"curies":[{"name":"wp","href":"https:\/\/api.w.org\/{rel}","templated":true}]}}