{"id":798,"date":"2024-04-30T11:26:15","date_gmt":"2024-04-30T09:26:15","guid":{"rendered":"https:\/\/semmelweis.hu\/noionkologia\/?page_id=798"},"modified":"2024-04-30T11:26:15","modified_gmt":"2024-04-30T09:26:15","slug":"holyagtorna","status":"publish","type":"page","link":"https:\/\/semmelweis.hu\/noionkologia\/ismertetok\/holyagtorna\/","title":{"rendered":"H\u00f3lyagtorna"},"content":{"rendered":"<p style=\"text-align: center\"><span style=\"font-size: 18pt\"><b>H\u00f3lyagtorna tart\u00f3s kat\u00e9ter visel\u00e9s ut\u00e1n<\/b><\/span><\/p>\n<p><span style=\"font-weight: 400\">Tart\u00f3s kat\u00e9ter visel\u00e9s ut\u00e1n a kat\u00e9ter elt\u00e1vol\u00edt\u00e1sa \u00e1ltal\u00e1ban h\u00f3lyagtorn\u00e1t k\u00f6vet\u0151en t\u00f6rt\u00e9nik.<\/span><\/p>\n<p><span style=\"font-weight: 400\">A torna l\u00e9nyege, hogy a h\u00f3lyag tart\u00f3san \u00fcres \u00e1llapota ut\u00e1n ism\u00e9t feltel\u0151dj\u00f6n, majd a vizelet\u00fcr\u00edt\u00e9s m\u00e9g a kat\u00e9teren \u00e1t, de a h\u00f3lyag izmok haszn\u00e1lat\u00e1val megt\u00f6rt\u00e9njen.\u00a0<\/span><\/p>\n<p><span style=\"font-weight: 400\">N\u00e9h\u00e1ny ilyen vizelet\u00fcr\u00edt\u00e9st k\u00f6vet\u0151en a kat\u00e9tert elt\u00e1vol\u00edtjuk. Amennyiben a spont\u00e1n vizel\u00e9s siker\u00fcl, tov\u00e1bbi teend\u0151re nincs sz\u00fcks\u00e9g. Fogyasszon b\u0151s\u00e9ggel folyad\u00e9kot \u00e9s figyelje az elk\u00f6vetkez\u0151 napokban, hogy a vizel\u00e9s rendszeres legyen \u00e9s igyekezzen mindig rendesen ki\u00fcr\u00edteni a h\u00f3lyagot.<\/span><\/p>\n<p>&nbsp;<\/p>\n<p><i><span style=\"font-weight: 400\">A torna menete:<\/span><\/i><\/p>\n<p><span style=\"font-weight: 400\">A tervezett kat\u00e9ter elt\u00e1vol\u00edt\u00e1s el\u0151tt \u00bd-1 nappal a kat\u00e9tert dug\u00f3val lez\u00e1rjuk, b\u0151 folyad\u00e9kbevitel mellett meg kell v\u00e1rni, hogy a h\u00f3lyag feltel\u0151dj\u00f6n. Vizel\u00e9si inger eset\u00e9n a dug\u00f3t el kell t\u00e1vol\u00edtani \u00e9s WC-be a kat\u00e9teren \u00e1t kell a vizeletet \u00fcr\u00edteni, mik\u00f6zben haspr\u00e9s, h\u00f3lyag izmok haszn\u00e1lat\u00e1val meg kell pr\u00f3b\u00e1lni min\u00e9l nagyobb sug\u00e1rban \u00fcr\u00edteni a vizeletet. N\u00e9h\u00e1ny alkalom ut\u00e1n a kat\u00e9tert elt\u00e1vol\u00edtjuk. Ezt k\u00f6vet\u0151en der\u00fcl ki, hogy siker\u00fcl-e spont\u00e1n megind\u00edtani a vizel\u00e9st \u00e9s a h\u00f3lyagot megfelel\u0151en ki\u00fcr\u00edteni.<\/span><\/p>\n<p><span style=\"font-weight: 400\">Arr\u00f3l, hogy a h\u00f3lyagot siker\u00fclt megfelel\u0151en ki\u00fcr\u00edteni, ultrahang vizsg\u00e1lattal, vagy h\u00f3lyag csapol\u00e1ssal gy\u0151z\u0151dhet\u00fcnk meg. Optim\u00e1lisan 100 ml alatt van a visszamaradt vizelet mennyis\u00e9ge.<\/span><\/p>\n<p><span style=\"font-weight: 400\">El\u0151fordulhat, hogy nem jelentkezik vizel\u00e9si inger, ilyenkor egy id\u0151 ut\u00e1n an\u00e9lk\u00fcl is ki kell nyitni a kat\u00e9tert \u00e9s ki\u00fcr\u00edteni a h\u00f3lyagot.<\/span><\/p>\n<p><span style=\"font-weight: 400\">Amennyiben a spont\u00e1n h\u00f3lyag\u00fcr\u00edt\u00e9s nem sikeres, a kat\u00e9tert visszahelyezz\u00fck \u00e9s n\u00e9h\u00e1ny nappal k\u00e9s\u0151bb ism\u00e9telj\u00fck meg a fenti proced\u00far\u00e1t.<\/span><\/p>\n<hr \/>\n<p style=\"text-align: center\"><span style=\"font-size: 18pt\"><b>H\u00f3lyagtorna suprapubicus kat\u00e9ter mellett<\/b><\/span><\/p>\n<p><span style=\"font-weight: 400\">Olyan m\u0171t\u00e9tekn\u00e9l, ahol a h\u00f3lyagfunkci\u00f3 zavara nagy val\u00f3sz\u00edn\u0171s\u00e9ggel v\u00e1rhat\u00f3 (els\u0151sorban a Wertheim m\u0171t\u00e9t \/ radik\u00e1lis m\u00e9helt\u00e1vol\u00edt\u00e1s) suprapubicus kat\u00e9tert helyezhet\u00fcnk be a m\u0171t\u00e9t sor\u00e1n, kiv\u00e1ltva a hagyom\u00e1nyos h\u00f3gycs\u0151 kat\u00e9tert. A kat\u00e9ter az alhasban a hasfali kereszt\u00fcl vezeti el a h\u00f3lyagb\u00f3l a vizeletet.\u00a0<\/span><\/p>\n<p><span style=\"font-weight: 400\">A beavatkoz\u00e1s k\u00f6vetkezm\u00e9nyek\u00e9nt a hasfalon \u00e9s a h\u00f3lyagfalon apr\u00f3 lyuk keletkezik, ez a kat\u00e9ter elt\u00e1vol\u00edt\u00e1s ut\u00e1n spont\u00e1n z\u00e1rul.<\/span><\/p>\n<p><span style=\"font-weight: 400\">A suprapubicus kat\u00e9ter el\u0151nye, hogy egyszer\u0171bben lehet gyakorolni a spont\u00e1n vizelet \u00fcr\u00edt\u00e9st.<\/span><\/p>\n<p><i><span style=\"font-weight: 400\">\u00a0A torna menete:<\/span><\/i><\/p>\n<p><span style=\"font-weight: 400\">A m\u0171t\u00e9tet k\u00f6vet\u0151en a kat\u00e9ter folyamatosan nyitva van, a vizelet zs\u00e1kba \u00fcr\u00fcl. M\u0171t\u00e9t ut\u00e1n 7-10 nappal c\u00e9lszer\u0171 el\u0151sz\u00f6r pr\u00f3b\u00e1lkozni a spont\u00e1n vizel\u00e9ssel.<\/span><\/p>\n<p><span style=\"font-weight: 400\">A kat\u00e9tert dug\u00f3val lez\u00e1rjuk, b\u0151 folyad\u00e9kfogyaszt\u00e1s mellett meg kell v\u00e1rni, hogy \u00e9rdemi vizelet mennyis\u00e9g \u00f6sszegy\u0171lj\u00f6n a h\u00f3lyagban. Optim\u00e1lisan ez vizel\u00e9si ingerrel j\u00e1r, de ilyen m\u0171t\u00e9t ut\u00e1n el\u0151fordul, hogy inger nem jelentkezik. Vizel\u00e9si inger eset\u00e9n, vagy n\u00e9h\u00e1ny \u00f3ra eltelt\u00e9vel an\u00e9lk\u00fcl is, norm\u00e1l \u00faton meg kell pr\u00f3b\u00e1lni a vizeletet WC-be \u00fcr\u00edteni. Pisil\u00e9s ut\u00e1n fel kell nyitni a ledug\u00f3zott kat\u00e9tert \u00e9s zs\u00e1kba vagy m\u00e9r\u0151poh\u00e1rba ki\u00fcr\u00edteni a h\u00f3lyagban maradt vizeletet. Optim\u00e1lisan ez 100 ml alatt van. Ezt t\u00f6bbsz\u00f6r elv\u00e9gezz\u00fck. Amennyiben a visszamaradt vizelet tart\u00f3san optim\u00e1lis mennyis\u00e9g\u0171 a kat\u00e9ter elt\u00e1vol\u00edthat\u00f3 (oszt\u00e1lyunkon), amennyiben az optim\u00e1lisn\u00e1l t\u00f6bb a visszamaradt vizelet, a kat\u00e9tert \u00fajra ki kell nyitni, zs\u00e1kba folyamatosan \u00fcr\u00edteni a vizeletet \u00e9s n\u00e9h\u00e1ny nap m\u00falva \u00e9rdemes ism\u00e9t pr\u00f3b\u00e1lkozni.\u00a0<\/span><\/p>\n<p><span style=\"font-weight: 400\">Amennyiben a kat\u00e9ter elt\u00e1vol\u00edt\u00e1sra ker\u00fclt \u00e9s tart\u00f3san nem \u00fcr\u00fcl megfelel\u0151en a vizelet, az a h\u00f3lyag t\u00falzott kiny\u00fal\u00e1s\u00e1hoz, sz\u00e9ls\u0151s\u00e9ges esetben a sz\u00e9treped\u00e9s\u00e9hez vezethet.\u00a0<\/span><\/p>\n<p><span style=\"font-weight: 400\">A h\u00f3lyag t\u00faltel\u00edt\u0151d\u00e9s\u00e9t mindenk\u00e9ppen meg kell akad\u00e1lyozni. Alhasi fesz\u00fcl\u00e9s, f\u00e1jdalom, rosszull\u00e9t utalhat erre a probl\u00e9m\u00e1ra, ilyenkor miel\u0151bb kat\u00e9terrel le kell ereszteni a vizeletet.\u00a0<\/span><\/p>\n","protected":false},"excerpt":{"rendered":"<p>H\u00f3lyagtorna tart\u00f3s kat\u00e9ter visel\u00e9s ut\u00e1n Tart\u00f3s kat\u00e9ter visel\u00e9s ut\u00e1n a kat\u00e9ter elt\u00e1vol\u00edt\u00e1sa \u00e1ltal\u00e1ban h\u00f3lyagtorn\u00e1t k\u00f6vet\u0151en t\u00f6rt\u00e9nik. A torna l\u00e9nyege, hogy a h\u00f3lyag tart\u00f3san \u00fcres \u00e1llapota ut\u00e1n ism\u00e9t feltel\u0151dj\u00f6n, majd a vizelet\u00fcr\u00edt\u00e9s m\u00e9g a kat\u00e9teren \u00e1t, de a h\u00f3lyag izmok haszn\u00e1lat\u00e1val megt\u00f6rt\u00e9njen.\u00a0 N\u00e9h\u00e1ny ilyen vizelet\u00fcr\u00edt\u00e9st k\u00f6vet\u0151en a kat\u00e9tert elt\u00e1vol\u00edtjuk. Amennyiben a spont\u00e1n vizel\u00e9s siker\u00fcl, tov\u00e1bbi teend\u0151re &hellip;<\/p>\n","protected":false},"author":101531,"featured_media":0,"parent":631,"menu_order":6,"comment_status":"closed","ping_status":"closed","template":"","meta":{"_acf_changed":false,"footnotes":""},"categories":[],"tags":[],"class_list":["post-798","page","type-page","status-publish","hentry"],"acf":[],"_links":{"self":[{"href":"https:\/\/semmelweis.hu\/noionkologia\/wp-json\/wp\/v2\/pages\/798","targetHints":{"allow":["GET"]}}],"collection":[{"href":"https:\/\/semmelweis.hu\/noionkologia\/wp-json\/wp\/v2\/pages"}],"about":[{"href":"https:\/\/semmelweis.hu\/noionkologia\/wp-json\/wp\/v2\/types\/page"}],"author":[{"embeddable":true,"href":"https:\/\/semmelweis.hu\/noionkologia\/wp-json\/wp\/v2\/users\/101531"}],"replies":[{"embeddable":true,"href":"https:\/\/semmelweis.hu\/noionkologia\/wp-json\/wp\/v2\/comments?post=798"}],"version-history":[{"count":1,"href":"https:\/\/semmelweis.hu\/noionkologia\/wp-json\/wp\/v2\/pages\/798\/revisions"}],"predecessor-version":[{"id":799,"href":"https:\/\/semmelweis.hu\/noionkologia\/wp-json\/wp\/v2\/pages\/798\/revisions\/799"}],"up":[{"embeddable":true,"href":"https:\/\/semmelweis.hu\/noionkologia\/wp-json\/wp\/v2\/pages\/631"}],"wp:attachment":[{"href":"https:\/\/semmelweis.hu\/noionkologia\/wp-json\/wp\/v2\/media?parent=798"}],"wp:term":[{"taxonomy":"category","embeddable":true,"href":"https:\/\/semmelweis.hu\/noionkologia\/wp-json\/wp\/v2\/categories?post=798"},{"taxonomy":"post_tag","embeddable":true,"href":"https:\/\/semmelweis.hu\/noionkologia\/wp-json\/wp\/v2\/tags?post=798"}],"curies":[{"name":"wp","href":"https:\/\/api.w.org\/{rel}","templated":true}]}}

Hólyagtorna

<p style="text-align: center"><span style="font-size: 18pt"><b>Hólyagtorna tartós katéter viselés után</b></span></p>
<p><span style="font-weight: 400">Tartós katéter viselés után a katéter eltávolítása általában hólyagtornát követően történik.</span></p>
<p><span style="font-weight: 400">A torna lényege, hogy a hólyag tartósan üres állapota után ismét feltelődjön, majd a vizeletürítés még a katéteren át, de a hólyag izmok használatával megtörténjen. </span></p>
<p><span style="font-weight: 400">Néhány ilyen vizeletürítést követően a katétert eltávolítjuk. Amennyiben a spontán vizelés sikerül, további teendőre nincs szükség. Fogyasszon bőséggel folyadékot és figyelje az elkövetkező napokban, hogy a vizelés rendszeres legyen és igyekezzen mindig rendesen kiüríteni a hólyagot.</span></p>
<p>&nbsp;</p>
<p><i><span style="font-weight: 400">A torna menete:</span></i></p>
<p><span style="font-weight: 400">A tervezett katéter eltávolítás előtt ½-1 nappal a katétert dugóval lezárjuk, bő folyadékbevitel mellett meg kell várni, hogy a hólyag feltelődjön. Vizelési inger esetén a dugót el kell távolítani és WC-be a katéteren át kell a vizeletet üríteni, miközben hasprés, hólyag izmok használatával meg kell próbálni minél nagyobb sugárban üríteni a vizeletet. Néhány alkalom után a katétert eltávolítjuk. Ezt követően derül ki, hogy sikerül-e spontán megindítani a vizelést és a hólyagot megfelelően kiüríteni.</span></p>
<p><span style="font-weight: 400">Arról, hogy a hólyagot sikerült megfelelően kiüríteni, ultrahang vizsgálattal, vagy hólyag csapolással győződhetünk meg. Optimálisan 100 ml alatt van a visszamaradt vizelet mennyisége.</span></p>
<p><span style="font-weight: 400">Előfordulhat, hogy nem jelentkezik vizelési inger, ilyenkor egy idő után anélkül is ki kell nyitni a katétert és kiüríteni a hólyagot.</span></p>
<p><span style="font-weight: 400">Amennyiben a spontán hólyagürítés nem sikeres, a katétert visszahelyezzük és néhány nappal később ismételjük meg a fenti procedúrát.</span></p>
<hr />
<p style="text-align: center"><span style="font-size: 18pt"><b>Hólyagtorna suprapubicus katéter mellett</b></span></p>
<p><span style="font-weight: 400">Olyan műtéteknél, ahol a hólyagfunkció zavara nagy valószínűséggel várható (elsősorban a Wertheim műtét / radikális méheltávolítás) suprapubicus katétert helyezhetünk be a műtét során, kiváltva a hagyományos hógycső katétert. A katéter az alhasban a hasfali keresztül vezeti el a hólyagból a vizeletet. </span></p>
<p><span style="font-weight: 400">A beavatkozás következményeként a hasfalon és a hólyagfalon apró lyuk keletkezik, ez a katéter eltávolítás után spontán zárul.</span></p>
<p><span style="font-weight: 400">A suprapubicus katéter előnye, hogy egyszerűbben lehet gyakorolni a spontán vizelet ürítést.</span></p>
<p><i><span style="font-weight: 400"> A torna menete:</span></i></p>
<p><span style="font-weight: 400">A műtétet követően a katéter folyamatosan nyitva van, a vizelet zsákba ürül. Műtét után 7-10 nappal célszerű először próbálkozni a spontán vizeléssel.</span></p>
<p><span style="font-weight: 400">A katétert dugóval lezárjuk, bő folyadékfogyasztás mellett meg kell várni, hogy érdemi vizelet mennyiség összegyűljön a hólyagban. Optimálisan ez vizelési ingerrel jár, de ilyen műtét után előfordul, hogy inger nem jelentkezik. Vizelési inger esetén, vagy néhány óra elteltével anélkül is, normál úton meg kell próbálni a vizeletet WC-be üríteni. Pisilés után fel kell nyitni a ledugózott katétert és zsákba vagy mérőpohárba kiüríteni a hólyagban maradt vizeletet. Optimálisan ez 100 ml alatt van. Ezt többször elvégezzük. Amennyiben a visszamaradt vizelet tartósan optimális mennyiségű a katéter eltávolítható (osztályunkon), amennyiben az optimálisnál több a visszamaradt vizelet, a katétert újra ki kell nyitni, zsákba folyamatosan üríteni a vizeletet és néhány nap múlva érdemes ismét próbálkozni. </span></p>
<p><span style="font-weight: 400">Amennyiben a katéter eltávolításra került és tartósan nem ürül megfelelően a vizelet, az a hólyag túlzott kinyúlásához, szélsőséges esetben a szétrepedéséhez vezethet. </span></p>
<p><span style="font-weight: 400">A hólyag túltelítődését mindenképpen meg kell akadályozni. Alhasi feszülés, fájdalom, rosszullét utalhat erre a problémára, ilyenkor mielőbb katéterrel le kell ereszteni a vizeletet. </span></p>

<p>Hólyagtorna tartós katéter viselés után Tartós katéter viselés után a katéter eltávolítása általában hólyagtornát követően történik. A torna lényege, hogy a hólyag tartósan üres állapota után ismét feltelődjön, majd a vizeletürítés még a katéteren át, de a hólyag izmok használatával megtörténjen.  Néhány ilyen vizeletürítést követően a katétert eltávolítjuk. Amennyiben a spontán vizelés sikerül, további teendőre &hellip;</p>
