{"id":48,"date":"2020-05-31T19:12:07","date_gmt":"2020-05-31T17:12:07","guid":{"rendered":"https:\/\/semmelweis.hu\/noionkologia\/?page_id=48"},"modified":"2025-05-16T11:52:54","modified_gmt":"2025-05-16T09:52:54","slug":"onkologiai-szakrendeleseink","status":"publish","type":"page","link":"https:\/\/semmelweis.hu\/noionkologia\/betegellatas\/onkologiai-szakrendeleseink\/","title":{"rendered":"Onkol\u00f3giai szakrendel\u00e9s"},"content":{"rendered":"<h3>Onkol\u00f3giai szakrendel\u00e9sre el\u0151zetes telefonos egyeztet\u00e9s sz\u00fcks\u00e9ges (munkanapokon 09:00-14:00 k\u00f6z\u00f6tt)!<\/h3>\n<p><strong>Telefonos el\u0151jegyz\u00e9s:<\/strong><\/p>\n<ul>\n<li>\n<p>Onkol\u00f3giai Ambulanci\u00e1nkra 08:00-13:00 k\u00f6z\u00f6tt tudnak telefonon egyeztetni az al\u00e1bbi telefonsz\u00e1mon:\u00a0 <strong>+36 20 670 1283<\/p>\n<p><\/strong><span style=\"font-size: 1rem\">Fenti telefonsz\u00e1mon, rendel\u00e9s\u00fcnkre h\u00e9tk\u00f6znapokon 08:00-13:00 k\u00f6z\u00f6tt lehet id\u0151pontot egyeztetni!<\/span><\/p>\n<p>&nbsp;<\/p>\n<\/li>\n<\/ul>\n<p>Szakrendel\u00e9s\u00fcnk a Baross utcai r\u00e9szleg (1088 Budapest,<span class=\"LrzXr\"> Baross u. 27.) <\/span>alagsor\u00e1ban, a f\u0151l\u00e9pcs\u0151t\u0151l balra, a Menopauza \u00e9s Onkol\u00f3giai Ambulancia rendel\u0151ben tal\u00e1lhat\u00f3.<\/p>\n<p><strong>A beh\u00edv\u00e1s els\u0151sorban szakmai, \u00e9s nem \u00e9rkez\u00e9si sorrendben t\u00f6rt\u00e9nik!<\/strong><\/p>\n<div class=\"keretes w-100\">\n<h3><span style=\"font-size: 18pt\">Szakrendel\u00e9seink:<\/span><\/h3>\n<p><strong>Cs\u00fct\u00f6rt\u00f6k<\/strong>\u00a0 \u00a0\u00a0 09:30-t\u00f3l 15:30-ig<br \/><strong>Rendel\u00e9s vezet\u0151:<\/strong> Dr. M\u00e1t\u00e9 Szabolcs<\/p>\n<\/div>\n","protected":false},"excerpt":{"rendered":"<p>Onkol\u00f3giai szakrendel\u00e9sre el\u0151zetes telefonos egyeztet\u00e9s sz\u00fcks\u00e9ges (munkanapokon 09:00-14:00 k\u00f6z\u00f6tt)! Telefonos el\u0151jegyz\u00e9s: Onkol\u00f3giai Ambulanci\u00e1nkra 08:00-13:00 k\u00f6z\u00f6tt tudnak telefonon egyeztetni az al\u00e1bbi telefonsz\u00e1mon:\u00a0 +36 20 670 1283 Fenti telefonsz\u00e1mon, rendel\u00e9s\u00fcnkre h\u00e9tk\u00f6znapokon 08:00-13:00 k\u00f6z\u00f6tt lehet id\u0151pontot egyeztetni! &nbsp; Szakrendel\u00e9s\u00fcnk a Baross utcai r\u00e9szleg (1088 Budapest, Baross u. 27.) alagsor\u00e1ban, a f\u0151l\u00e9pcs\u0151t\u0151l balra, a Menopauza \u00e9s Onkol\u00f3giai Ambulancia rendel\u0151ben &hellip;<\/p>\n","protected":false},"author":101531,"featured_media":0,"parent":46,"menu_order":1,"comment_status":"closed","ping_status":"closed","template":"","meta":{"_acf_changed":false,"footnotes":""},"categories":[],"tags":[],"class_list":["post-48","page","type-page","status-publish","hentry"],"acf":[],"_links":{"self":[{"href":"https:\/\/semmelweis.hu\/noionkologia\/wp-json\/wp\/v2\/pages\/48","targetHints":{"allow":["GET"]}}],"collection":[{"href":"https:\/\/semmelweis.hu\/noionkologia\/wp-json\/wp\/v2\/pages"}],"about":[{"href":"https:\/\/semmelweis.hu\/noionkologia\/wp-json\/wp\/v2\/types\/page"}],"author":[{"embeddable":true,"href":"https:\/\/semmelweis.hu\/noionkologia\/wp-json\/wp\/v2\/users\/101531"}],"replies":[{"embeddable":true,"href":"https:\/\/semmelweis.hu\/noionkologia\/wp-json\/wp\/v2\/comments?post=48"}],"version-history":[{"count":11,"href":"https:\/\/semmelweis.hu\/noionkologia\/wp-json\/wp\/v2\/pages\/48\/revisions"}],"predecessor-version":[{"id":815,"href":"https:\/\/semmelweis.hu\/noionkologia\/wp-json\/wp\/v2\/pages\/48\/revisions\/815"}],"up":[{"embeddable":true,"href":"https:\/\/semmelweis.hu\/noionkologia\/wp-json\/wp\/v2\/pages\/46"}],"wp:attachment":[{"href":"https:\/\/semmelweis.hu\/noionkologia\/wp-json\/wp\/v2\/media?parent=48"}],"wp:term":[{"taxonomy":"category","embeddable":true,"href":"https:\/\/semmelweis.hu\/noionkologia\/wp-json\/wp\/v2\/categories?post=48"},{"taxonomy":"post_tag","embeddable":true,"href":"https:\/\/semmelweis.hu\/noionkologia\/wp-json\/wp\/v2\/tags?post=48"}],"curies":[{"name":"wp","href":"https:\/\/api.w.org\/{rel}","templated":true}]}}