{"id":679,"date":"2022-09-02T09:54:39","date_gmt":"2022-09-02T07:54:39","guid":{"rendered":"https:\/\/semmelweis.hu\/noiklinika\/?page_id=679"},"modified":"2023-03-20T15:45:39","modified_gmt":"2023-03-20T14:45:39","slug":"contact","status":"publish","type":"page","link":"https:\/\/semmelweis.hu\/noiklinika\/en\/contact\/","title":{"rendered":"Contact"},"content":{"rendered":"<h1>Semmelweis University, Clinics of obstetrics and gynecology<\/h1>\n<h4><strong>head of the department: Prof. dr. N\u00e1ndor \u00c1cs<br \/>\n<\/strong><\/h4>\n<h2>\u00dcll\u0151i street division<\/h2>\n<p><strong>C\u00edm:<\/strong> 1082 Budapest, VIII. \u00dcll\u0151i \u00fat 78\/A. <br \/>\n<strong>Porta:<\/strong> +36 1 459 1500 \/ 63815<\/p>\n\n<!-- iframe plugin v.4.9 wordpress.org\/plugins\/iframe\/ -->\n<iframe loading=\"lazy\" src=\"https:\/\/www.google.com\/maps\/embed?pb=!1m18!1m12!1m3!1d2696.3940228920883!2d19.07953731562617!3d47.48223697917656!2m3!1f0!2f0!3f0!3m2!1i1024!2i768!4f13.1!3m3!1m2!1s0x4741dcfaec58fc89%3A0xf42e8194c6960690!2zQnVkYXBlc3QsIMOcbGzFkWkgw7p0IDc4YSwgMTA4Mg!5e0!3m2!1shu!2shu!4v1544015726273\" width=\"100%\" height=\"300\" scrolling=\"yes\" class=\"iframe-class\" frameborder=\"0\"><\/iframe>\n\n<hr \/>\n<h2>Baross street division<\/h2>\n<p><strong>C\u00edm:<\/strong> 1088 Budapest,<span class=\"LrzXr\"> Baross u. 27 <br \/>\n<strong>Porta<\/strong>: +36 1 266 0473<\/span><\/p>\n\n<!-- iframe plugin v.4.9 wordpress.org\/plugins\/iframe\/ -->\n<iframe loading=\"lazy\" src=\"https:\/\/www.google.com\/maps\/embed?pb=!1m18!1m12!1m3!1d2696.0390937918246!2d19.066053215542883!3d47.48915177917709!2m3!1f0!2f0!3f0!3m2!1i1024!2i768!4f13.1!3m3!1m2!1s0x4741dc597a952e9f%3A0x97b6c84d96e1a950!2zU2VtbWVsd2VpcyBFZ3lldGVtIEkuIFN6LiBTesO8bMOpc3pldGkgw6lzIE7FkWd5w7NnecOhc3phdGkgS2xpbmlrYQ!5e0!3m2!1shu!2shu!4v1544015794560\" width=\"100%\" height=\"300\" scrolling=\"yes\" class=\"iframe-class\" frameborder=\"0\"><\/iframe>\n\n","protected":false},"excerpt":{"rendered":"<p>Semmelweis University, Clinics of obstetrics and gynecology<br \/>\nhead of the department: Prof. dr. N\u00e1ndor \u00c1cs<\/p>\n<p>\u00dcll\u0151i street division<br \/>\nC\u00edm: 1082 Budapest, VIII. \u00dcll\u0151i \u00fat 78\/A.<br \/>\nPorta: +36 1 459 1500 \/ 63815<\/p>\n<p>Baross street division<br \/>\nC\u00edm: 1088 Budapest, Baross u. 27<br \/>\nPorta: +36 1 266 0473<\/p>\n","protected":false},"author":12,"featured_media":0,"parent":0,"menu_order":8,"comment_status":"closed","ping_status":"closed","template":"","meta":{"_acf_changed":false,"footnotes":""},"categories":[],"tags":[],"class_list":["post-679","page","type-page","status-publish","hentry"],"acf":[],"_links":{"self":[{"href":"https:\/\/semmelweis.hu\/noiklinika\/wp-json\/wp\/v2\/pages\/679","targetHints":{"allow":["GET"]}}],"collection":[{"href":"https:\/\/semmelweis.hu\/noiklinika\/wp-json\/wp\/v2\/pages"}],"about":[{"href":"https:\/\/semmelweis.hu\/noiklinika\/wp-json\/wp\/v2\/types\/page"}],"author":[{"embeddable":true,"href":"https:\/\/semmelweis.hu\/noiklinika\/wp-json\/wp\/v2\/users\/12"}],"replies":[{"embeddable":true,"href":"https:\/\/semmelweis.hu\/noiklinika\/wp-json\/wp\/v2\/comments?post=679"}],"version-history":[{"count":4,"href":"https:\/\/semmelweis.hu\/noiklinika\/wp-json\/wp\/v2\/pages\/679\/revisions"}],"predecessor-version":[{"id":1065,"href":"https:\/\/semmelweis.hu\/noiklinika\/wp-json\/wp\/v2\/pages\/679\/revisions\/1065"}],"wp:attachment":[{"href":"https:\/\/semmelweis.hu\/noiklinika\/wp-json\/wp\/v2\/media?parent=679"}],"wp:term":[{"taxonomy":"category","embeddable":true,"href":"https:\/\/semmelweis.hu\/noiklinika\/wp-json\/wp\/v2\/categories?post=679"},{"taxonomy":"post_tag","embeddable":true,"href":"https:\/\/semmelweis.hu\/noiklinika\/wp-json\/wp\/v2\/tags?post=679"}],"curies":[{"name":"wp","href":"https:\/\/api.w.org\/{rel}","templated":true}]}}