{"id":501,"date":"2022-05-22T11:54:42","date_gmt":"2022-05-22T09:54:42","guid":{"rendered":"https:\/\/semmelweis.hu\/noiklinika\/?page_id=501"},"modified":"2025-03-25T11:24:30","modified_gmt":"2025-03-25T10:24:30","slug":"endometriozis-ambulancia","status":"publish","type":"page","link":"https:\/\/semmelweis.hu\/noiklinika\/ulloi\/szakrendelesek\/endometriozis-ambulancia\/","title":{"rendered":"Endometri\u00f3zis ambulancia &#8211; \u00dcll\u0151i \u00fat"},"content":{"rendered":"<div class=\"keretes w-100\">\n<h4><strong>Rendel:<\/strong> <\/h4>\n<h4>doc. szab\u00f3 istv\u00e1n<\/h4>\n<h4>Dr. T\u00f6m\u00f6sv\u00e1ry Zolt\u00e1n<br \/>\ndr. sup\u00e1k dorina <br \/>\nDR. BARAD\u00c1CS ISTV\u00c1N <br \/>\nDR. CSIRZ\u00d3 \u00c1D\u00c1M<\/h4>\n<p>P\u00e1ciens koordin\u00e1torok: N\u00e9methn\u00e9 Sz\u0171cs Anik\u00f3, Szentesi M\u00e1rta<\/p>\n<p><strong>Helye:<\/strong> \u00dcll\u0151i \u00fati R\u00e9szleg, Ambulancia <br \/>\n1082 Budapest, \u00dcll\u0151i \u00fat 78\/a<\/p>\n<p><strong>Telefon:\u00a0<\/strong>(+36) 30 016 47 93 munkanapokon 08:00-12:00 k\u00f6z\u00f6tt<\/p>\n<p><strong>Felh\u00edvjuk a figyelmet, hogy id\u0151pontfoglal\u00e1s csak online lehets\u00e9ges, telefonon sajnos nem.<\/strong><\/p>\n<p><a href=\"https:\/\/semmelweis.hu\/noiklinika\/ulloi\/idopontfoglalas-ulloi\/\">Id\u0151pontfoglal\u00e1s \u2192<\/a><\/p>\n<p>M\u0171t\u00e9tre\u00a0van sz\u00fcks\u00e9gem:\u00a0<a href=\"mailto:mutet@endoteam.hu\">mutet@endoteam.hu<\/a><\/p>\n<\/div>\n<p>Mivel az endometri\u00f3zis egy egyre gyakoribb\u00e1 v\u00e1l\u00f3, sokszor f\u00e1jdalommal j\u00e1r\u00f3, s\u0151t id\u0151nk\u00e9nt medd\u0151s\u00e9get is okoz\u00f3 n\u0151gy\u00f3gy\u00e1szati betegs\u00e9g, melynek mind a felismer\u00e9se, mind a kezel\u00e9se komoly kih\u00edv\u00e1st jelent, ez\u00e9rt klinik\u00e1nk specialist\u00e1i egy csapatk\u00e9nt igyekeznek legjobb tud\u00e1sukat az ezzel a betegs\u00e9ggel \u00e9l\u0151 p\u00e1ciensek jav\u00e1ra ford\u00edtani.<\/p>\n<h4><strong>Az endometri\u00f3zisr\u00f3l<\/strong><\/h4>\n<p>Endometri\u00f3zisos p\u00e1ciensekn\u00e9l a m\u00e9h \u00fcreg\u00e9t bel\u00fclr\u0151l bor\u00edt\u00f3 sz\u00f6vett\u00edpus, az endometrium a m\u00e9hen k\u00edv\u00fclre ker\u00fclve, leggyakrabban a hash\u00e1rty\u00e1n, a petevezet\u0151kben, a petef\u00e9szkekben vagy a kismedencei szervekben \u00e1gyaz\u00f3dhat be. Ez sz\u00f6vet a m\u00e9hen k\u00edv\u00fcl is a hormon\u00e1lis hat\u00e1soknak megfelel\u0151en havonta megvastagszik, majd menstru\u00e1ci\u00f3kor bev\u00e9rzik. Mivel azonban ez a v\u00e9r nem tud a szervezetb\u0151l t\u00e1vozni, lerak\u00f3dhat a fel\u00fcleteken \u00e9s a k\u00f6rnyez\u0151 sz\u00f6veteket ingerli. V\u00e9res tartalm\u00fa h\u00f3lyagokat, \u00fagynevezett ciszt\u00e1kat k\u00e9pezhet \u00e9s a kismedencei szervek k\u00f6z\u00f6tti \u00f6sszen\u00f6v\u00e9sek kialakul\u00e1s\u00e1hoz is vezethet, melynek k\u00f6vetkezt\u00e9ben hegesed\u00e9sek alakulnak ki. Ez a folyamat kezdetben t\u00fcnetmentes is lehet, de id\u0151vel k\u00fcl\u00f6n\u00f6sen a menstru\u00e1ci\u00f3 ideje alatt jelentkez\u0151 f\u00e1jdalommal j\u00e1r, amely k\u00e9s\u0151bb szinte folyamatoss\u00e1 is fokoz\u00f3dhat. A f\u00e1jdalom er\u0151ss\u00e9ge ill. a betegs\u00e9g s\u00falyoss\u00e1ga nem felt\u00e9tlen\u00fcl mutat \u00f6sszef\u00fcgg\u00e9st. A hegek \u00e9s \u00f6sszen\u00f6v\u00e9sek a petevezet\u00e9kek lez\u00e1r\u00f3d\u00e1s\u00e1hoz, a pete\u00e9r\u00e9s ill. a megterm\u00e9keny\u00fclt petesejt be\u00e1gyaz\u00f3d\u00e1s\u00e1nak zavar\u00e1hoz, azaz medd\u0151s\u00e9ghez vezethetnek.<\/p>\n<h4><strong>Diagn\u00f3zis \u00e9s kezel\u00e9s<\/strong><\/h4>\n<p>Amennyiben valaki a fenti t\u00fcneteket tapasztalja mag\u00e1n vagy esetleg m\u00e1r felmer\u00fclt az endometri\u00f3zis lehet\u0151s\u00e9ge, akkor centrumban t\u00f6rt\u00e9n\u0151 komplex kivizsg\u00e1l\u00e1s \u00e9s specialist\u00e1k \u00e1ltali kezel\u00e9s javasolt. Ambulanci\u00e1nkon a p\u00e1ciensek el\u0151zetes id\u0151pont foglal\u00e1s alapj\u00e1n, de ak\u00e1r beutal\u00f3 n\u00e9lk\u00fcl jelentkezhetnek.<\/p>\n<p>Az endometri\u00f3zis diagnosztiz\u00e1l\u00e1sa \u00e9s kezel\u00e9se id\u0151ig\u00e9nyes, ennek biztos\u00edt\u00e1s\u00e1ra \u00e9s a betegek idej\u00e9nek tiszteletben tart\u00e1s\u00e1ra, a g\u00f6rd\u00fcl\u00e9keny betegell\u00e1t\u00e1s \u00e9rdek\u00e9ben online el\u0151jegyz\u00e9si rendszert vezett\u00fcnk be.<\/p>\n<p>Az endometri\u00f3zis \u00f6sszetetts\u00e9ge miatt n\u0151gy\u00f3gy\u00e1szaink egy\u00e9b szakorvosok, radiol\u00f3gus, seb\u00e9sz, urol\u00f3gus illetve medd\u0151s\u00e9gi specialist\u00e1k bevon\u00e1s\u00e1val igyekeznek teljesk\u00f6r\u0171 ell\u00e1t\u00e1st ny\u00fajtani a hozz\u00e1nk fordul\u00f3knak. B\u00e1r a m\u0171t\u00e9ti kapacit\u00e1saink v\u00e9gesek, azon dolgozunk, hogy min\u00e9l r\u00f6videbb hat\u00e1rid\u0151vel tudjunk hossz\u00fa t\u00e1v\u00fa megold\u00e1st ny\u00fajtani p\u00e1cienseinknek.<\/p>\n","protected":false},"excerpt":{"rendered":"<p>Rendel: doc. szab\u00f3 istv\u00e1n Dr. T\u00f6m\u00f6sv\u00e1ry Zolt\u00e1n dr. sup\u00e1k dorina DR. BARAD\u00c1CS ISTV\u00c1N DR. CSIRZ\u00d3 \u00c1D\u00c1M P\u00e1ciens koordin\u00e1torok: N\u00e9methn\u00e9 Sz\u0171cs Anik\u00f3, Szentesi M\u00e1rta Helye: \u00dcll\u0151i \u00fati R\u00e9szleg, Ambulancia 1082 Budapest, \u00dcll\u0151i \u00fat 78\/a Telefon:\u00a0(+36) 30 016 47 93 munkanapokon 08:00-12:00 k\u00f6z\u00f6tt Felh\u00edvjuk a figyelmet, hogy id\u0151pontfoglal\u00e1s csak online lehets\u00e9ges, telefonon sajnos nem. <a href=\"https:\/\/semmelweis.hu\/noiklinika\/ulloi\/idopontfoglalas-ulloi\/\">Id\u0151pontfoglal\u00e1s \u2192<\/a> M\u0171t\u00e9tre\u00a0van sz\u00fcks\u00e9gem:\u00a0 <a href=\"mailto:mutet@endoteam.hu\">mutet@endoteam.hu<\/a> Mivel &hellip;<\/p>\n","protected":false},"author":102064,"featured_media":0,"parent":498,"menu_order":0,"comment_status":"closed","ping_status":"closed","template":"","meta":{"_acf_changed":false,"footnotes":""},"categories":[24],"tags":[22],"class_list":["post-501","page","type-page","status-publish","hentry","category-szakrendelesek-es-osztalyok","tag-betegellatas"],"acf":[],"_links":{"self":[{"href":"https:\/\/semmelweis.hu\/noiklinika\/wp-json\/wp\/v2\/pages\/501","targetHints":{"allow":["GET"]}}],"collection":[{"href":"https:\/\/semmelweis.hu\/noiklinika\/wp-json\/wp\/v2\/pages"}],"about":[{"href":"https:\/\/semmelweis.hu\/noiklinika\/wp-json\/wp\/v2\/types\/page"}],"author":[{"embeddable":true,"href":"https:\/\/semmelweis.hu\/noiklinika\/wp-json\/wp\/v2\/users\/102064"}],"replies":[{"embeddable":true,"href":"https:\/\/semmelweis.hu\/noiklinika\/wp-json\/wp\/v2\/comments?post=501"}],"version-history":[{"count":10,"href":"https:\/\/semmelweis.hu\/noiklinika\/wp-json\/wp\/v2\/pages\/501\/revisions"}],"predecessor-version":[{"id":1319,"href":"https:\/\/semmelweis.hu\/noiklinika\/wp-json\/wp\/v2\/pages\/501\/revisions\/1319"}],"up":[{"embeddable":true,"href":"https:\/\/semmelweis.hu\/noiklinika\/wp-json\/wp\/v2\/pages\/498"}],"wp:attachment":[{"href":"https:\/\/semmelweis.hu\/noiklinika\/wp-json\/wp\/v2\/media?parent=501"}],"wp:term":[{"taxonomy":"category","embeddable":true,"href":"https:\/\/semmelweis.hu\/noiklinika\/wp-json\/wp\/v2\/categories?post=501"},{"taxonomy":"post_tag","embeddable":true,"href":"https:\/\/semmelweis.hu\/noiklinika\/wp-json\/wp\/v2\/tags?post=501"}],"curies":[{"name":"wp","href":"https:\/\/api.w.org\/{rel}","templated":true}]}}