{"id":352,"date":"2021-10-02T08:06:48","date_gmt":"2021-10-02T06:06:48","guid":{"rendered":"https:\/\/semmelweis.hu\/noiklinika\/?page_id=352"},"modified":"2026-01-09T08:56:50","modified_gmt":"2026-01-09T07:56:50","slug":"genetikai-tanacsado","status":"publish","type":"page","link":"https:\/\/semmelweis.hu\/noiklinika\/baross\/jarobeteg\/genetikai-tanacsado\/","title":{"rendered":"Genetikai tan\u00e1csad\u00f3 &#8211; Baross utca"},"content":{"rendered":"<h1>Genetikai tan\u00e1csad\u00f3<\/h1>\n<div class=\"keretes w-100\">\n<p><strong>Szakrendel\u00e9s helysz\u00edne: Baross utcai r\u00e9szleg <\/strong>(1088 Budapest,<span class=\"LrzXr\"> Baross u. 27.) &#8211; <\/span>F\u00f6ldszint 1-es ajt\u00f3<\/p>\n<p><strong>M\u0171k\u00f6d\u00e9s rendje, id\u0151pont szerint:<\/strong><\/p>\n<ul style=\"list-style-type: square\">\n<li><strong>Genetikai tan\u00e1csad\u00e1s<\/strong><br \/>\nH\u00e9tf\u0151, Kedd, Szerda, Cs\u00fct\u00f6rt\u00f6k: 8.30 \u2013 14.00<\/li>\n<\/ul>\n<p><strong>Rendel\u0151 orvosok neve:<\/strong><br \/>\nDr. Beke Art\u00far \u2013 ambulancia vezet\u0151,<br \/>\nDr. Nagy Gyula Rich\u00e1rd<br \/>\nDr. Csaba \u00c1kos<br \/>\nDr. Gom\u00e1ny Zsuzsanna<br \/>\nDr. T\u00f3th Tam\u00e1s<\/p>\n<p><strong>Beutal\u00f3: <\/strong>beutal\u00f3, el\u0151jegyz\u00e9s sz\u00fcks\u00e9ges,<br \/>\n<strong>El\u0151jegyz\u00e9si id\u0151pont:<\/strong> H\u00e9tf\u0151, Kedd, Cs\u00fct\u00f6rt\u00f6k<br \/>\n<strong>Telefonsz\u00e1m a bejelentkez\u00e9shez: <\/strong>06 1 459 1500 \/ 54250<\/p>\n<\/div>\n","protected":false},"excerpt":{"rendered":"<p>Genetikai tan\u00e1csad\u00f3 Szakrendel\u00e9s helysz\u00edne: Baross utcai r\u00e9szleg (1088 Budapest, Baross u. 27.) &#8211; F\u00f6ldszint 1-es ajt\u00f3 M\u0171k\u00f6d\u00e9s rendje, id\u0151pont szerint: Genetikai tan\u00e1csad\u00e1s H\u00e9tf\u0151, Kedd, Szerda, Cs\u00fct\u00f6rt\u00f6k: 8.30 \u2013 14.00 Rendel\u0151 orvosok neve: Dr. Beke Art\u00far \u2013 ambulancia vezet\u0151, Dr. Nagy Gyula Rich\u00e1rd Dr. Csaba \u00c1kos Dr. Gom\u00e1ny Zsuzsanna Dr. T\u00f3th Tam\u00e1s Beutal\u00f3: beutal\u00f3, el\u0151jegyz\u00e9s sz\u00fcks\u00e9ges, &hellip;<\/p>\n","protected":false},"author":12,"featured_media":0,"parent":99,"menu_order":3,"comment_status":"closed","ping_status":"closed","template":"","meta":{"_acf_changed":false,"footnotes":""},"categories":[24],"tags":[22],"class_list":["post-352","page","type-page","status-publish","hentry","category-szakrendelesek-es-osztalyok","tag-betegellatas"],"acf":[],"_links":{"self":[{"href":"https:\/\/semmelweis.hu\/noiklinika\/wp-json\/wp\/v2\/pages\/352","targetHints":{"allow":["GET"]}}],"collection":[{"href":"https:\/\/semmelweis.hu\/noiklinika\/wp-json\/wp\/v2\/pages"}],"about":[{"href":"https:\/\/semmelweis.hu\/noiklinika\/wp-json\/wp\/v2\/types\/page"}],"author":[{"embeddable":true,"href":"https:\/\/semmelweis.hu\/noiklinika\/wp-json\/wp\/v2\/users\/12"}],"replies":[{"embeddable":true,"href":"https:\/\/semmelweis.hu\/noiklinika\/wp-json\/wp\/v2\/comments?post=352"}],"version-history":[{"count":10,"href":"https:\/\/semmelweis.hu\/noiklinika\/wp-json\/wp\/v2\/pages\/352\/revisions"}],"predecessor-version":[{"id":1367,"href":"https:\/\/semmelweis.hu\/noiklinika\/wp-json\/wp\/v2\/pages\/352\/revisions\/1367"}],"up":[{"embeddable":true,"href":"https:\/\/semmelweis.hu\/noiklinika\/wp-json\/wp\/v2\/pages\/99"}],"wp:attachment":[{"href":"https:\/\/semmelweis.hu\/noiklinika\/wp-json\/wp\/v2\/media?parent=352"}],"wp:term":[{"taxonomy":"category","embeddable":true,"href":"https:\/\/semmelweis.hu\/noiklinika\/wp-json\/wp\/v2\/categories?post=352"},{"taxonomy":"post_tag","embeddable":true,"href":"https:\/\/semmelweis.hu\/noiklinika\/wp-json\/wp\/v2\/tags?post=352"}],"curies":[{"name":"wp","href":"https:\/\/api.w.org\/{rel}","templated":true}]}}